000
CDUS43 KGLD 150741
CLIITR

CLIMATE REPORT
NATIONAL WEATHER SERVICE GOODLAND
1236 AM MST SAT NOV 15 2014

...................................

...THE BURLINGTON CO CLIMATE SUMMARY FOR NOVEMBER 14 2014...

CLIMATE NORMAL PERIOD 1981 TO 2010
CLIMATE RECORD PERIOD 1896 TO 2014


WEATHER ITEM   OBSERVED TIME   RECORD YEAR NORMAL DEPARTURE LAST
                VALUE   (LST)  VALUE       VALUE  FROM      YEAR
                                                  NORMAL
..................................................................
TEMPERATURE (F)
 YESTERDAY
  MAXIMUM         33    245 PM  75    1953  53    -20       56
  MINIMUM          9   1239 AM  -5    1940  25    -16       34
  AVERAGE         21                        39    -18       45

PRECIPITATION (IN)
  YESTERDAY        0.00                      0.02  -0.02     0.00
  MONTH TO DATE    T                         0.39  -0.39     0.19
  SINCE SEP 1      1.76                      2.68  -0.92     6.26
  SINCE JAN 1     11.66                     16.83  -5.17    16.71

..................................................................

THE BURLINGTON CO CLIMATE NORMALS FOR TODAY
                         NORMAL    RECORD    YEAR
 MAXIMUM TEMPERATURE (F)   53        79      1999
 MINIMUM TEMPERATURE (F)   24         6      1955

-  INDICATES NEGATIVE NUMBERS.
R  INDICATES RECORD WAS SET OR TIED.
MM INDICATES DATA IS MISSING.
T  INDICATES TRACE AMOUNT.

$$
