000
CDUS43 KGLD 140757 RRA
CLIITR

WRKCLIITR 000
TTAA00 KGLD 140756

CLIMATE REPORT
NATIONAL WEATHER SERVICE GOODLAND
154 AM MDT THU MAY 14 2015

...................................

...THE BURLINGTON CO CLIMATE SUMMARY FOR MAY 13 2015...

CLIMATE NORMAL PERIOD 1981 TO 2010
CLIMATE RECORD PERIOD 1896 TO 2015


WEATHER ITEM   OBSERVED TIME   RECORD YEAR NORMAL DEPARTURE LAST
                VALUE   (LST)  VALUE       VALUE  FROM      YEAR
                                                  NORMAL
..................................................................
TEMPERATURE (F)
 YESTERDAY
  MAXIMUM         63    857 AM  94    1941  72     -9       55
  MINIMUM         51    458 AM  27    1979  43      8       30
  AVERAGE         57                        58     -1       43

PRECIPITATION (IN)
  YESTERDAY        0.14                      0.07   0.07     0.00
  MONTH TO DATE    2.25                      1.00   1.25     0.29
  SINCE MAR 1      4.93                      3.35   1.58     0.93
  SINCE JAN 1      6.07                      4.15   1.92     1.63

..................................................................

THE BURLINGTON CO CLIMATE NORMALS FOR TODAY
                         NORMAL    RECORD    YEAR
 MAXIMUM TEMPERATURE (F)   72        93      2013
 MINIMUM TEMPERATURE (F)   44        28      2011
                                             1953


-  INDICATES NEGATIVE NUMBERS.
R  INDICATES RECORD WAS SET OR TIED.
MM INDICATES DATA IS MISSING.
T  INDICATES TRACE AMOUNT.


$$
