000
CDUS43 KGLD 050854 RRA
CLIITR

CLIMATE REPORT
NATIONAL WEATHER SERVICE GOODLAND
252 AM MDT TUE JUL 5 2016
...................................

...THE BURLINGTON CO CLIMATE SUMMARY FOR JULY 4 2016...

CLIMATE NORMAL PERIOD 1981 TO 2010
CLIMATE RECORD PERIOD 1896 TO 2016

WEATHER ITEM   OBSERVED TIME   RECORD YEAR NORMAL DEPARTURE LAST
                VALUE   (LST)  VALUE       VALUE  FROM      YEAR
                                                  NORMAL
..................................................................
TEMPERATURE (F)
 YESTERDAY
  MAXIMUM         94    305 PM 104    1996  88      6       94
  MINIMUM         58    441 AM  43    1915  59     -1       60
  AVERAGE         76                        73      3       77

PRECIPITATION (IN)
  YESTERDAY        0.00                      0.11  -0.11     0.00
  MONTH TO DATE    0.30                      0.46  -0.16     0.38
  SINCE JUN 1      4.30                      3.34   0.96     3.29
  SINCE JAN 1     12.54                      9.07   3.47    14.31

..................................................................

THE BURLINGTON CO CLIMATE NORMALS FOR TODAY
                         NORMAL    RECORD    YEAR
 MAXIMUM TEMPERATURE (F)   88       103      1973
                                             1913
 MINIMUM TEMPERATURE (F)   59        46      1969

-  INDICATES NEGATIVE NUMBERS.
R  INDICATES RECORD WAS SET OR TIED.
MM INDICATES DATA IS MISSING.
T  INDICATES TRACE AMOUNT.

$$
