000
CDUS43 KGLD 220050 RRA
CLIITR

WRKCLIITR 000
TTAA00 KGLD 220050

CLIMATE REPORT
NATIONAL WEATHER SERVICE GOODLAND
648 PM MDT SUN JUN 21 2015
...................................

...THE BURLINGTON CO CLIMATE SUMMARY FOR JUNE 21 2015...
VALID TODAY AS OF 0600 PM LOCAL TIME.

CLIMATE NORMAL PERIOD 1981 TO 2010
CLIMATE RECORD PERIOD 1896 TO 2015

WEATHER ITEM   OBSERVED TIME   RECORD YEAR NORMAL DEPARTURE LAST
                VALUE   (LST)  VALUE       VALUE  FROM      YEAR
                                                  NORMAL
..................................................................
TEMPERATURE (F)
 TODAY
  MAXIMUM         93    459 PM 101    1936  85      8       91
  MINIMUM         63    511 AM  45    1926  56      7       59
  AVERAGE         78                        70      8       75

PRECIPITATION (IN)
  TODAY            0.00                      0.10  -0.10     0.16
  MONTH TO DATE    2.71                      2.04   0.67     2.14
  SINCE JUN 1      2.71                      2.04   0.67     2.14
  SINCE JAN 1     13.73                      7.77   5.96     5.06

..................................................................

THE BURLINGTON CO CLIMATE NORMALS FOR TOMORROW
                         NORMAL    RECORD    YEAR
 MAXIMUM TEMPERATURE (F)   85       102      1937
 MINIMUM TEMPERATURE (F)   56        42      1957

-  INDICATES NEGATIVE NUMBERS.
R  INDICATES RECORD WAS SET OR TIED.
MM INDICATES DATA IS MISSING.
T  INDICATES TRACE AMOUNT.

$$
