000
CDUS43 KGLD 030038
CLIITR

CLIMATE REPORT
NATIONAL WEATHER SERVICE GOODLAND
636 PM MDT WED JUL 2 2014

...................................

...THE BURLINGTON CO CLIMATE SUMMARY FOR JULY 2 2014...
VALID TODAY AS OF 0600 PM LOCAL TIME.

CLIMATE NORMAL PERIOD 1981 TO 2010
CLIMATE RECORD PERIOD 1896 TO 2014

WEATHER ITEM   OBSERVED TIME   RECORD YEAR NORMAL DEPARTURE LAST
                VALUE   (LST)  VALUE       VALUE  FROM      YEAR
                                                  NORMAL
..................................................................
TEMPERATURE (F)
 TODAY
  MAXIMUM         78    239 PM 104    1969  87     -9       83
  MINIMUM         56    434 AM  48    1915  59     -3       52
  AVERAGE         67                        73     -6       68

PRECIPITATION (IN)
  TODAY            0.03                      0.11  -0.08      T
  MONTH TO DATE    0.04                      0.23  -0.19     0.01
  SINCE JUN 1      2.40                      3.11  -0.71     2.00
  SINCE JAN 1      5.32                      8.84  -3.52     7.60

..................................................................

THE BURLINGTON CO CLIMATE NORMALS FOR TOMORROW
                         NORMAL    RECORD    YEAR
 MAXIMUM TEMPERATURE (F)   88       104      2003
 MINIMUM TEMPERATURE (F)   59        36      1905

-  INDICATES NEGATIVE NUMBERS.
R  INDICATES RECORD WAS SET OR TIED.
MM INDICATES DATA IS MISSING.
T  INDICATES TRACE AMOUNT.

$$
