000
CDUS43 KGLD 310749
CLIITR

CLIMATE REPORT
NATIONAL WEATHER SERVICE GOODLAND
1246 AM MST SUN JAN 31 2016


...................................

...THE BURLINGTON CO CLIMATE SUMMARY FOR JANUARY 30 2016...

CLIMATE NORMAL PERIOD 1981 TO 2010
CLIMATE RECORD PERIOD 1896 TO 2016


WEATHER ITEM   OBSERVED TIME   RECORD YEAR NORMAL DEPARTURE LAST
                VALUE   (LST)  VALUE       VALUE  FROM      YEAR
                                                  NORMAL
..................................................................
TEMPERATURE (F)
 YESTERDAY
  MAXIMUM         65    138 PM  74    1986  43     22       47
  MINIMUM         32   1146 PM -15    1979  17     15       30
  AVERAGE         49                        30     19       39

PRECIPITATION (IN)
  YESTERDAY        0.00                      0.02  -0.02     0.00
  MONTH TO DATE    0.01                      0.36  -0.35     0.25
  SINCE DEC 1      0.27                      0.79  -0.52     2.72
  SINCE JAN 1      0.01                      0.36  -0.35     0.25

..................................................................


THE BURLINGTON CO CLIMATE NORMALS FOR TODAY
                         NORMAL    RECORD    YEAR
 MAXIMUM TEMPERATURE (F)   43        76      1989
 MINIMUM TEMPERATURE (F)   17       -17      1918



-  INDICATES NEGATIVE NUMBERS.
R  INDICATES RECORD WAS SET OR TIED.
MM INDICATES DATA IS MISSING.
T  INDICATES TRACE AMOUNT.

$$
