000
CDUS43 KGLD 150751
CLIITR

CLIMATE REPORT
NATIONAL WEATHER SERVICE GOODLAND
151 AM MDT WED MAR 15 2017


...................................

...THE BURLINGTON CO CLIMATE SUMMARY FOR MARCH 14 2017...

CLIMATE NORMAL PERIOD 1981 TO 2010
CLIMATE RECORD PERIOD 1896 TO 2017


WEATHER ITEM   OBSERVED TIME   RECORD YEAR NORMAL DEPARTURE LAST
                VALUE   (LST)  VALUE       VALUE  FROM      YEAR
                                                  NORMAL
..................................................................
TEMPERATURE (F)
 YESTERDAY
  MAXIMUM         64    244 PM  81    2003  54     10       77
  MINIMUM         23    457 AM  -3    1925  25     -2       33
  AVERAGE         44                        39      5       55

PRECIPITATION (IN)
  YESTERDAY        0.00                      0.03  -0.03     0.00
  MONTH TO DATE    0.00                      0.37  -0.37     0.06
  SINCE MAR 1      0.00                      0.37  -0.37     0.06
  SINCE JAN 1      0.56                      1.17  -0.61     0.87

..................................................................

THE BURLINGTON CO CLIMATE NORMALS FOR TODAY
                         NORMAL    RECORD    YEAR
 MAXIMUM TEMPERATURE (F)   54        82      2003
 MINIMUM TEMPERATURE (F)   25         2      1906



-  INDICATES NEGATIVE NUMBERS.
R  INDICATES RECORD WAS SET OR TIED.
MM INDICATES DATA IS MISSING.
T  INDICATES TRACE AMOUNT.




$$
