579
CDUS43 KGLD 300748
CLIITR

CLIMATE REPORT
NATIONAL WEATHER SERVICE GOODLAND
144 AM MDT THU APR 30 2015

...................................

...THE BURLINGTON CO CLIMATE SUMMARY FOR APRIL 29 2015...

CLIMATE NORMAL PERIOD 1981 TO 2010
CLIMATE RECORD PERIOD 1896 TO 2015


WEATHER ITEM   OBSERVED TIME   RECORD YEAR NORMAL DEPARTURE LAST
                VALUE   (LST)  VALUE       VALUE  FROM      YEAR
                                                  NORMAL
..................................................................
TEMPERATURE (F)
 YESTERDAY
  MAXIMUM         73    347 PM  91    1934  66      7       48
  MINIMUM         36    447 AM  22    1907  38     -2       33
  AVERAGE         55                        52      3       41

PRECIPITATION (IN)
  YESTERDAY        0.00                      0.07  -0.07      T
  MONTH TO DATE    2.36                      1.40   0.96     0.43
  SINCE MAR 1      2.68                      2.29   0.39     0.64
  SINCE JAN 1      3.82                      3.09   0.73     1.34

..................................................................


THE BURLINGTON CO CLIMATE NORMALS FOR TODAY
                         NORMAL    RECORD    YEAR
 MAXIMUM TEMPERATURE (F)   67        87      2008
 MINIMUM TEMPERATURE (F)   38        13      1907


-  INDICATES NEGATIVE NUMBERS.
R  INDICATES RECORD WAS SET OR TIED.
MM INDICATES DATA IS MISSING.
T  INDICATES TRACE AMOUNT.

$$
