000
CDUS43 KGLD 010040 RRA
CLIITR

CLIMATE REPORT
NATIONAL WEATHER SERVICE GOODLAND
636 PM MDT MON JUL 31 2017

...................................

...THE BURLINGTON CO CLIMATE SUMMARY FOR JULY 31 2017...
VALID TODAY AS OF 0600 PM LOCAL TIME.

CLIMATE NORMAL PERIOD 1981 TO 2010
CLIMATE RECORD PERIOD 1896 TO 2017

WEATHER ITEM   OBSERVED TIME   RECORD YEAR NORMAL DEPARTURE LAST
                VALUE   (LST)  VALUE       VALUE  FROM      YEAR
                                                  NORMAL
..................................................................
TEMPERATURE (F)
 TODAY
  MAXIMUM         85    416 PM 102    2002  88     -3       98
  MINIMUM         64    540 AM  44    1925  61      3       62
  AVERAGE         75                        75      0       80

PRECIPITATION (IN)
  TODAY            0.00                      0.08  -0.08     0.00
  MONTH TO DATE    4.05                      3.13   0.92     2.16
  SINCE JUN 1      8.29                      6.01   2.28     6.16
  SINCE JAN 1     19.63                     11.74   7.89    14.40

..................................................................

THE BURLINGTON CO CLIMATE NORMALS FOR TOMORROW
                         NORMAL    RECORD    YEAR
 MAXIMUM TEMPERATURE (F)   88       106      1938
 MINIMUM TEMPERATURE (F)   61        52      2009

-  INDICATES NEGATIVE NUMBERS.
R  INDICATES RECORD WAS SET OR TIED.
MM INDICATES DATA IS MISSING.
T  INDICATES TRACE AMOUNT.

$$
