000
CDUS43 KGLD 030855 RRA
CLIITR

CLIMATE REPORT
NATIONAL WEATHER SERVICE GOODLAND
252 AM MDT SUN JUL 3 2016
...................................

...THE BURLINGTON CO CLIMATE SUMMARY FOR JULY 2 2016...

CLIMATE NORMAL PERIOD 1981 TO 2010
CLIMATE RECORD PERIOD 1896 TO 2016


WEATHER ITEM   OBSERVED TIME   RECORD YEAR NORMAL DEPARTURE LAST
                VALUE   (LST)  VALUE       VALUE  FROM      YEAR
                                                  NORMAL
..................................................................
TEMPERATURE (F)
 YESTERDAY
  MAXIMUM         77    325 PM 104    1969  87    -10       86
  MINIMUM         63    515 AM  48    1915  59      4       60
  AVERAGE         70                        73     -3       73

PRECIPITATION (IN)
  YESTERDAY        T                         0.11  -0.11     0.14
  MONTH TO DATE    0.30                      0.23   0.07     0.18
  SINCE JUN 1      4.30                      3.11   1.19     3.09
  SINCE JAN 1     12.54                      8.84   3.70    14.11

..................................................................

THE BURLINGTON CO CLIMATE NORMALS FOR TODAY
                         NORMAL    RECORD    YEAR
 MAXIMUM TEMPERATURE (F)   88       104      2003
 MINIMUM TEMPERATURE (F)   59        36      1905

-  INDICATES NEGATIVE NUMBERS.
R  INDICATES RECORD WAS SET OR TIED.
MM INDICATES DATA IS MISSING.
T  INDICATES TRACE AMOUNT.

$$
