000
CDUS43 KGLD 170739
CLIITR

CLIMATE REPORT
NATIONAL WEATHER SERVICE GOODLAND
136 AM MDT FRI JUL 17 2015

...................................

...THE BURLINGTON CO CLIMATE SUMMARY FOR JULY 16 2015...

CLIMATE NORMAL PERIOD 1981 TO 2010
CLIMATE RECORD PERIOD 1896 TO 2015


WEATHER ITEM   OBSERVED TIME   RECORD YEAR NORMAL DEPARTURE LAST
                VALUE   (LST)  VALUE       VALUE  FROM      YEAR
                                                  NORMAL
..................................................................
TEMPERATURE (F)
 YESTERDAY
  MAXIMUM         93    401 PM 105    1977  89      4       69
  MINIMUM         60    505 AM  52    1920  61     -1       55
  AVERAGE         77                        75      2       62

PRECIPITATION (IN)
  YESTERDAY        0.00                      0.11  -0.11     0.02
  MONTH TO DATE    0.83                      1.82  -0.99     2.11
  SINCE JUN 1      3.74                      4.70  -0.96     4.47
  SINCE JAN 1     14.76                     10.43   4.33     7.39

..................................................................


THE BURLINGTON CO CLIMATE NORMALS FOR TODAY
                         NORMAL    RECORD    YEAR
 MAXIMUM TEMPERATURE (F)   89       106      1963
 MINIMUM TEMPERATURE (F)   61        46      1956


-  INDICATES NEGATIVE NUMBERS.
R  INDICATES RECORD WAS SET OR TIED.
MM INDICATES DATA IS MISSING.
T  INDICATES TRACE AMOUNT.


$$
