857
CDUS43 KGLD 150747 RRA
CLIITR

CLIMATE REPORT
NATIONAL WEATHER SERVICE GOODLAND
1244 AM MST WED FEB 15 2017


...................................

...THE BURLINGTON CO CLIMATE SUMMARY FOR FEBRUARY 14 2017...

CLIMATE NORMAL PERIOD 1981 TO 2010
CLIMATE RECORD PERIOD 1896 TO 2017


WEATHER ITEM   OBSERVED TIME   RECORD YEAR NORMAL DEPARTURE LAST
                VALUE   (LST)  VALUE       VALUE  FROM      YEAR
                                                  NORMAL
..................................................................
TEMPERATURE (F)
 YESTERDAY
  MAXIMUM         52    201 PM  74    1924  44      8       46
  MINIMUM         23   1032 PM  -8    2007  18      5       24
  AVERAGE         38                        31      7       35

PRECIPITATION (IN)
  YESTERDAY        0.00                      0.01  -0.01     0.01
  MONTH TO DATE    T                         0.17  -0.17     0.80
  SINCE DEC 1      0.90                      0.98  -0.08     1.07
  SINCE JAN 1      0.56                      0.55   0.01     0.81

..................................................................


THE BURLINGTON CO CLIMATE NORMALS FOR TODAY
                         NORMAL    RECORD    YEAR
 MAXIMUM TEMPERATURE (F)   44        74      1999
 MINIMUM TEMPERATURE (F)   18       -11      2007



-  INDICATES NEGATIVE NUMBERS.
R  INDICATES RECORD WAS SET OR TIED.
MM INDICATES DATA IS MISSING.
T  INDICATES TRACE AMOUNT.

$$
