000
CDUS43 KGLD 310037 RRA
CLIITR

CLIMATE REPORT
NATIONAL WEATHER SERVICE GOODLAND
635 PM MDT MON OCT 30 2017

...................................

...THE BURLINGTON CO CLIMATE SUMMARY FOR OCTOBER 30 2017...
VALID TODAY AS OF 0600 PM LOCAL TIME.

CLIMATE NORMAL PERIOD 1981 TO 2010
CLIMATE RECORD PERIOD 1896 TO 2017

WEATHER ITEM   OBSERVED TIME   RECORD YEAR NORMAL DEPARTURE LAST
                VALUE   (LST)  VALUE       VALUE  FROM      YEAR
                                                  NORMAL
..................................................................
TEMPERATURE (F)
 TODAY
  MAXIMUM         42    307 PM  89    1950  60    -18       74
  MINIMUM         34    459 PM   8    1993  31      3       44
  AVERAGE         38                        46     -8       59

PRECIPITATION (IN)
  TODAY            T                         0.02  -0.02     0.00
  MONTH TO DATE    0.51                      1.12  -0.61     0.03
  SINCE SEP 1      1.75                      2.26  -0.51     3.78
  SINCE JAN 1     25.05                     16.41   8.64    18.71

..................................................................

THE BURLINGTON CO CLIMATE NORMALS FOR TOMORROW
                         NORMAL    RECORD    YEAR
 MAXIMUM TEMPERATURE (F)   60        87      2016
 MINIMUM TEMPERATURE (F)   31        10      1993

-  INDICATES NEGATIVE NUMBERS.
R  INDICATES RECORD WAS SET OR TIED.
MM INDICATES DATA IS MISSING.
T  INDICATES TRACE AMOUNT.

$$
