000
CDUS43 KGLD 190750
CLIITR

CLIMATE REPORT
NATIONAL WEATHER SERVICE GOODLAND
147 AM MDT TUE AUG 19 2014


...................................

...THE BURLINGTON CO CLIMATE SUMMARY FOR AUGUST 18 2014...

CLIMATE NORMAL PERIOD 1981 TO 2010
CLIMATE RECORD PERIOD 1896 TO 2014


WEATHER ITEM   OBSERVED TIME   RECORD YEAR NORMAL DEPARTURE LAST
                VALUE   (LST)  VALUE       VALUE  FROM      YEAR
                                                  NORMAL
..................................................................
TEMPERATURE (F)
 YESTERDAY
  MAXIMUM         97   1252 PM 100    2011  86     11       82
                                      1983
  MINIMUM         59    300 AM  47    1960  58      1       63
  AVERAGE         78                        72      6       73

PRECIPITATION (IN)
  YESTERDAY        0.02                      0.08  -0.06     0.00
  MONTH TO DATE    1.01                      1.45  -0.44     1.86
  SINCE JUN 1      6.05                      7.46  -1.41     4.79
  SINCE JAN 1      8.97                     13.19  -4.22    10.39

..................................................................


THE BURLINGTON CO CLIMATE NORMALS FOR TODAY
                         NORMAL    RECORD    YEAR
 MAXIMUM TEMPERATURE (F)   86        99      1994
 MINIMUM TEMPERATURE (F)   58        42      1956



-  INDICATES NEGATIVE NUMBERS.
R  INDICATES RECORD WAS SET OR TIED.
MM INDICATES DATA IS MISSING.
T  INDICATES TRACE AMOUNT.

$$
