000
CDUS43 KGLD 010755
CLIITR

CLIMATE REPORT
NATIONAL WEATHER SERVICE GOODLAND
148 AM MDT FRI SEP 1 2017


...................................

...THE BURLINGTON CO CLIMATE SUMMARY FOR AUGUST 31 2017...

CLIMATE NORMAL PERIOD 1981 TO 2010
CLIMATE RECORD PERIOD 1896 TO 2017


WEATHER ITEM   OBSERVED TIME   RECORD YEAR NORMAL DEPARTURE LAST
                VALUE   (LST)  VALUE       VALUE  FROM      YEAR
                                                  NORMAL
..................................................................
TEMPERATURE (F)
 YESTERDAY
  MAXIMUM         86    210 PM  99    1985  83      3       77
  MINIMUM         53    346 AM  41    1956  54     -1       54
  AVERAGE         70                        69      1       66

PRECIPITATION (IN)
  YESTERDAY        0.00                      0.07  -0.07     0.09
  MONTH TO DATE    3.67                      2.41   1.26     0.53
  SINCE JUN 1     11.96                      8.42   3.54     6.69
  SINCE JAN 1     23.30                     14.15   9.15    14.93

..................................................................


THE BURLINGTON CO CLIMATE NORMALS FOR TODAY
                         NORMAL    RECORD    YEAR
 MAXIMUM TEMPERATURE (F)   83       100      1960
 MINIMUM TEMPERATURE (F)   54        37      1956


-  INDICATES NEGATIVE NUMBERS.
R  INDICATES RECORD WAS SET OR TIED.
MM INDICATES DATA IS MISSING.
T  INDICATES TRACE AMOUNT.

$$
