000
CDUS43 KGLD 120043
CLIITR

CLIMATE REPORT
NATIONAL WEATHER SERVICE GOODLAND
640 PM MDT MON AUG 11 2014


...................................

...THE BURLINGTON CO CLIMATE SUMMARY FOR AUGUST 11 2014...
VALID TODAY AS OF 0600 PM LOCAL TIME.

CLIMATE NORMAL PERIOD 1981 TO 2010
CLIMATE RECORD PERIOD 1896 TO 2014


WEATHER ITEM   OBSERVED TIME   RECORD YEAR NORMAL DEPARTURE LAST
                VALUE   (LST)  VALUE       VALUE  FROM      YEAR
                                                  NORMAL
..................................................................
TEMPERATURE (F)
 TODAY
  MAXIMUM         84    343 PM 102    1936  87     -3       86
  MINIMUM         55    526 AM  46    1960  60     -5       60
  AVERAGE         70                        73     -3       73

PRECIPITATION (IN)
  TODAY            0.00                      0.09  -0.09     0.66
  MONTH TO DATE    0.65                      0.87  -0.22     0.95
  SINCE JUN 1      5.69                      6.88  -1.19     3.88
  SINCE JAN 1      8.61                     12.61  -4.00     9.48

..................................................................


THE BURLINGTON CO CLIMATE NORMALS FOR TOMORROW
                         NORMAL    RECORD    YEAR
 MAXIMUM TEMPERATURE (F)   87       102      1969
 MINIMUM TEMPERATURE (F)   59        48      1960



-  INDICATES NEGATIVE NUMBERS.
R  INDICATES RECORD WAS SET OR TIED.
MM INDICATES DATA IS MISSING.
T  INDICATES TRACE AMOUNT.

$$
