000
CDUS43 KGLD 170741
CLIITR

CLIMATE REPORT
NATIONAL WEATHER SERVICE GOODLAND
138 AM MDT THU JUL 17 2014

...................................

...THE BURLINGTON CO CLIMATE SUMMARY FOR JULY 16 2014...

CLIMATE NORMAL PERIOD 1981 TO 2010
CLIMATE RECORD PERIOD 1896 TO 2014

WEATHER ITEM   OBSERVED TIME   RECORD YEAR NORMAL DEPARTURE LAST
                VALUE   (LST)  VALUE       VALUE  FROM      YEAR
                                                  NORMAL
..................................................................
TEMPERATURE (F)
 YESTERDAY
  MAXIMUM         69   1238 PM 105    1977  89    -20       80
  MINIMUM         55   1159 PM  52    1920  61     -6       58
  AVERAGE         62                        75    -13       69

PRECIPITATION (IN)
  YESTERDAY        0.02                      0.11  -0.09     0.00
  MONTH TO DATE    2.11                      1.82   0.29     0.56
  SINCE JUN 1      4.47                      4.70  -0.23     2.55
  SINCE JAN 1      7.39                     10.43  -3.04     8.15

..................................................................

THE BURLINGTON CO CLIMATE NORMALS FOR TODAY
                         NORMAL    RECORD    YEAR
 MAXIMUM TEMPERATURE (F)   89       106      1963
 MINIMUM TEMPERATURE (F)   61        46      1956

-  INDICATES NEGATIVE NUMBERS.
R  INDICATES RECORD WAS SET OR TIED.
MM INDICATES DATA IS MISSING.
T  INDICATES TRACE AMOUNT.

$$
