000
CDUS43 KGLD 100824
CLIITR

CLIMATE REPORT
NATIONAL WEATHER SERVICE GOODLAND
221 AM MDT SAT SEP 10 2016

...................................

...THE BURLINGTON CO CLIMATE SUMMARY FOR SEPTEMBER 9 2016...

CLIMATE NORMAL PERIOD 1981 TO 2010
CLIMATE RECORD PERIOD 1896 TO 2016

WEATHER ITEM   OBSERVED TIME   RECORD YEAR NORMAL DEPARTURE LAST
                VALUE   (LST)  VALUE       VALUE  FROM      YEAR
                                                  NORMAL
..................................................................
TEMPERATURE (F)
 YESTERDAY
  MAXIMUM         78    207 PM  97    1983  81     -3       90
  MINIMUM         45   1159 PM  32    1941  51     -6       59
  AVERAGE         62                        66     -4       75

PRECIPITATION (IN)
  YESTERDAY        0.00                      0.04  -0.04     0.00
  MONTH TO DATE    2.84                      0.40   2.44     0.07
  SINCE SEP 1      2.84                      0.40   2.44     0.07
  SINCE JAN 1     17.77                     14.55   3.22    19.53

..................................................................

THE BURLINGTON CO CLIMATE NORMALS FOR TODAY
                         NORMAL    RECORD    YEAR
 MAXIMUM TEMPERATURE (F)   81        97      1974
 MINIMUM TEMPERATURE (F)   51        39      1959

-  INDICATES NEGATIVE NUMBERS.
R  INDICATES RECORD WAS SET OR TIED.
MM INDICATES DATA IS MISSING.
T  INDICATES TRACE AMOUNT.

$$
