751
CDUS43 KGLD 110750
CLIITR

CLIMATE REPORT
NATIONAL WEATHER SERVICE GOODLAND
1247 AM MST SAT MAR 11 2017

...................................

...THE BURLINGTON CO CLIMATE SUMMARY FOR MARCH 10 2017...

CLIMATE NORMAL PERIOD 1981 TO 2010
CLIMATE RECORD PERIOD 1896 TO 2017


WEATHER ITEM   OBSERVED TIME   RECORD YEAR NORMAL DEPARTURE LAST
                VALUE   (LST)  VALUE       VALUE  FROM      YEAR
                                                  NORMAL
..................................................................
TEMPERATURE (F)
 YESTERDAY
  MAXIMUM         41    505 PM  83    1989  52    -11       65
  MINIMUM         20    346 AM -11    1932  24     -4       25
  AVERAGE         31                        38     -7       45

PRECIPITATION (IN)
  YESTERDAY        0.00                      0.03  -0.03     0.00
  MONTH TO DATE    0.00                      0.25  -0.25     0.06
  SINCE MAR 1      0.00                      0.25  -0.25     0.06
  SINCE JAN 1      0.56                      1.05  -0.49     0.87

..................................................................

THE BURLINGTON CO CLIMATE NORMALS FOR TODAY
                         NORMAL    RECORD    YEAR
 MAXIMUM TEMPERATURE (F)   53        83      1972
 MINIMUM TEMPERATURE (F)   24       -15      1948



-  INDICATES NEGATIVE NUMBERS.
R  INDICATES RECORD WAS SET OR TIED.
MM INDICATES DATA IS MISSING.
T  INDICATES TRACE AMOUNT.




$$
