000
CDUS43 KGLD 040748 RRA
CLIITR

CLIMATE REPORT
NATIONAL WEATHER SERVICE GOODLAND
144 AM MDT TUE APR 4 2017


...................................

...THE BURLINGTON CO CLIMATE SUMMARY FOR APRIL 3 2017...

CLIMATE NORMAL PERIOD 1981 TO 2010
CLIMATE RECORD PERIOD 1896 TO 2017


WEATHER ITEM   OBSERVED TIME   RECORD YEAR NORMAL DEPARTURE LAST
                VALUE   (LST)  VALUE       VALUE  FROM      YEAR
                                                  NORMAL
..................................................................
TEMPERATURE (F)
 YESTERDAY
  MAXIMUM         60    258 PM  92    1921  59      1       74
  MINIMUM         37   1142 PM   5    1975  30      7       30
  AVERAGE         49                        45      4       52

PRECIPITATION (IN)
  YESTERDAY        T                         0.02  -0.02     0.00
  MONTH TO DATE    0.34                      0.07   0.27     0.00
  SINCE MAR 1      3.27                      0.96   2.31     1.07
  SINCE JAN 1      3.83                      1.76   2.07     1.88

..................................................................


THE BURLINGTON CO CLIMATE NORMALS FOR TODAY
                         NORMAL    RECORD    YEAR
 MAXIMUM TEMPERATURE (F)   60        86      1967
 MINIMUM TEMPERATURE (F)   30         2      1920


-  INDICATES NEGATIVE NUMBERS.
R  INDICATES RECORD WAS SET OR TIED.
MM INDICATES DATA IS MISSING.
T  INDICATES TRACE AMOUNT.

$$
