394
CDUS43 KGLD 190754 RRA
CLIITR

CLIMATE REPORT
NATIONAL WEATHER SERVICE GOODLAND
150 AM MDT TUE APR 19 2016


...................................

...THE BURLINGTON CO CLIMATE SUMMARY FOR APRIL 18 2016...

CLIMATE NORMAL PERIOD 1981 TO 2010
CLIMATE RECORD PERIOD 1896 TO 2016


WEATHER ITEM   OBSERVED TIME   RECORD YEAR NORMAL DEPARTURE LAST
                VALUE   (LST)  VALUE       VALUE  FROM      YEAR
                                                  NORMAL
..................................................................
TEMPERATURE (F)
 YESTERDAY
  MAXIMUM         53    118 PM  88    2004  63    -10       58
                                      1948
  MINIMUM         32   1129 PM  13    1944  34     -2       42
  AVERAGE         43                        48     -5       50

PRECIPITATION (IN)
  YESTERDAY        0.00                      0.05  -0.05     0.03
  MONTH TO DATE    2.63                      0.69   1.94     1.58
  SINCE MAR 1      3.70                      1.58   2.12     1.90
  SINCE JAN 1      4.51                      2.38   2.13     3.04

..................................................................







THE BURLINGTON CO CLIMATE NORMALS FOR TODAY
                         NORMAL    RECORD    YEAR
 MAXIMUM TEMPERATURE (F)   63        89      2001
                                             1948
 MINIMUM TEMPERATURE (F)   34        17      1966



-  INDICATES NEGATIVE NUMBERS.
R  INDICATES RECORD WAS SET OR TIED.
MM INDICATES DATA IS MISSING.
T  INDICATES TRACE AMOUNT.




$$
