092
CDUS43 KGLD 120050
CLIITR

CLIMATE REPORT
NATIONAL WEATHER SERVICE GOODLAND
636 PM MDT MON JUL 11 2016
...................................

...THE BURLINGTON CO CLIMATE SUMMARY FOR JULY 11 2016...
VALID TODAY AS OF 0600 PM LOCAL TIME.

CLIMATE NORMAL PERIOD 1981 TO 2010
CLIMATE RECORD PERIOD 1896 TO 2016

WEATHER ITEM   OBSERVED TIME   RECORD YEAR NORMAL DEPARTURE LAST
                VALUE   (LST)  VALUE       VALUE  FROM      YEAR
                                                  NORMAL
..................................................................
TEMPERATURE (F)
 TODAY
  MAXIMUM         88    423 PM 105    1954  89     -1       93
  MINIMUM         60    447 AM  49    1999  60      0       58
  AVERAGE         74                        74      0       76

PRECIPITATION (IN)
  TODAY            0.00                      0.12  -0.12      T
  MONTH TO DATE    0.63                      1.27  -0.64     0.51
  SINCE JUN 1      4.63                      4.15   0.48     3.42
  SINCE JAN 1     12.87                      9.88   2.99    14.44

..................................................................

THE BURLINGTON CO CLIMATE NORMALS FOR TOMORROW
                         NORMAL    RECORD    YEAR
 MAXIMUM TEMPERATURE (F)   89       106      1954
                                             1913
 MINIMUM TEMPERATURE (F)   60        48      1990
                                             1922

-  INDICATES NEGATIVE NUMBERS.
R  INDICATES RECORD WAS SET OR TIED.
MM INDICATES DATA IS MISSING.
T  INDICATES TRACE AMOUNT.

$$
