000
CDUS43 KGLD 280745
CLIITR

CLIMATE REPORT
NATIONAL WEATHER SERVICE GOODLAND
1239 AM MST SAT JAN 28 2017


...................................

...THE BURLINGTON CO CLIMATE SUMMARY FOR JANUARY 27 2017...

CLIMATE NORMAL PERIOD 1981 TO 2010
CLIMATE RECORD PERIOD 1896 TO 2017


WEATHER ITEM   OBSERVED TIME   RECORD YEAR NORMAL DEPARTURE LAST
                VALUE   (LST)  VALUE       VALUE  FROM      YEAR
                                                  NORMAL
..................................................................
TEMPERATURE (F)
 YESTERDAY
  MAXIMUM         41    228 PM  79    1951  42     -1       57
  MINIMUM         15    708 AM -10    1916  17     -2       14
  AVERAGE         28                        30     -2       36

PRECIPITATION (IN)
  YESTERDAY        T                         0.02  -0.02     0.00
  MONTH TO DATE    0.56                      0.29   0.27     0.01
  SINCE DEC 1      0.90                      0.72   0.18     0.27
  SINCE JAN 1      0.56                      0.29   0.27     0.01

..................................................................


THE BURLINGTON CO CLIMATE NORMALS FOR TODAY
                         NORMAL    RECORD    YEAR
 MAXIMUM TEMPERATURE (F)   42        70      2003
 MINIMUM TEMPERATURE (F)   17       -11      1948


-  INDICATES NEGATIVE NUMBERS.
R  INDICATES RECORD WAS SET OR TIED.
MM INDICATES DATA IS MISSING.
T  INDICATES TRACE AMOUNT.

$$
