000
CDUS43 KGLD 100801
CLIITR

CLIMATE REPORT
NATIONAL WEATHER SERVICE GOODLAND
1258 AM MST TUE JAN 10 2017

...................................

...THE BURLINGTON CO CLIMATE SUMMARY FOR JANUARY 9 2017...

CLIMATE NORMAL PERIOD 1981 TO 2010
CLIMATE RECORD PERIOD 1896 TO 2017


WEATHER ITEM   OBSERVED TIME   RECORD YEAR NORMAL DEPARTURE LAST
                VALUE   (LST)  VALUE       VALUE  FROM      YEAR
                                                  NORMAL
..................................................................
TEMPERATURE (F)
 YESTERDAY
  MAXIMUM         62    157 PM  74    2002  42     20       30
  MINIMUM         31    301 AM -10    1937  17     14        8
  AVERAGE         47                        29     18       19

PRECIPITATION (IN)
  YESTERDAY        0.00                      0.01  -0.01      T
  MONTH TO DATE    0.03                      0.09  -0.06     0.01
  SINCE DEC 1      0.37                      0.52  -0.15     0.27
  SINCE JAN 1      0.03                      0.09  -0.06     0.01

..................................................................


THE BURLINGTON CO CLIMATE NORMALS FOR TODAY
                         NORMAL    RECORD    YEAR
 MAXIMUM TEMPERATURE (F)   42        72      1990
 MINIMUM TEMPERATURE (F)   17       -14      1962



-  INDICATES NEGATIVE NUMBERS.
R  INDICATES RECORD WAS SET OR TIED.
MM INDICATES DATA IS MISSING.
T  INDICATES TRACE AMOUNT.

$$
