000
CDUS43 KGLD 140842
CLIITR

CLIMATE REPORT
NATIONAL WEATHER SERVICE GOODLAND
240 AM MDT THU SEP 14 2017

...................................

...THE BURLINGTON CO CLIMATE SUMMARY FOR SEPTEMBER 13 2017...

CLIMATE NORMAL PERIOD 1981 TO 2010
CLIMATE RECORD PERIOD 1896 TO 2017

WEATHER ITEM   OBSERVED TIME   RECORD YEAR NORMAL DEPARTURE LAST
                VALUE   (LST)  VALUE       VALUE  FROM      YEAR
                                                  NORMAL
..................................................................
TEMPERATURE (F)
 YESTERDAY
  MAXIMUM         94   1259 PM  98    1955  80     14       63
  MINIMUM         55    455 AM  33    1945  49      6       50
  AVERAGE         75                        64     11       57

PRECIPITATION (IN)
  YESTERDAY        0.02                      0.03  -0.01     0.00
  MONTH TO DATE    0.02                      0.56  -0.54     2.84
  SINCE SEP 1      0.02                      0.56  -0.54     2.84
  SINCE JAN 1     23.32                     14.71   8.61    17.77

..................................................................

THE BURLINGTON CO CLIMATE NORMALS FOR TODAY
                         NORMAL    RECORD    YEAR
 MAXIMUM TEMPERATURE (F)   79        98      1955
 MINIMUM TEMPERATURE (F)   49        32      1993

-  INDICATES NEGATIVE NUMBERS.
R  INDICATES RECORD WAS SET OR TIED.
MM INDICATES DATA IS MISSING.
T  INDICATES TRACE AMOUNT.

$$
