000
CDUS43 KGLD 260740 RRA
CLIITR

CLIMATE REPORT
NATIONAL WEATHER SERVICE GOODLAND
1238 AM MST FRI JAN 26 2018

...................................

...THE BURLINGTON CO CLIMATE SUMMARY FOR JANUARY 25 2018...

CLIMATE NORMAL PERIOD 1981 TO 2010
CLIMATE RECORD PERIOD 1896 TO 2018


WEATHER ITEM   OBSERVED TIME   RECORD YEAR NORMAL DEPARTURE LAST
                VALUE   (LST)  VALUE       VALUE  FROM      YEAR
                                                  NORMAL
..................................................................
TEMPERATURE (F)
 YESTERDAY
  MAXIMUM         52    311 PM  73    2005  42     10       32
  MINIMUM         24    439 AM -10    1957  17      7       16
  AVERAGE         38                        30      8       24

PRECIPITATION (IN)
  YESTERDAY        0.00                      0.02  -0.02     0.00
  MONTH TO DATE    0.15                      0.25  -0.10     0.56
  SINCE DEC 1      0.32                      0.68  -0.36     0.90
  SINCE JAN 1      0.15                      0.25  -0.10     0.56

..................................................................

THE BURLINGTON CO CLIMATE NORMALS FOR TODAY
                         NORMAL    RECORD    YEAR
 MAXIMUM TEMPERATURE (F)   42        72      2002
 MINIMUM TEMPERATURE (F)   17        -9      1963



-  INDICATES NEGATIVE NUMBERS.
R  INDICATES RECORD WAS SET OR TIED.
MM INDICATES DATA IS MISSING.
T  INDICATES TRACE AMOUNT.

$$
