000
CDUS43 KGLD 050859 RRA
CLIITR

CLIMATE REPORT
NATIONAL WEATHER SERVICE GOODLAND
257 AM MDT MON SEP 5 2016
...................................

...THE BURLINGTON CO CLIMATE SUMMARY FOR SEPTEMBER 4 2016...

CLIMATE NORMAL PERIOD 1981 TO 2010
CLIMATE RECORD PERIOD 1896 TO 2016

WEATHER ITEM   OBSERVED TIME   RECORD YEAR NORMAL DEPARTURE LAST
                VALUE   (LST)  VALUE       VALUE  FROM      YEAR
                                                  NORMAL
..................................................................
TEMPERATURE (F)
 YESTERDAY
  MAXIMUM         88    105 PM  99    1960  82      6       93
  MINIMUM         61    110 AM  38    2008  53      8       58
                                      1961
  AVERAGE         75                        68      7       76

PRECIPITATION (IN)
  YESTERDAY        0.04                      0.04   0.00     0.00
  MONTH TO DATE    2.84                      0.18   2.66     0.00
  SINCE SEP 1      2.84                      0.18   2.66     0.00
  SINCE JAN 1     17.77                     14.33   3.44    19.46

..................................................................

THE BURLINGTON CO CLIMATE NORMALS FOR TODAY
                         NORMAL    RECORD    YEAR
 MAXIMUM TEMPERATURE (F)   82       100      1959
 MINIMUM TEMPERATURE (F)   52        38      1956

-  INDICATES NEGATIVE NUMBERS.
R  INDICATES RECORD WAS SET OR TIED.
MM INDICATES DATA IS MISSING.
T  INDICATES TRACE AMOUNT.

$$
