178
CDUS43 KGLD 120749
CLIITR

CLIMATE REPORT
NATIONAL WEATHER SERVICE GOODLAND
147 AM MDT MON JUN 12 2017

...................................

...THE BURLINGTON CO CLIMATE SUMMARY FOR JUNE 11 2017...

CLIMATE NORMAL PERIOD 1981 TO 2010
CLIMATE RECORD PERIOD 1896 TO 2017


WEATHER ITEM   OBSERVED TIME   RECORD YEAR NORMAL DEPARTURE LAST
                VALUE   (LST)  VALUE       VALUE  FROM      YEAR
                                                  NORMAL
..................................................................
TEMPERATURE (F)
 YESTERDAY
  MAXIMUM         85    436 PM 107    2013  82      3       96
  MINIMUM         59    407 AM  39    1940  53      6       57
  AVERAGE         72                        67      5       77

PRECIPITATION (IN)
  YESTERDAY        0.00                      0.10  -0.10     0.00
  MONTH TO DATE    2.95                      1.07   1.88     0.19
  SINCE JUN 1      2.95                      1.07   1.88     0.19
  SINCE JAN 1     14.29                      6.80   7.49     8.43

..................................................................


THE BURLINGTON CO CLIMATE NORMALS FOR TODAY
                         NORMAL    RECORD    YEAR
 MAXIMUM TEMPERATURE (F)   82       100      1952
 MINIMUM TEMPERATURE (F)   53        38      1947


-  INDICATES NEGATIVE NUMBERS.
R  INDICATES RECORD WAS SET OR TIED.
MM INDICATES DATA IS MISSING.
T  INDICATES TRACE AMOUNT.


$$
