000
CDUS43 KGLD 260041 RRA
CLIITR

CLIMATE REPORT
NATIONAL WEATHER SERVICE GOODLAND
637 PM MDT THU JUN 25 2015

...................................

...THE BURLINGTON CO CLIMATE SUMMARY FOR JUNE 25 2015...
VALID TODAY AS OF 0600 PM LOCAL TIME.

CLIMATE NORMAL PERIOD 1981 TO 2010
CLIMATE RECORD PERIOD 1896 TO 2015


WEATHER ITEM   OBSERVED TIME   RECORD YEAR NORMAL DEPARTURE LAST
                VALUE   (LST)  VALUE       VALUE  FROM      YEAR
                                                  NORMAL
..................................................................
TEMPERATURE (F)
 TODAY
  MAXIMUM         87    457 PM 104    1954  86      1       89
  MINIMUM         64    212 AM  41    1968  57      7       56
  AVERAGE         76                        71      5       73

PRECIPITATION (IN)
  TODAY            0.00                      0.09  -0.09     0.01
  MONTH TO DATE    2.71                      2.43   0.28     2.31
  SINCE JUN 1      2.71                      2.43   0.28     2.31
  SINCE JAN 1     13.73                      8.16   5.57     5.23

..................................................................


THE BURLINGTON CO CLIMATE NORMALS FOR TOMORROW
                         NORMAL    RECORD    YEAR
 MAXIMUM TEMPERATURE (F)   86       106      2012
 MINIMUM TEMPERATURE (F)   57        46      1958



-  INDICATES NEGATIVE NUMBERS.
R  INDICATES RECORD WAS SET OR TIED.
MM INDICATES DATA IS MISSING.
T  INDICATES TRACE AMOUNT.

$$
