000
CDUS43 KGLD 120750
CLIITR

CLIMATE REPORT
NATIONAL WEATHER SERVICE GOODLAND
1240 AM MST WED NOV 12 2014


...................................

...THE BURLINGTON CO CLIMATE SUMMARY FOR NOVEMBER 11 2014...

CLIMATE NORMAL PERIOD 1981 TO 2010
CLIMATE RECORD PERIOD 1896 TO 2014


WEATHER ITEM   OBSERVED TIME   RECORD YEAR NORMAL DEPARTURE LAST
                VALUE   (LST)  VALUE       VALUE  FROM      YEAR
                                                  NORMAL
..................................................................
TEMPERATURE (F)
 YESTERDAY
  MAXIMUM         20    232 PM  81    1943  55    -35       47
  MINIMUM         10   1129 PM   4    1940  26    -16       26
  AVERAGE         15                        40    -25       37

PRECIPITATION (IN)
  YESTERDAY        0.00                      0.03  -0.03     0.00
  MONTH TO DATE    T                         0.33  -0.33     0.19
  SINCE SEP 1      1.76                      2.62  -0.86     6.26
  SINCE JAN 1     11.66                     16.77  -5.11    16.71

..................................................................

THE BURLINGTON CO CLIMATE NORMALS FOR TODAY
                         NORMAL    RECORD    YEAR
 MAXIMUM TEMPERATURE (F)   54        83      1943
 MINIMUM TEMPERATURE (F)   26        -2      1919



-  INDICATES NEGATIVE NUMBERS.
R  INDICATES RECORD WAS SET OR TIED.
MM INDICATES DATA IS MISSING.
T  INDICATES TRACE AMOUNT.

$$
