000
CDUS43 KGLD 130049
CLIITR

CLIMATE REPORT
NATIONAL WEATHER SERVICE GOODLAND
636 PM MDT TUE MAY 12 2015

...................................

...THE BURLINGTON CO CLIMATE SUMMARY FOR MAY 12 2015...
VALID TODAY AS OF 0600 PM LOCAL TIME.

CLIMATE NORMAL PERIOD 1981 TO 2010
CLIMATE RECORD PERIOD 1896 TO 2015


WEATHER ITEM   OBSERVED TIME   RECORD YEAR NORMAL DEPARTURE LAST
                VALUE   (LST)  VALUE       VALUE  FROM      YEAR
                                                  NORMAL
..................................................................
TEMPERATURE (F)
 TODAY
  MAXIMUM         74    150 PM  93    1956  71      3       44
  MINIMUM         35    315 AM  26    1953  43     -8       31
  AVERAGE         55                        57     -2       38

PRECIPITATION (IN)
  TODAY            0.00                      0.07  -0.07     0.08
  MONTH TO DATE    2.11                      0.93   1.18     0.29
  SINCE MAR 1      4.79                      3.28   1.51     0.93
  SINCE JAN 1      5.93                      4.08   1.85     1.63

..................................................................

THE BURLINGTON CO CLIMATE NORMALS FOR TOMORROW
                         NORMAL    RECORD    YEAR
 MAXIMUM TEMPERATURE (F)   72        94      1941
 MINIMUM TEMPERATURE (F)   43        27      1979


-  INDICATES NEGATIVE NUMBERS.
R  INDICATES RECORD WAS SET OR TIED.
MM INDICATES DATA IS MISSING.
T  INDICATES TRACE AMOUNT.

$$
