000
CDUS43 KGLD 190740
CLIITR

CLIMATE REPORT
NATIONAL WEATHER SERVICE GOODLAND
138 AM MDT SAT JUL 19 2014


...................................

...THE BURLINGTON CO CLIMATE SUMMARY FOR JULY 18 2014...

CLIMATE NORMAL PERIOD 1981 TO 2010
CLIMATE RECORD PERIOD 1896 TO 2014


WEATHER ITEM   OBSERVED TIME   RECORD YEAR NORMAL DEPARTURE LAST
                VALUE   (LST)  VALUE       VALUE  FROM      YEAR
                                                  NORMAL
..................................................................
TEMPERATURE (F)
 YESTERDAY
  MAXIMUM         87    343 PM 102    2007  89     -2       92
  MINIMUM         55    128 AM  51    1956  61     -6       62
  AVERAGE         71                        75     -4       77

PRECIPITATION (IN)
  YESTERDAY        0.26                      0.10   0.16     0.00
  MONTH TO DATE    2.37                      2.02   0.35     0.56
  SINCE JUN 1      4.73                      4.90  -0.17     2.55
  SINCE JAN 1      7.65                     10.63  -2.98     8.15

..................................................................


THE BURLINGTON CO CLIMATE NORMALS FOR TODAY
                         NORMAL    RECORD    YEAR
 MAXIMUM TEMPERATURE (F)   89       102      2011
                                             2006
                                             1934
 MINIMUM TEMPERATURE (F)   61        52      1959



-  INDICATES NEGATIVE NUMBERS.
R  INDICATES RECORD WAS SET OR TIED.
MM INDICATES DATA IS MISSING.
T  INDICATES TRACE AMOUNT.

$$
