000
CDUS43 KGLD 080744 RRA
CLIITR

CLIMATE REPORT
NATIONAL WEATHER SERVICE GOODLAND
139 AM MDT FRI APR 8 2016

...................................

...THE BURLINGTON CO CLIMATE SUMMARY FOR APRIL 7 2016...

CLIMATE NORMAL PERIOD 1981 TO 2010
CLIMATE RECORD PERIOD 1896 TO 2016


WEATHER ITEM   OBSERVED TIME   RECORD YEAR NORMAL DEPARTURE LAST
                VALUE   (LST)  VALUE       VALUE  FROM      YEAR
                                                  NORMAL
..................................................................
TEMPERATURE (F)
 YESTERDAY
  MAXIMUM         65    256 PM  86    1978  60      5       66
  MINIMUM         33    322 AM  14    1938  31      2       44
  AVERAGE         49                        46      3       55

PRECIPITATION (IN)
  YESTERDAY        0.00                      0.03  -0.03     0.00
  MONTH TO DATE    0.05                      0.18  -0.13     0.21
  SINCE MAR 1      1.12                      1.07   0.05     0.53
  SINCE JAN 1      1.93                      1.87   0.06     1.67

..................................................................

THE BURLINGTON CO CLIMATE NORMALS FOR TODAY
                         NORMAL    RECORD    YEAR
 MAXIMUM TEMPERATURE (F)   60        85      1930
 MINIMUM TEMPERATURE (F)   31        10      1938
                                             1914



-  INDICATES NEGATIVE NUMBERS.
R  INDICATES RECORD WAS SET OR TIED.
MM INDICATES DATA IS MISSING.
T  INDICATES TRACE AMOUNT.

$$
