000
CDUS43 KGLD 130739
CLIITR

CLIMATE REPORT
NATIONAL WEATHER SERVICE GOODLAND
136 AM MDT WED JUL 13 2016

...................................

...THE BURLINGTON CO CLIMATE SUMMARY FOR JULY 12 2016...

CLIMATE NORMAL PERIOD 1981 TO 2010
CLIMATE RECORD PERIOD 1896 TO 2016


WEATHER ITEM   OBSERVED TIME   RECORD YEAR NORMAL DEPARTURE LAST
                VALUE   (LST)  VALUE       VALUE  FROM      YEAR
                                                  NORMAL
..................................................................
TEMPERATURE (F)
 YESTERDAY
  MAXIMUM         91    358 PM 106    1954  89      2       96
                                      1913
  MINIMUM         53    450 AM  48    1990  60     -7       58
                                      1922
  AVERAGE         72                        75     -3       77

PRECIPITATION (IN)
  YESTERDAY        0.00                      0.11  -0.11     0.00
  MONTH TO DATE    0.63                      1.38  -0.75     0.51
  SINCE JUN 1      4.63                      4.26   0.37     3.42
  SINCE JAN 1     12.87                      9.99   2.88    14.44

..................................................................


THE BURLINGTON CO CLIMATE NORMALS FOR TODAY
                         NORMAL    RECORD    YEAR
 MAXIMUM TEMPERATURE (F)   89       103      1934
 MINIMUM TEMPERATURE (F)   61        46      1987


-  INDICATES NEGATIVE NUMBERS.
R  INDICATES RECORD WAS SET OR TIED.
MM INDICATES DATA IS MISSING.
T  INDICATES TRACE AMOUNT.


$$
