000
CDUS43 KGLD 120748
CLIITR

CLIMATE REPORT
NATIONAL WEATHER SERVICE GOODLAND
146 AM MDT SAT JUL 12 2014

...................................

...THE BURLINGTON CO CLIMATE SUMMARY FOR JULY 11 2014...

CLIMATE NORMAL PERIOD 1981 TO 2010
CLIMATE RECORD PERIOD 1896 TO 2014

WEATHER ITEM   OBSERVED TIME   RECORD YEAR NORMAL DEPARTURE LAST
                VALUE   (LST)  VALUE       VALUE  FROM      YEAR
                                                  NORMAL
..................................................................
TEMPERATURE (F)
 YESTERDAY
  MAXIMUM         97    256 PM 105    1954  89      8       92
  MINIMUM         63    511 AM  49    1999  60      3       58
  AVERAGE         80                        74      6       75

PRECIPITATION (IN)
  YESTERDAY        0.03                      0.12  -0.09     0.00
  MONTH TO DATE    1.84                      1.27   0.57     0.20
  SINCE JUN 1      4.20                      4.15   0.05     2.19
  SINCE JAN 1      7.12                      9.88  -2.76     7.79

..................................................................

THE BURLINGTON CO CLIMATE NORMALS FOR TODAY
                         NORMAL    RECORD    YEAR
 MAXIMUM TEMPERATURE (F)   89       106      1954
                                             1913
 MINIMUM TEMPERATURE (F)   60        48      1990
                                             1922


-  INDICATES NEGATIVE NUMBERS.
R  INDICATES RECORD WAS SET OR TIED.
MM INDICATES DATA IS MISSING.
T  INDICATES TRACE AMOUNT.

$$
