000
CDUS43 KGLD 190743 RRB
CLIITR

CLIMATE REPORT
NATIONAL WEATHER SERVICE GOODLAND
1239 AM MST THU FEB 19 2015


...................................

...THE BURLINGTON CO CLIMATE SUMMARY FOR FEBRUARY 18 2015...

CLIMATE NORMAL PERIOD 1981 TO 2010
CLIMATE RECORD PERIOD 1896 TO 2015


WEATHER ITEM   OBSERVED TIME   RECORD YEAR NORMAL DEPARTURE LAST
                VALUE   (LST)  VALUE       VALUE  FROM      YEAR
                                                  NORMAL
..................................................................
TEMPERATURE (F)
 YESTERDAY
  MAXIMUM         47    201 PM  74    1997  45      2       64
  MINIMUM         21    436 AM -11    1942  19      2       27
  AVERAGE         34                        32      2       46

PRECIPITATION (IN)
  YESTERDAY        0.00                      0.02  -0.02     0.00
  MONTH TO DATE    0.08                      0.23  -0.15     0.25
  SINCE DEC 1      2.83                      1.04   1.79     0.67
  SINCE JAN 1      0.36                      0.61  -0.25     0.58

..................................................................







THE BURLINGTON CO CLIMATE NORMALS FOR TODAY
                         NORMAL    RECORD    YEAR
 MAXIMUM TEMPERATURE (F)   45        71      1986
 MINIMUM TEMPERATURE (F)   19        -6      2006
                                             1929



-  INDICATES NEGATIVE NUMBERS.
R  INDICATES RECORD WAS SET OR TIED.
MM INDICATES DATA IS MISSING.
T  INDICATES TRACE AMOUNT.




$$
