032
CDUS43 KGLD 150039
CLIITR

CLIMATE REPORT
NATIONAL WEATHER SERVICE GOODLAND
636 PM MDT SAT MAY 14 2016

...................................

...THE BURLINGTON CO CLIMATE SUMMARY FOR MAY 14 2016...
VALID TODAY AS OF 0600 PM LOCAL TIME.

CLIMATE NORMAL PERIOD 1981 TO 2010
CLIMATE RECORD PERIOD 1896 TO 2016


WEATHER ITEM   OBSERVED TIME   RECORD YEAR NORMAL DEPARTURE LAST
                VALUE   (LST)  VALUE       VALUE  FROM      YEAR
                                                  NORMAL
..................................................................
TEMPERATURE (F)
 TODAY
  MAXIMUM         55    203 PM  93    2013  72    -17       77
  MINIMUM         39    619 AM  28    2011  44     -5       46
                                      1953
  AVERAGE         47                        58    -11       62

PRECIPITATION (IN)
  TODAY            0.00                      0.07  -0.07     0.00
  MONTH TO DATE    0.26                      1.07  -0.81     2.25
  SINCE MAR 1      5.98                      3.42   2.56     4.93
  SINCE JAN 1      6.79                      4.22   2.57     6.07

..................................................................


THE BURLINGTON CO CLIMATE NORMALS FOR TOMORROW
                         NORMAL    RECORD    YEAR
 MAXIMUM TEMPERATURE (F)   73        93      1944
 MINIMUM TEMPERATURE (F)   44        30      1945



-  INDICATES NEGATIVE NUMBERS.
R  INDICATES RECORD WAS SET OR TIED.
MM INDICATES DATA IS MISSING.
T  INDICATES TRACE AMOUNT.

$$
