000
CDUS43 KGLD 210052
CLIITR

CLIMATE REPORT
NATIONAL WEATHER SERVICE GOODLAND
649 PM MDT FRI MAY 20 2016
...................................

...THE BURLINGTON CO CLIMATE SUMMARY FOR MAY 20 2016...
VALID TODAY AS OF 0600 PM LOCAL TIME.

CLIMATE NORMAL PERIOD 1981 TO 2010
CLIMATE RECORD PERIOD 1896 TO 2016

WEATHER ITEM   OBSERVED TIME   RECORD YEAR NORMAL DEPARTURE LAST
                VALUE   (LST)  VALUE       VALUE  FROM      YEAR
                                                  NORMAL
..................................................................
TEMPERATURE (F)
 TODAY
  MAXIMUM         74    313 PM  96    1925  74      0       48
  MINIMUM         50    556 AM  31    1931  46      4       35
  AVERAGE         62                        60      2       42

PRECIPITATION (IN)
  TODAY            0.00                      0.08  -0.08     0.00
  MONTH TO DATE    0.92                      1.52  -0.60     3.93
  SINCE MAR 1      6.64                      3.87   2.77     6.61
  SINCE JAN 1      7.45                      4.67   2.78     7.75

..................................................................

THE BURLINGTON CO CLIMATE NORMALS FOR TOMORROW
                         NORMAL    RECORD    YEAR
 MAXIMUM TEMPERATURE (F)   75        99      1925
 MINIMUM TEMPERATURE (F)   46        31      1931

-  INDICATES NEGATIVE NUMBERS.
R  INDICATES RECORD WAS SET OR TIED.
MM INDICATES DATA IS MISSING.
T  INDICATES TRACE AMOUNT.

$$
