000
CDUS43 KGLD 300759
CLIITR

CLIMATE REPORT
NATIONAL WEATHER SERVICE GOODLAND
1259 AM MST MON JAN 30 2017


...................................

...THE BURLINGTON CO CLIMATE SUMMARY FOR JANUARY 29 2017...

CLIMATE NORMAL PERIOD 1981 TO 2010
CLIMATE RECORD PERIOD 1896 TO 2017


WEATHER ITEM   OBSERVED TIME   RECORD YEAR NORMAL DEPARTURE LAST
                VALUE   (LST)  VALUE       VALUE  FROM      YEAR
                                                  NORMAL
..................................................................
TEMPERATURE (F)
 YESTERDAY
  MAXIMUM         60    157 PM  72    1920  43     17       57
  MINIMUM         28   1139 PM -11    1951  17     11       28
  AVERAGE         44                        30     14       43

PRECIPITATION (IN)
  YESTERDAY        0.00                      0.03  -0.03     0.00
  MONTH TO DATE    0.56                      0.34   0.22     0.01
  SINCE DEC 1      0.90                      0.77   0.13     0.27
  SINCE JAN 1      0.56                      0.34   0.22     0.01

..................................................................

THE BURLINGTON CO CLIMATE NORMALS FOR TODAY
                         NORMAL    RECORD    YEAR
 MAXIMUM TEMPERATURE (F)   43        74      1986
 MINIMUM TEMPERATURE (F)   17       -15      1979



-  INDICATES NEGATIVE NUMBERS.
R  INDICATES RECORD WAS SET OR TIED.
MM INDICATES DATA IS MISSING.
T  INDICATES TRACE AMOUNT.




$$
