000
CDUS43 KGLD 100738 RRA
CLIITR

CLIMATE REPORT
NATIONAL WEATHER SERVICE GOODLAND
137 AM MDT FRI OCT 10 2014


...................................

...THE BURLINGTON CO CLIMATE SUMMARY FOR OCTOBER 9 2014...

CLIMATE NORMAL PERIOD 1981 TO 2010
CLIMATE RECORD PERIOD 1896 TO 2014


WEATHER ITEM   OBSERVED TIME   RECORD YEAR NORMAL DEPARTURE LAST
                VALUE   (LST)  VALUE       VALUE  FROM      YEAR
                                                  NORMAL
..................................................................
TEMPERATURE (F)
 YESTERDAY
  MAXIMUM         58   1142 AM  90    1963  68    -10       75
  MINIMUM         47    450 AM  22    2009  39      8       44
  AVERAGE         53                        54     -1       60

PRECIPITATION (IN)
  YESTERDAY        0.36                      0.04   0.32     0.00
  MONTH TO DATE    0.43                      0.36   0.07     0.01
  SINCE SEP 1      1.50                      1.50   0.00     5.46
  SINCE JAN 1     11.40                     15.65  -4.25    15.91

..................................................................


THE BURLINGTON CO CLIMATE NORMALS FOR TODAY
                         NORMAL    RECORD    YEAR
 MAXIMUM TEMPERATURE (F)   68        90      1962
 MINIMUM TEMPERATURE (F)   39        18      2009



-  INDICATES NEGATIVE NUMBERS.
R  INDICATES RECORD WAS SET OR TIED.
MM INDICATES DATA IS MISSING.
T  INDICATES TRACE AMOUNT.

$$
