000
CDUS43 KGLD 010045
CLIITR

CLIMATE REPORT
NATIONAL WEATHER SERVICE GOODLAND
641 PM MDT MON JUN 30 2014

...................................

...THE BURLINGTON CO CLIMATE SUMMARY FOR JUNE 30 2014...
VALID TODAY AS OF 0600 PM LOCAL TIME.

CLIMATE NORMAL PERIOD 1981 TO 2010
CLIMATE RECORD PERIOD 1896 TO 2014

WEATHER ITEM   OBSERVED TIME   RECORD YEAR NORMAL DEPARTURE LAST
                VALUE   (LST)  VALUE       VALUE  FROM      YEAR
                                                  NORMAL
..................................................................
TEMPERATURE (F)
 TODAY
  MAXIMUM         92   1143 AM 107    1990  87      5       80
  MINIMUM         59    401 AM  37    1918  58      1       56
  AVERAGE         76                        72      4       68

PRECIPITATION (IN)
  TODAY            T                         0.09  -0.09     0.02
  MONTH TO DATE    2.36                      2.88  -0.52     1.99
  SINCE JUN 1      2.36                      2.88  -0.52     1.99
  SINCE JAN 1      5.28                      8.61  -3.33     7.59

..................................................................

THE BURLINGTON CO CLIMATE NORMALS FOR TOMORROW
                         NORMAL    RECORD    YEAR
 MAXIMUM TEMPERATURE (F)   87       103      2002
 MINIMUM TEMPERATURE (F)   58        45      1942

-  INDICATES NEGATIVE NUMBERS.
R  INDICATES RECORD WAS SET OR TIED.
MM INDICATES DATA IS MISSING.
T  INDICATES TRACE AMOUNT.

$$
