305
CDUS43 KGLD 200815
CLIITR

CLIMATE REPORT
NATIONAL WEATHER SERVICE GOODLAND
212 AM MDT WED APR 20 2016
...................................

...THE BURLINGTON CO CLIMATE SUMMARY FOR APRIL 19 2016...

CLIMATE NORMAL PERIOD 1981 TO 2010
CLIMATE RECORD PERIOD 1896 TO 2016

WEATHER ITEM   OBSERVED TIME   RECORD YEAR NORMAL DEPARTURE LAST
                VALUE   (LST)  VALUE       VALUE  FROM      YEAR
                                                  NORMAL
..................................................................
TEMPERATURE (F)
 YESTERDAY
  MAXIMUM         47    411 PM  89    2001  63    -16       51
                                      1948
  MINIMUM         33   1202 AM  17    1966  34     -1       32
  AVERAGE         40                        49     -9       42

PRECIPITATION (IN)
  YESTERDAY        0.27                      0.06   0.21     0.58
  MONTH TO DATE    2.90                      0.75   2.15     2.16
  SINCE MAR 1      3.97                      1.64   2.33     2.48
  SINCE JAN 1      4.78                      2.44   2.34     3.62

..................................................................

THE BURLINGTON CO CLIMATE NORMALS FOR TODAY
                         NORMAL    RECORD    YEAR
 MAXIMUM TEMPERATURE (F)   63        89      1962
 MINIMUM TEMPERATURE (F)   35        21      1953

-  INDICATES NEGATIVE NUMBERS.
R  INDICATES RECORD WAS SET OR TIED.
MM INDICATES DATA IS MISSING.
T  INDICATES TRACE AMOUNT.

$$
