000
CDUS43 KGLD 090746
CLIITR

CLIMATE REPORT
NATIONAL WEATHER SERVICE GOODLAND
1242 AM MST TUE DEC 9 2014


...................................

...THE BURLINGTON CO CLIMATE SUMMARY FOR DECEMBER 8 2014...

CLIMATE NORMAL PERIOD 1981 TO 2010
CLIMATE RECORD PERIOD 1896 TO 2014


WEATHER ITEM   OBSERVED TIME   RECORD YEAR NORMAL DEPARTURE LAST
                VALUE   (LST)  VALUE       VALUE  FROM      YEAR
                                                  NORMAL
..................................................................
TEMPERATURE (F)
 YESTERDAY
  MAXIMUM         57    153 PM  70    1940  43     14       15
  MINIMUM         19   1148 PM -13    2005  16      3       -5
  AVERAGE         38                        30      8        5

PRECIPITATION (IN)
  YESTERDAY        0.00                      0.02  -0.02     0.06
  MONTH TO DATE    0.00                      0.16  -0.16     0.06
  SINCE DEC 1      0.00                      0.16  -0.16     0.06
  SINCE JAN 1     11.68                     17.19  -5.51    16.77

..................................................................







THE BURLINGTON CO CLIMATE NORMALS FOR TODAY
                         NORMAL    RECORD    YEAR
 MAXIMUM TEMPERATURE (F)   43        75      1939
 MINIMUM TEMPERATURE (F)   16       -22      1919



-  INDICATES NEGATIVE NUMBERS.
R  INDICATES RECORD WAS SET OR TIED.
MM INDICATES DATA IS MISSING.
T  INDICATES TRACE AMOUNT.




$$
