000
CDUS43 KGLD 170049
CLIITR

CLIMATE REPORT
NATIONAL WEATHER SERVICE GOODLAND
646 PM MDT SAT MAY 16 2015
...................................

...THE BURLINGTON CO CLIMATE SUMMARY FOR MAY 16 2015...
VALID TODAY AS OF 0600 PM LOCAL TIME.

CLIMATE NORMAL PERIOD 1981 TO 2010
CLIMATE RECORD PERIOD 1896 TO 2015

WEATHER ITEM   OBSERVED TIME   RECORD YEAR NORMAL DEPARTURE LAST
                VALUE   (LST)  VALUE       VALUE  FROM      YEAR
                                                  NORMAL
..................................................................
TEMPERATURE (F)
 TODAY
  MAXIMUM         72    239 PM  90    1964  73     -1       68
  MINIMUM         45    452 AM  27    1945  45      0       37
  AVERAGE         59                        59      0       53

PRECIPITATION (IN)
  TODAY            0.00                      0.08  -0.08     0.00
  MONTH TO DATE    2.25                      1.22   1.03     0.29
  SINCE MAR 1      4.93                      3.57   1.36     0.93
  SINCE JAN 1      6.07                      4.37   1.70     1.63

..................................................................

THE BURLINGTON CO CLIMATE NORMALS FOR TOMORROW
                         NORMAL    RECORD    YEAR
 MAXIMUM TEMPERATURE (F)   73        92      1988
 MINIMUM TEMPERATURE (F)   45        32      1942

-  INDICATES NEGATIVE NUMBERS.
R  INDICATES RECORD WAS SET OR TIED.
MM INDICATES DATA IS MISSING.
T  INDICATES TRACE AMOUNT.

$$
