000
CDUS43 KGLD 240745
CLIITR

CLIMATE REPORT
NATIONAL WEATHER SERVICE GOODLAND
1242 AM MST SUN JAN 24 2016

...................................

...THE BURLINGTON CO CLIMATE SUMMARY FOR JANUARY 23 2016...

CLIMATE NORMAL PERIOD 1981 TO 2010
CLIMATE RECORD PERIOD 1896 TO 2016


WEATHER ITEM   OBSERVED TIME   RECORD YEAR NORMAL DEPARTURE LAST
                VALUE   (LST)  VALUE       VALUE  FROM      YEAR
                                                  NORMAL
..................................................................
TEMPERATURE (F)
 YESTERDAY
  MAXIMUM         64    210 PM  75    2009  42     22       46
  MINIMUM         24    747 AM -11    1915  17      7       14
  AVERAGE         44                        30     14       30

PRECIPITATION (IN)
  YESTERDAY        0.00                      0.01  -0.01     0.00
  MONTH TO DATE    0.01                      0.22  -0.21     0.25
  SINCE DEC 1      0.27                      0.65  -0.38     2.72
  SINCE JAN 1      0.01                      0.22  -0.21     0.25

..................................................................

THE BURLINGTON CO CLIMATE NORMALS FOR TODAY
                         NORMAL    RECORD    YEAR
 MAXIMUM TEMPERATURE (F)   42        71      1970
 MINIMUM TEMPERATURE (F)   17        -6      1949



-  INDICATES NEGATIVE NUMBERS.
R  INDICATES RECORD WAS SET OR TIED.
MM INDICATES DATA IS MISSING.
T  INDICATES TRACE AMOUNT.




$$
