000
CDUS43 KGLD 260800 RRA
CLIITR

CLIMATE REPORT
NATIONAL WEATHER SERVICE GOODLAND
154 AM MDT THU OCT 26 2017


...................................

...THE BURLINGTON CO CLIMATE SUMMARY FOR OCTOBER 25 2017...

CLIMATE NORMAL PERIOD 1981 TO 2010
CLIMATE RECORD PERIOD 1896 TO 2017


WEATHER ITEM   OBSERVED TIME   RECORD YEAR NORMAL DEPARTURE LAST
                VALUE   (LST)  VALUE       VALUE  FROM      YEAR
                                                  NORMAL
..................................................................
TEMPERATURE (F)
 YESTERDAY
  MAXIMUM         80    300 PM  84    2014  62     18       77
                                      1963
  MINIMUM         34    205 AM  17    1997  33      1       47
  AVERAGE         57                        47     10       62

PRECIPITATION (IN)
  YESTERDAY        0.00                      0.03  -0.03     0.00
  MONTH TO DATE    0.51                      1.01  -0.50     0.03
  SINCE SEP 1      1.75                      2.15  -0.40     3.78
  SINCE JAN 1     25.05                     16.30   8.75    18.71

..................................................................


THE BURLINGTON CO CLIMATE NORMALS FOR TODAY
                         NORMAL    RECORD    YEAR
 MAXIMUM TEMPERATURE (F)   62        84      1922
 MINIMUM TEMPERATURE (F)   33         8      1997



-  INDICATES NEGATIVE NUMBERS.
R  INDICATES RECORD WAS SET OR TIED.
MM INDICATES DATA IS MISSING.
T  INDICATES TRACE AMOUNT.

$$
