000
CDUS43 KGLD 270741
CLIITR

CLIMATE REPORT
NATIONAL WEATHER SERVICE GOODLAND
138 AM MDT THU MAR 27 2014

...................................

...THE BURLINGTON CO CLIMATE SUMMARY FOR MARCH 26 2014...

CLIMATE NORMAL PERIOD 1981 TO 2010
CLIMATE RECORD PERIOD 1896 TO 2014


WEATHER ITEM   OBSERVED TIME   RECORD YEAR NORMAL DEPARTURE LAST
                VALUE   (LST)  VALUE       VALUE  FROM      YEAR
                                                  NORMAL
..................................................................
TEMPERATURE (F)
 YESTERDAY
  MAXIMUM         73    409 PM  84    1998  58     15       38
  MINIMUM         36    605 AM  -1    1996  28      8        3
  AVERAGE         55                        43     12       21

PRECIPITATION (IN)
  YESTERDAY        0.00                      0.03  -0.03     0.00
  MONTH TO DATE    0.07                      0.71  -0.64     2.01
  SINCE MAR 1      0.07                      0.71  -0.64     2.01
  SINCE JAN 1      0.77                      1.51  -0.74     2.50

..................................................................

THE BURLINGTON CO CLIMATE NORMALS FOR TODAY
                         NORMAL    RECORD    YEAR
 MAXIMUM TEMPERATURE (F)   58        86      2004
 MINIMUM TEMPERATURE (F)   28        -6      1931


-  INDICATES NEGATIVE NUMBERS.
R  INDICATES RECORD WAS SET OR TIED.
MM INDICATES DATA IS MISSING.
T  INDICATES TRACE AMOUNT.

$$
