910
CDUS43 KGLD 070741 RRA
CLIITR

CLIMATE REPORT
NATIONAL WEATHER SERVICE GOODLAND
1237 AM MST SUN FEB 7 2016


...................................

...THE BURLINGTON CO CLIMATE SUMMARY FOR FEBRUARY 6 2016...

CLIMATE NORMAL PERIOD 1981 TO 2010
CLIMATE RECORD PERIOD 1896 TO 2016


WEATHER ITEM   OBSERVED TIME   RECORD YEAR NORMAL DEPARTURE LAST
                VALUE   (LST)  VALUE       VALUE  FROM      YEAR
                                                  NORMAL
..................................................................
TEMPERATURE (F)
 YESTERDAY
  MAXIMUM         40   1143 PM  77    2015  43     -3       77
  MINIMUM         11    109 AM -15    1914  17     -6       34
  AVERAGE         26                        30     -4       56

PRECIPITATION (IN)
  YESTERDAY        0.00                      0.02  -0.02     0.00
  MONTH TO DATE    0.12                      0.07   0.05      T
  SINCE DEC 1      0.39                      0.88  -0.49     2.75
  SINCE JAN 1      0.13                      0.45  -0.32     0.28

..................................................................







THE BURLINGTON CO CLIMATE NORMALS FOR TODAY
                         NORMAL    RECORD    YEAR
 MAXIMUM TEMPERATURE (F)   43        77      2015
 MINIMUM TEMPERATURE (F)   17       -17      1933



-  INDICATES NEGATIVE NUMBERS.
R  INDICATES RECORD WAS SET OR TIED.
MM INDICATES DATA IS MISSING.
T  INDICATES TRACE AMOUNT.




$$
