938
CDUS43 KGLD 300738
CLIITR

CLIMATE REPORT
NATIONAL WEATHER SERVICE GOODLAND
135 AM MDT TUE AUG 30 2016

...................................

...THE BURLINGTON CO CLIMATE SUMMARY FOR AUGUST 29 2016...

CLIMATE NORMAL PERIOD 1981 TO 2010
CLIMATE RECORD PERIOD 1896 TO 2016


WEATHER ITEM   OBSERVED TIME   RECORD YEAR NORMAL DEPARTURE LAST
                VALUE   (LST)  VALUE       VALUE  FROM      YEAR
                                                  NORMAL
..................................................................
TEMPERATURE (F)
 YESTERDAY
  MAXIMUM         75    538 PM 101    2013  84     -9       87
  MINIMUM         59    611 AM  45    2006  55      4       53
                                      1976
  AVERAGE         67                        69     -2       70

PRECIPITATION (IN)
  YESTERDAY        0.00                      0.08  -0.08     0.00
  MONTH TO DATE    0.43                      2.26  -1.83     0.81
  SINCE JUN 1      6.59                      8.27  -1.68     8.37
  SINCE JAN 1     14.83                     14.00   0.83    19.39

..................................................................


THE BURLINGTON CO CLIMATE NORMALS FOR TODAY
                         NORMAL    RECORD    YEAR
 MAXIMUM TEMPERATURE (F)   84       102      1990
 MINIMUM TEMPERATURE (F)   55        45      2004


-  INDICATES NEGATIVE NUMBERS.
R  INDICATES RECORD WAS SET OR TIED.
MM INDICATES DATA IS MISSING.
T  INDICATES TRACE AMOUNT.


$$
