000
CDUS43 KGLD 010745
CLIITR

CLIMATE REPORT
NATIONAL WEATHER SERVICE GOODLAND
136 AM MDT MON JUN 1 2015
...................................

...THE BURLINGTON CO CLIMATE SUMMARY FOR MAY 31 2015...

CLIMATE NORMAL PERIOD 1981 TO 2010
CLIMATE RECORD PERIOD 1896 TO 2015

WEATHER ITEM   OBSERVED TIME   RECORD YEAR NORMAL DEPARTURE LAST
                VALUE   (LST)  VALUE       VALUE  FROM      YEAR
                                                  NORMAL
..................................................................
TEMPERATURE (F)
 YESTERDAY
  MAXIMUM         83    304 PM 100    2002  78      5       83
  MINIMUM         48    512 AM  35    2004  50     -2       58
  AVERAGE         66                        64      2       71

PRECIPITATION (IN)
  YESTERDAY        0.00                      0.12  -0.12      T
  MONTH TO DATE    7.20                      2.58   4.62     1.58
  SINCE MAR 1      9.88                      4.93   4.95     2.22
  SINCE JAN 1     11.02                      5.73   5.29     2.92

..................................................................

THE BURLINGTON CO CLIMATE NORMALS FOR TODAY
                         NORMAL    RECORD    YEAR
 MAXIMUM TEMPERATURE (F)   78       103      2002
 MINIMUM TEMPERATURE (F)   50        33      1917

-  INDICATES NEGATIVE NUMBERS.
R  INDICATES RECORD WAS SET OR TIED.
MM INDICATES DATA IS MISSING.
T  INDICATES TRACE AMOUNT.

$$
