000
CDUS43 KGLD 180738 RRA
CLIITR

CLIMATE REPORT
NATIONAL WEATHER SERVICE GOODLAND
136 AM MDT FRI AUG 18 2017

...................................

...THE BURLINGTON CO CLIMATE SUMMARY FOR AUGUST 17 2017...

CLIMATE NORMAL PERIOD 1981 TO 2010
CLIMATE RECORD PERIOD 1896 TO 2017


WEATHER ITEM   OBSERVED TIME   RECORD YEAR NORMAL DEPARTURE LAST
                VALUE   (LST)  VALUE       VALUE  FROM      YEAR
                                                  NORMAL
..................................................................
TEMPERATURE (F)
 YESTERDAY
  MAXIMUM         86    300 PM 100    1962  86      0       93
  MINIMUM         53    304 AM  47    1944  58     -5       56
  AVERAGE         70                        72     -2       75

PRECIPITATION (IN)
  YESTERDAY        0.00                      0.08  -0.08     0.01
  MONTH TO DATE    3.67                      1.37   2.30     0.36
  SINCE JUN 1     11.96                      7.38   4.58     6.52
  SINCE JAN 1     23.30                     13.11  10.19    14.76

..................................................................


THE BURLINGTON CO CLIMATE NORMALS FOR TODAY
                         NORMAL    RECORD    YEAR
 MAXIMUM TEMPERATURE (F)   86       100      2011
                                             1983
 MINIMUM TEMPERATURE (F)   58        47      1960


-  INDICATES NEGATIVE NUMBERS.
R  INDICATES RECORD WAS SET OR TIED.
MM INDICATES DATA IS MISSING.
T  INDICATES TRACE AMOUNT.


$$
