000
CDUS43 KGLD 260037
CLIITR

CLIMATE REPORT
NATIONAL WEATHER SERVICE GOODLAND
635 PM MDT TUE MAR 25 2014


...................................

...THE BURLINGTON CO CLIMATE SUMMARY FOR MARCH 25 2014...
VALID TODAY AS OF 0600 PM LOCAL TIME.

CLIMATE NORMAL PERIOD 1981 TO 2010
CLIMATE RECORD PERIOD 1896 TO 2014


WEATHER ITEM   OBSERVED TIME   RECORD YEAR NORMAL DEPARTURE LAST
                VALUE   (LST)  VALUE       VALUE  FROM      YEAR
                                                  NORMAL
..................................................................
TEMPERATURE (F)
 TODAY
  MAXIMUM         56    459 PM  83    1998  57     -1       25
  MINIMUM         24    328 AM  -2    2013  28     -4       -2
  AVERAGE         40                        42     -2       12

PRECIPITATION (IN)
  TODAY            0.00                      0.02  -0.02     0.00
  MONTH TO DATE    0.07                      0.68  -0.61     2.01
  SINCE MAR 1      0.07                      0.68  -0.61     2.01
  SINCE JAN 1      0.77                      1.48  -0.71     2.50

..................................................................


THE BURLINGTON CO CLIMATE NORMALS FOR TOMORROW
                         NORMAL    RECORD    YEAR
 MAXIMUM TEMPERATURE (F)   58        84      1998
 MINIMUM TEMPERATURE (F)   28        -1      1996



-  INDICATES NEGATIVE NUMBERS.
R  INDICATES RECORD WAS SET OR TIED.
MM INDICATES DATA IS MISSING.
T  INDICATES TRACE AMOUNT.

$$
