000
CDUS43 KGLD 160747 RRA
CLIITR

CLIMATE REPORT
NATIONAL WEATHER SERVICE GOODLAND
1244 AM MST MON FEB 16 2015


...................................

...THE BURLINGTON CO CLIMATE SUMMARY FOR FEBRUARY 15 2015...

CLIMATE NORMAL PERIOD 1981 TO 2010
CLIMATE RECORD PERIOD 1896 TO 2015


WEATHER ITEM   OBSERVED TIME   RECORD YEAR NORMAL DEPARTURE LAST
                VALUE   (LST)  VALUE       VALUE  FROM      YEAR
                                                  NORMAL
..................................................................
TEMPERATURE (F)
 YESTERDAY
  MAXIMUM         31    231 PM  74    1999  44    -13       46
  MINIMUM         17    724 AM -11    2007  18     -1       30
  AVERAGE         24                        31     -7       38

PRECIPITATION (IN)
  YESTERDAY        0.07                      0.02   0.05     0.00
  MONTH TO DATE    0.07                      0.19  -0.12     0.25
  SINCE DEC 1      2.82                      1.00   1.82     0.67
  SINCE JAN 1      0.35                      0.57  -0.22     0.58

..................................................................







THE BURLINGTON CO CLIMATE NORMALS FOR TODAY
                         NORMAL    RECORD    YEAR
 MAXIMUM TEMPERATURE (F)   45        73      2011
 MINIMUM TEMPERATURE (F)   18        -6      1936



-  INDICATES NEGATIVE NUMBERS.
R  INDICATES RECORD WAS SET OR TIED.
MM INDICATES DATA IS MISSING.
T  INDICATES TRACE AMOUNT.




$$
