000
CDUS43 KGLD 110038 RRA
CLIITR

CLIMATE REPORT
NATIONAL WEATHER SERVICE GOODLAND
636 PM MDT FRI OCT 10 2014

...................................

...THE BURLINGTON CO CLIMATE SUMMARY FOR OCTOBER 10 2014...
VALID TODAY AS OF 0600 PM LOCAL TIME.

CLIMATE NORMAL PERIOD 1981 TO 2010
CLIMATE RECORD PERIOD 1896 TO 2014

WEATHER ITEM   OBSERVED TIME   RECORD YEAR NORMAL DEPARTURE LAST
                VALUE   (LST)  VALUE       VALUE  FROM      YEAR
                                                  NORMAL
..................................................................
TEMPERATURE (F)
 TODAY
  MAXIMUM         52    315 PM  90    1962  68    -16       81
  MINIMUM         44    929 AM  18    2009  39      5       39
  AVERAGE         48                        53     -5       60

PRECIPITATION (IN)
  TODAY            0.26                      0.04   0.22     0.11
  MONTH TO DATE    0.69                      0.40   0.29     0.12
  SINCE SEP 1      1.76                      1.54   0.22     5.57
  SINCE JAN 1     11.66                     15.69  -4.03    16.02

..................................................................

THE BURLINGTON CO CLIMATE NORMALS FOR TOMORROW
                         NORMAL    RECORD    YEAR
 MAXIMUM TEMPERATURE (F)   67        90      1996
 MINIMUM TEMPERATURE (F)   38        21      1969

-  INDICATES NEGATIVE NUMBERS.
R  INDICATES RECORD WAS SET OR TIED.
MM INDICATES DATA IS MISSING.
T  INDICATES TRACE AMOUNT.

$$
