000
CDUS43 KGLD 110043 RRA
CLIITR

WRKCLIITR 000
TTAA00 KGLD 110040

CLIMATE REPORT
NATIONAL WEATHER SERVICE GOODLAND
637 PM MDT SUN MAY 10 2015

...................................

...THE BURLINGTON CO CLIMATE SUMMARY FOR MAY 10 2015...
VALID TODAY AS OF 0600 PM LOCAL TIME.

CLIMATE NORMAL PERIOD 1981 TO 2010
CLIMATE RECORD PERIOD 1896 TO 2015


WEATHER ITEM   OBSERVED TIME   RECORD YEAR NORMAL DEPARTURE LAST
                VALUE   (LST)  VALUE       VALUE  FROM      YEAR
                                                  NORMAL
..................................................................
TEMPERATURE (F)
 TODAY
  MAXIMUM         49    255 PM  89    1974  71    -22       78
  MINIMUM         32    549 AM  25    1979  42    -10       42
  AVERAGE         41                        56    -15       60

PRECIPITATION (IN)
  TODAY            0.04                      0.07  -0.03     0.00
  MONTH TO DATE    2.11                      0.79   1.32      T
  SINCE MAR 1      4.79                      3.14   1.65     0.64
  SINCE JAN 1      5.93                      3.94   1.99     1.34

..................................................................


THE BURLINGTON CO CLIMATE NORMALS FOR TOMORROW
                         NORMAL    RECORD    YEAR
 MAXIMUM TEMPERATURE (F)   71        93      1963
 MINIMUM TEMPERATURE (F)   43        27      2008


-  INDICATES NEGATIVE NUMBERS.
R  INDICATES RECORD WAS SET OR TIED.
MM INDICATES DATA IS MISSING.
T  INDICATES TRACE AMOUNT.

$$
