000
CDUS43 KGLD 240744
CLIITR

CLIMATE REPORT
NATIONAL WEATHER SERVICE GOODLAND
140 AM MDT SUN SEP 24 2017

...................................

...THE BURLINGTON CO CLIMATE SUMMARY FOR SEPTEMBER 23 2017...

CLIMATE NORMAL PERIOD 1981 TO 2010
CLIMATE RECORD PERIOD 1896 TO 2017


WEATHER ITEM   OBSERVED TIME   RECORD YEAR NORMAL DEPARTURE LAST
                VALUE   (LST)  VALUE       VALUE  FROM      YEAR
                                                  NORMAL
..................................................................
TEMPERATURE (F)
 YESTERDAY
  MAXIMUM         72    145 AM  92    2003  76     -4       87
                                      1954
  MINIMUM         49   1159 PM  24    1983  45      4       56
  AVERAGE         61                        60      1       72

PRECIPITATION (IN)
  YESTERDAY        0.35                      0.03   0.32     0.08
  MONTH TO DATE    0.38                      0.92  -0.54     3.75
  SINCE SEP 1      0.38                      0.92  -0.54     3.75
  SINCE JAN 1     23.68                     15.07   8.61    18.68

..................................................................


THE BURLINGTON CO CLIMATE NORMALS FOR TODAY
                         NORMAL    RECORD    YEAR
 MAXIMUM TEMPERATURE (F)   75        93      2005
 MINIMUM TEMPERATURE (F)   45        30      2000


-  INDICATES NEGATIVE NUMBERS.
R  INDICATES RECORD WAS SET OR TIED.
MM INDICATES DATA IS MISSING.
T  INDICATES TRACE AMOUNT.


$$
