000
CDUS43 KGLD 140039
CLIITR

CLIMATE REPORT
NATIONAL WEATHER SERVICE GOODLAND
637 PM MDT SUN JUL 13 2014


...................................

...THE BURLINGTON CO CLIMATE SUMMARY FOR JULY 13 2014...
VALID TODAY AS OF 0600 PM LOCAL TIME.

CLIMATE NORMAL PERIOD 1981 TO 2010
CLIMATE RECORD PERIOD 1896 TO 2014


WEATHER ITEM   OBSERVED TIME   RECORD YEAR NORMAL DEPARTURE LAST
                VALUE   (LST)  VALUE       VALUE  FROM      YEAR
                                                  NORMAL
..................................................................
TEMPERATURE (F)
 TODAY
  MAXIMUM         85    309 PM 103    1934  89     -4       99
  MINIMUM         64    444 AM  46    1987  61      3       60
  AVERAGE         75                        75      0       80

PRECIPITATION (IN)
  TODAY            0.00                      0.11  -0.11      T
  MONTH TO DATE    1.84                      1.49   0.35     0.20
  SINCE JUN 1      4.20                      4.37  -0.17     2.19
  SINCE JAN 1      7.12                     10.10  -2.98     7.79

..................................................................


THE BURLINGTON CO CLIMATE NORMALS FOR TOMORROW
                         NORMAL    RECORD    YEAR
 MAXIMUM TEMPERATURE (F)   89       105      1925
 MINIMUM TEMPERATURE (F)   61        50      1952



-  INDICATES NEGATIVE NUMBERS.
R  INDICATES RECORD WAS SET OR TIED.
MM INDICATES DATA IS MISSING.
T  INDICATES TRACE AMOUNT.

$$
