000
CDUS43 KGLD 010744 RRA
CLIITR

CLIMATE REPORT
NATIONAL WEATHER SERVICE GOODLAND
141 AM MDT FRI JUL 1 2016
...................................

...THE BURLINGTON CO CLIMATE SUMMARY FOR JUNE 30 2016...

CLIMATE NORMAL PERIOD 1981 TO 2010
CLIMATE RECORD PERIOD 1896 TO 2016

WEATHER ITEM   OBSERVED TIME   RECORD YEAR NORMAL DEPARTURE LAST
                VALUE   (LST)  VALUE       VALUE  FROM      YEAR
                                                  NORMAL
..................................................................
TEMPERATURE (F)
 YESTERDAY
  MAXIMUM         83    346 PM 107    1990  87     -4       95
  MINIMUM         58    357 AM  37    1918  58      0       59
  AVERAGE         71                        72     -1       77

PRECIPITATION (IN)
  YESTERDAY        1.38                      0.09   1.29      T
  MONTH TO DATE    4.00                      2.88   1.12     2.91
  SINCE JUN 1      4.00                      2.88   1.12     2.91
  SINCE JAN 1     12.24                      8.61   3.63    13.93

..................................................................

THE BURLINGTON CO CLIMATE NORMALS FOR TODAY
                         NORMAL    RECORD    YEAR
 MAXIMUM TEMPERATURE (F)   87       103      2002
 MINIMUM TEMPERATURE (F)   58        45      1942

-  INDICATES NEGATIVE NUMBERS.
R  INDICATES RECORD WAS SET OR TIED.
MM INDICATES DATA IS MISSING.
T  INDICATES TRACE AMOUNT.

$$
