000
CDUS43 KGLD 110045
CLIITR

CLIMATE REPORT
NATIONAL WEATHER SERVICE GOODLAND
643 PM MDT THU JUL 10 2014

...................................

...THE BURLINGTON CO CLIMATE SUMMARY FOR JULY 10 2014...
VALID TODAY AS OF 0600 PM LOCAL TIME.

CLIMATE NORMAL PERIOD 1981 TO 2010
CLIMATE RECORD PERIOD 1896 TO 2014

WEATHER ITEM   OBSERVED TIME   RECORD YEAR NORMAL DEPARTURE LAST
                VALUE   (LST)  VALUE       VALUE  FROM      YEAR
                                                  NORMAL
..................................................................
TEMPERATURE (F)
 TODAY
  MAXIMUM         92    346 PM 107    1954  89      3       94
  MINIMUM         61    226 AM  44    1905  60      1       64
  AVERAGE         77                        74      3       79

PRECIPITATION (IN)
  TODAY            0.00                      0.11  -0.11     0.01
  MONTH TO DATE    1.81                      1.15   0.66     0.20
  SINCE JUN 1      4.17                      4.03   0.14     2.19
  SINCE JAN 1      7.09                      9.76  -2.67     7.79

..................................................................

THE BURLINGTON CO CLIMATE NORMALS FOR TOMORROW
                         NORMAL    RECORD    YEAR
 MAXIMUM TEMPERATURE (F)   89       105      1954
 MINIMUM TEMPERATURE (F)   60        49      1999

-  INDICATES NEGATIVE NUMBERS.
R  INDICATES RECORD WAS SET OR TIED.
MM INDICATES DATA IS MISSING.
T  INDICATES TRACE AMOUNT.

$$
