000
CDUS43 KGLD 210132 RRA
CLIITR

CLIMATE REPORT
NATIONAL WEATHER SERVICE GOODLAND
657 PM MDT FRI OCT 20 2017

...................................

...THE BURLINGTON CO CLIMATE SUMMARY FOR OCTOBER 20 2017...
VALID TODAY AS OF 0600 PM LOCAL TIME.

CLIMATE NORMAL PERIOD 1981 TO 2010
CLIMATE RECORD PERIOD 1896 TO 2017

WEATHER ITEM   OBSERVED TIME   RECORD YEAR NORMAL DEPARTURE LAST
                VALUE   (LST)  VALUE       VALUE  FROM      YEAR
                                                  NORMAL
..................................................................
TEMPERATURE (F)
 TODAY
  MAXIMUM         81    220 PM  90    1921  64     17       62
  MINIMUM         50    602 AM  20    1982  35     15       32
  AVERAGE         66                        49     17       47

PRECIPITATION (IN)
  TODAY            0.00                      0.05  -0.05     0.00
  MONTH TO DATE    0.51                      0.81  -0.30     0.03
  SINCE SEP 1      1.75                      1.95  -0.20     3.78
  SINCE JAN 1     25.05                     16.10   8.95    18.71

..................................................................

THE BURLINGTON CO CLIMATE NORMALS FOR TOMORROW
                         NORMAL    RECORD    YEAR
 MAXIMUM TEMPERATURE (F)   63        87      1940
 MINIMUM TEMPERATURE (F)   35        22      1932

-  INDICATES NEGATIVE NUMBERS.
R  INDICATES RECORD WAS SET OR TIED.
MM INDICATES DATA IS MISSING.
T  INDICATES TRACE AMOUNT.

$$
