000
CDUS43 KGLD 210743
CLIITR

CLIMATE REPORT
NATIONAL WEATHER SERVICE GOODLAND
138 AM MDT SUN AUG 21 2016

...................................

...THE BURLINGTON CO CLIMATE SUMMARY FOR AUGUST 20 2016...

CLIMATE NORMAL PERIOD 1981 TO 2010
CLIMATE RECORD PERIOD 1896 TO 2016

WEATHER ITEM   OBSERVED TIME   RECORD YEAR NORMAL DEPARTURE LAST
                VALUE   (LST)  VALUE       VALUE  FROM      YEAR
                                                  NORMAL
..................................................................
TEMPERATURE (F)
 YESTERDAY
  MAXIMUM         76    431 PM 101    2001  85     -9       85
                                      1987
  MINIMUM         48    515 AM  45    2004  58    -10       52
                                      1964
  AVERAGE         62                        72    -10       69

PRECIPITATION (IN)
  YESTERDAY        0.00                      0.07  -0.07     0.00
  MONTH TO DATE    0.36                      1.61  -1.25     0.77
  SINCE JUN 1      6.52                      7.62  -1.10     8.33
  SINCE JAN 1     14.76                     13.35   1.41    19.35

..................................................................

THE BURLINGTON CO CLIMATE NORMALS FOR TODAY
                         NORMAL    RECORD    YEAR
 MAXIMUM TEMPERATURE (F)   85       102      1959
 MINIMUM TEMPERATURE (F)   57        42      1956

-  INDICATES NEGATIVE NUMBERS.
R  INDICATES RECORD WAS SET OR TIED.
MM INDICATES DATA IS MISSING.
T  INDICATES TRACE AMOUNT.

$$
