000
CDUS43 KGLD 260749
CLIITR

CLIMATE REPORT
NATIONAL WEATHER SERVICE GOODLAND
1239 AM MST WED NOV 26 2014

...................................

...THE BURLINGTON CO CLIMATE SUMMARY FOR NOVEMBER 25 2014...

CLIMATE NORMAL PERIOD 1981 TO 2010
CLIMATE RECORD PERIOD 1896 TO 2014


WEATHER ITEM   OBSERVED TIME   RECORD YEAR NORMAL DEPARTURE LAST
                VALUE   (LST)  VALUE       VALUE  FROM      YEAR
                                                  NORMAL
..................................................................
TEMPERATURE (F)
 YESTERDAY
  MAXIMUM         50    357 PM  77    1960  48      2       43
  MINIMUM         14    504 AM  -3    1993  20     -6       14
  AVERAGE         32                        34     -2       29

PRECIPITATION (IN)
  YESTERDAY        0.01                      0.01   0.00     0.00
  MONTH TO DATE    0.01                      0.54  -0.53     0.19
  SINCE SEP 1      1.77                      2.83  -1.06     6.26
  SINCE JAN 1     11.67                     16.98  -5.31    16.71

..................................................................

THE BURLINGTON CO CLIMATE NORMALS FOR TODAY
                         NORMAL    RECORD    YEAR
 MAXIMUM TEMPERATURE (F)   47        77      1960
 MINIMUM TEMPERATURE (F)   20         0      1919



-  INDICATES NEGATIVE NUMBERS.
R  INDICATES RECORD WAS SET OR TIED.
MM INDICATES DATA IS MISSING.
T  INDICATES TRACE AMOUNT.

$$
