000
CDUS43 KGLD 260039 RRA
CLIITR

CLIMATE REPORT
NATIONAL WEATHER SERVICE GOODLAND
637 PM MDT SUN JUN 25 2017

...................................

...THE BURLINGTON CO CLIMATE SUMMARY FOR JUNE 25 2017...
VALID TODAY AS OF 0600 PM LOCAL TIME.

CLIMATE NORMAL PERIOD 1981 TO 2010
CLIMATE RECORD PERIOD 1896 TO 2017


WEATHER ITEM   OBSERVED TIME   RECORD YEAR NORMAL DEPARTURE LAST
                VALUE   (LST)  VALUE       VALUE  FROM      YEAR
                                                  NORMAL
..................................................................
TEMPERATURE (F)
 TODAY
  MAXIMUM         70    151 PM 104    1954  86    -16       87
  MINIMUM         53    523 AM  41    1968  57     -4       65
  AVERAGE         62                        71     -9       76

PRECIPITATION (IN)
  TODAY            0.01                      0.09  -0.08     0.00
  MONTH TO DATE    3.22                      2.43   0.79     1.05
  SINCE JUN 1      3.22                      2.43   0.79     1.05
  SINCE JAN 1     14.56                      8.16   6.40     9.29

..................................................................


THE BURLINGTON CO CLIMATE NORMALS FOR TOMORROW
                         NORMAL    RECORD    YEAR
 MAXIMUM TEMPERATURE (F)   86       106      2012
 MINIMUM TEMPERATURE (F)   57        46      1958



-  INDICATES NEGATIVE NUMBERS.
R  INDICATES RECORD WAS SET OR TIED.
MM INDICATES DATA IS MISSING.
T  INDICATES TRACE AMOUNT.

$$
