000
CDUS43 KGLD 170058 RRA
CLIITR

CLIMATE REPORT
NATIONAL WEATHER SERVICE GOODLAND
555 PM MST TUE JAN 16 2018

...................................

...THE BURLINGTON CO CLIMATE SUMMARY FOR JANUARY 16 2018...
VALID TODAY AS OF 0500 PM LOCAL TIME.

CLIMATE NORMAL PERIOD 1981 TO 2010
CLIMATE RECORD PERIOD 1896 TO 2018

WEATHER ITEM   OBSERVED TIME   RECORD YEAR NORMAL DEPARTURE LAST
                VALUE   (LST)  VALUE       VALUE  FROM      YEAR
                                                  NORMAL
..................................................................
TEMPERATURE (F)
 TODAY
  MAXIMUM         28    240 PM  67    2012  42    -14       34
  MINIMUM         -7    708 AM -12    1930  17    -24       26
  AVERAGE         11                        30    -19       30

PRECIPITATION (IN)
  TODAY            0.00                      0.01  -0.01     0.12
  MONTH TO DATE    0.15                      0.15   0.00     0.49
  SINCE DEC 1      0.32                      0.58  -0.26     0.83
  SINCE JAN 1      0.15                      0.15   0.00     0.49

..................................................................

THE BURLINGTON CO CLIMATE NORMALS FOR TOMORROW
                         NORMAL    RECORD    YEAR
 MAXIMUM TEMPERATURE (F)   42        71      1923
 MINIMUM TEMPERATURE (F)   17       -23      1930

-  INDICATES NEGATIVE NUMBERS.
R  INDICATES RECORD WAS SET OR TIED.
MM INDICATES DATA IS MISSING.
T  INDICATES TRACE AMOUNT.

$$
