000
CDUS43 KGLD 260039
CLIITR

CLIMATE REPORT
NATIONAL WEATHER SERVICE GOODLAND
636 PM MDT MON MAY 25 2015
...................................

...THE BURLINGTON CO CLIMATE SUMMARY FOR MAY 25 2015...
VALID TODAY AS OF 0600 PM LOCAL TIME.

CLIMATE NORMAL PERIOD 1981 TO 2010
CLIMATE RECORD PERIOD 1896 TO 2015

WEATHER ITEM   OBSERVED TIME   RECORD YEAR NORMAL DEPARTURE LAST
                VALUE   (LST)  VALUE       VALUE  FROM      YEAR
                                                  NORMAL
..................................................................
TEMPERATURE (F)
 TODAY
  MAXIMUM         68    449 PM  95    1964  76     -8       79
  MINIMUM         45    454 AM  32    2002  48     -3       49
                                      2001
  AVERAGE         57                        62     -5       64

PRECIPITATION (IN)
  TODAY            0.00                      0.09  -0.09     0.00
  MONTH TO DATE    6.03                      1.95   4.08     0.73
  SINCE MAR 1      8.71                      4.30   4.41     1.37
  SINCE JAN 1      9.85                      5.10   4.75     2.07

..................................................................

THE BURLINGTON CO CLIMATE NORMALS FOR TOMORROW
                         NORMAL    RECORD    YEAR
 MAXIMUM TEMPERATURE (F)   77        95      2012
                                             1942
 MINIMUM TEMPERATURE (F)   48        31      1992

-  INDICATES NEGATIVE NUMBERS.
R  INDICATES RECORD WAS SET OR TIED.
MM INDICATES DATA IS MISSING.
T  INDICATES TRACE AMOUNT.

$$
