000
CDUS43 KGLD 290041
CLIITR

CLIMATE REPORT
NATIONAL WEATHER SERVICE GOODLAND
641 PM MDT TUE OCT 28 2014

...................................

...THE BURLINGTON CO CLIMATE SUMMARY FOR OCTOBER 28 2014...
VALID TODAY AS OF 0600 PM LOCAL TIME.

CLIMATE NORMAL PERIOD 1981 TO 2010
CLIMATE RECORD PERIOD 1896 TO 2014

WEATHER ITEM   OBSERVED TIME   RECORD YEAR NORMAL DEPARTURE LAST
                VALUE   (LST)  VALUE       VALUE  FROM      YEAR
                                                  NORMAL
..................................................................
TEMPERATURE (F)
 TODAY
  MAXIMUM         61    232 PM  84    1943  61      0       43
  MINIMUM         28    638 AM   9    1925  32     -4       35
  AVERAGE         45                        46     -1       39

PRECIPITATION (IN)
  TODAY            0.00                      0.03  -0.03     0.00
  MONTH TO DATE    0.69                      1.08  -0.39     0.62
  SINCE SEP 1      1.76                      2.22  -0.46     6.07
  SINCE JAN 1     11.66                     16.37  -4.71    16.52

..................................................................

THE BURLINGTON CO CLIMATE NORMALS FOR TOMORROW
                         NORMAL    RECORD    YEAR
 MAXIMUM TEMPERATURE (F)   60        88      2003
                                             1968
 MINIMUM TEMPERATURE (F)   31        10      1925

-  INDICATES NEGATIVE NUMBERS.
R  INDICATES RECORD WAS SET OR TIED.
MM INDICATES DATA IS MISSING.
T  INDICATES TRACE AMOUNT.

$$
