000
CDUS43 KGLD 300740
CLIITR

CLIMATE REPORT
NATIONAL WEATHER SERVICE GOODLAND
138 AM MDT WED JUL 30 2014

...................................

...THE BURLINGTON CO CLIMATE SUMMARY FOR JULY 29 2014...

CLIMATE NORMAL PERIOD 1981 TO 2010
CLIMATE RECORD PERIOD 1896 TO 2014

WEATHER ITEM   OBSERVED TIME   RECORD YEAR NORMAL DEPARTURE LAST
                VALUE   (LST)  VALUE       VALUE  FROM      YEAR
                                                  NORMAL
..................................................................
TEMPERATURE (F)
 YESTERDAY
  MAXIMUM         85   1235 PM 100    2012  88     -3       82
                                      2001
  MINIMUM         59    501 AM  47    1956  61     -2       60
  AVERAGE         72                        75     -3       71

PRECIPITATION (IN)
  YESTERDAY        0.30                      0.09   0.21      T
  MONTH TO DATE    2.68                      2.98  -0.30     0.90
  SINCE JUN 1      5.04                      5.86  -0.82     2.89
  SINCE JAN 1      7.96                     11.59  -3.63     8.49

..................................................................

THE BURLINGTON CO CLIMATE NORMALS FOR TODAY
                         NORMAL    RECORD    YEAR
 MAXIMUM TEMPERATURE (F)   88       101      2005
 MINIMUM TEMPERATURE (F)   61        51      1971

-  INDICATES NEGATIVE NUMBERS.
R  INDICATES RECORD WAS SET OR TIED.
MM INDICATES DATA IS MISSING.
T  INDICATES TRACE AMOUNT.

$$
