000
CDUS43 KGLD 200042
CLIITR

CLIMATE REPORT
NATIONAL WEATHER SERVICE GOODLAND
639 PM MDT SUN OCT 19 2014


...................................

...THE BURLINGTON CO CLIMATE SUMMARY FOR OCTOBER 19 2014...
VALID TODAY AS OF 0600 PM LOCAL TIME.

CLIMATE NORMAL PERIOD 1981 TO 2010
CLIMATE RECORD PERIOD 1896 TO 2014


WEATHER ITEM   OBSERVED TIME   RECORD YEAR NORMAL DEPARTURE LAST
                VALUE   (LST)  VALUE       VALUE  FROM      YEAR
                                                  NORMAL
..................................................................
TEMPERATURE (F)
 TODAY
  MAXIMUM         77    154 PM  90    2003  64     13       65
  MINIMUM         39    424 AM  19    1932  35      4       30
  AVERAGE         58                        50      8       48

PRECIPITATION (IN)
  TODAY            0.00                      0.04  -0.04     0.00
  MONTH TO DATE    0.69                      0.76  -0.07     0.62
  SINCE SEP 1      1.76                      1.90  -0.14     6.07
  SINCE JAN 1     11.66                     16.05  -4.39    16.52

..................................................................


THE BURLINGTON CO CLIMATE NORMALS FOR TOMORROW
                         NORMAL    RECORD    YEAR
 MAXIMUM TEMPERATURE (F)   64        90      1921
 MINIMUM TEMPERATURE (F)   35        20      1982



-  INDICATES NEGATIVE NUMBERS.
R  INDICATES RECORD WAS SET OR TIED.
MM INDICATES DATA IS MISSING.
T  INDICATES TRACE AMOUNT.

$$
