000
CDUS43 KGLD 260038 RRA
CLIITR

CLIMATE REPORT
NATIONAL WEATHER SERVICE GOODLAND
636 PM MDT MON AUG 25 2014


...................................

...THE BURLINGTON CO CLIMATE SUMMARY FOR AUGUST 25 2014...
VALID TODAY AS OF 0600 PM LOCAL TIME.

CLIMATE NORMAL PERIOD 1981 TO 2010
CLIMATE RECORD PERIOD 1896 TO 2014


WEATHER ITEM   OBSERVED TIME   RECORD YEAR NORMAL DEPARTURE LAST
                VALUE   (LST)  VALUE       VALUE  FROM      YEAR
                                                  NORMAL
..................................................................
TEMPERATURE (F)
 TODAY
  MAXIMUM         84    254 PM  99    1973  85     -1       96
  MINIMUM         58    405 AM  40    1961  56      2       66
  AVERAGE         71                        70      1       81

PRECIPITATION (IN)
  TODAY            0.00                      0.08  -0.08     0.00
  MONTH TO DATE    1.48                      1.96  -0.48     1.86
  SINCE JUN 1      6.52                      7.97  -1.45     4.79
  SINCE JAN 1      9.44                     13.70  -4.26    10.39

..................................................................







THE BURLINGTON CO CLIMATE NORMALS FOR TOMORROW
                         NORMAL    RECORD    YEAR
 MAXIMUM TEMPERATURE (F)   84       101      1919
 MINIMUM TEMPERATURE (F)   56        43      1942



-  INDICATES NEGATIVE NUMBERS.
R  INDICATES RECORD WAS SET OR TIED.
MM INDICATES DATA IS MISSING.
T  INDICATES TRACE AMOUNT.




$$
