000
CDUS43 KGLD 250742 RRA
CLIITR

CLIMATE REPORT
NATIONAL WEATHER SERVICE GOODLAND
139 AM MDT WED MAR 25 2015


...................................

...THE BURLINGTON CO CLIMATE SUMMARY FOR MARCH 24 2015...

CLIMATE NORMAL PERIOD 1981 TO 2010
CLIMATE RECORD PERIOD 1896 TO 2015


WEATHER ITEM   OBSERVED TIME   RECORD YEAR NORMAL DEPARTURE LAST
                VALUE   (LST)  VALUE       VALUE  FROM      YEAR
                                                  NORMAL
..................................................................
TEMPERATURE (F)
 YESTERDAY
  MAXIMUM         65    353 PM  83    2004  57      8       46
  MINIMUM         28    326 AM  -4    1965  27      1       22
  AVERAGE         47                        42      5       34

PRECIPITATION (IN)
  YESTERDAY        0.02                      0.03  -0.01     0.00
  MONTH TO DATE    0.25                      0.66  -0.41     0.20
  SINCE MAR 1      0.25                      0.66  -0.41     0.20
  SINCE JAN 1      1.39                      1.46  -0.07     0.90

..................................................................







THE BURLINGTON CO CLIMATE NORMALS FOR TODAY
                         NORMAL    RECORD    YEAR
 MAXIMUM TEMPERATURE (F)   57        83      1998
 MINIMUM TEMPERATURE (F)   28        -2      2013



-  INDICATES NEGATIVE NUMBERS.
R  INDICATES RECORD WAS SET OR TIED.
MM INDICATES DATA IS MISSING.
T  INDICATES TRACE AMOUNT.




$$
