000
CDUS43 KGLD 240750
CLIITR

CLIMATE REPORT
NATIONAL WEATHER SERVICE GOODLAND
145 AM MDT SUN MAY 24 2015

...................................

...THE BURLINGTON CO CLIMATE SUMMARY FOR MAY 23 2015...

CLIMATE NORMAL PERIOD 1981 TO 2010
CLIMATE RECORD PERIOD 1896 TO 2015


WEATHER ITEM   OBSERVED TIME   RECORD YEAR NORMAL DEPARTURE LAST
                VALUE   (LST)  VALUE       VALUE  FROM      YEAR
                                                  NORMAL
..................................................................
TEMPERATURE (F)
 YESTERDAY
  MAXIMUM         67    231 PM  94    1967  76     -9       70
  MINIMUM         50    949 PM  33    1930  47      3       54
  AVERAGE         59                        61     -2       62

PRECIPITATION (IN)
  YESTERDAY        0.73                      0.09   0.64     0.02
  MONTH TO DATE    5.45                      1.78   3.67     0.73
  SINCE MAR 1      8.13                      4.13   4.00     1.37
  SINCE JAN 1      9.27                      4.93   4.34     2.07

..................................................................


THE BURLINGTON CO CLIMATE NORMALS FOR TODAY
                         NORMAL    RECORD    YEAR
 MAXIMUM TEMPERATURE (F)   76        95      1967
 MINIMUM TEMPERATURE (F)   47        32      2002



-  INDICATES NEGATIVE NUMBERS.
R  INDICATES RECORD WAS SET OR TIED.
MM INDICATES DATA IS MISSING.
T  INDICATES TRACE AMOUNT.

$$
