000
CDUS43 KGLD 060040
CLIITR

CLIMATE REPORT
NATIONAL WEATHER SERVICE GOODLAND
537 PM MST MON DEC 5 2016

...................................

...THE BURLINGTON CO CLIMATE SUMMARY FOR DECEMBER 5 2016...
VALID TODAY AS OF 0500 PM LOCAL TIME.

CLIMATE NORMAL PERIOD 1981 TO 2010
CLIMATE RECORD PERIOD 1896 TO 2016


WEATHER ITEM   OBSERVED TIME   RECORD YEAR NORMAL DEPARTURE LAST
                VALUE   (LST)  VALUE       VALUE  FROM      YEAR
                                                  NORMAL
..................................................................
TEMPERATURE (F)
 TODAY
  MAXIMUM         61    103 PM  75    1939  44     17       55
  MINIMUM         24    531 AM -11    1972  17      7       26
  AVERAGE         43                        30     13       41

PRECIPITATION (IN)
  TODAY            0.00                      0.02  -0.02     0.00
  MONTH TO DATE    0.00                      0.11  -0.11     0.00
  SINCE DEC 1      0.00                      0.11  -0.11     0.00
  SINCE JAN 1     18.97                     17.14   1.83    23.24

..................................................................

THE BURLINGTON CO CLIMATE NORMALS FOR TOMORROW
                         NORMAL    RECORD    YEAR
 MAXIMUM TEMPERATURE (F)   43        81      1939
 MINIMUM TEMPERATURE (F)   17       -10      1950

-  INDICATES NEGATIVE NUMBERS.
R  INDICATES RECORD WAS SET OR TIED.
MM INDICATES DATA IS MISSING.
T  INDICATES TRACE AMOUNT.

$$
