000
CDUS43 KGLD 090745
CLIITR

CLIMATE REPORT
NATIONAL WEATHER SERVICE GOODLAND
1236 AM MST TUE FEB 9 2016

...................................

...THE BURLINGTON CO CLIMATE SUMMARY FOR FEBRUARY 8 2016...

CLIMATE NORMAL PERIOD 1981 TO 2010
CLIMATE RECORD PERIOD 1896 TO 2016


WEATHER ITEM   OBSERVED TIME   RECORD YEAR NORMAL DEPARTURE LAST
                VALUE   (LST)  VALUE       VALUE  FROM      YEAR
                                                  NORMAL
..................................................................
TEMPERATURE (F)
 YESTERDAY
  MAXIMUM         39    409 PM  74    1907  43     -4       69
  MINIMUM         19    415 AM -23    1936  17      2       30
  AVERAGE         29                        30     -1       50

PRECIPITATION (IN)
  YESTERDAY        0.00                      0.01  -0.01     0.00
  MONTH TO DATE    0.12                      0.09   0.03      T
  SINCE DEC 1      0.39                      0.90  -0.51     2.75
  SINCE JAN 1      0.13                      0.47  -0.34     0.28

..................................................................

THE BURLINGTON CO CLIMATE NORMALS FOR TODAY
                         NORMAL    RECORD    YEAR
 MAXIMUM TEMPERATURE (F)   43        75      1976
 MINIMUM TEMPERATURE (F)   18       -23      1933

-  INDICATES NEGATIVE NUMBERS.
R  INDICATES RECORD WAS SET OR TIED.
MM INDICATES DATA IS MISSING.
T  INDICATES TRACE AMOUNT.

$$
