000
CDUS43 KGLD 270746
CLIITR

CLIMATE REPORT
NATIONAL WEATHER SERVICE GOODLAND
1241 AM MST FRI FEB 27 2015

...................................

...THE BURLINGTON CO CLIMATE SUMMARY FOR FEBRUARY 26 2015...

CLIMATE NORMAL PERIOD 1981 TO 2010
CLIMATE RECORD PERIOD 1896 TO 2015

WEATHER ITEM   OBSERVED TIME   RECORD YEAR NORMAL DEPARTURE LAST
                VALUE   (LST)  VALUE       VALUE  FROM      YEAR
                                                  NORMAL
..................................................................
TEMPERATURE (F)
 YESTERDAY
  MAXIMUM         19   1205 AM  72    1995  48    -29       45
  MINIMUM         13   1159 PM  -6    1962  20     -7       -1
  AVERAGE         16                        34    -18       22

PRECIPITATION (IN)
  YESTERDAY        T                         0.02  -0.02     0.00
  MONTH TO DATE    0.86                      0.38   0.48     0.37
  SINCE DEC 1      3.61                      1.19   2.42     0.79
  SINCE JAN 1      1.14                      0.76   0.38     0.70

..................................................................

THE BURLINGTON CO CLIMATE NORMALS FOR TODAY
                         NORMAL    RECORD    YEAR
 MAXIMUM TEMPERATURE (F)   48        77      1904
 MINIMUM TEMPERATURE (F)   21        -6      1960

-  INDICATES NEGATIVE NUMBERS.
R  INDICATES RECORD WAS SET OR TIED.
MM INDICATES DATA IS MISSING.
T  INDICATES TRACE AMOUNT.

$$
