000
CDUS43 KGLD 200743
CLIITR

CLIMATE REPORT
NATIONAL WEATHER SERVICE GOODLAND
137 AM MDT SUN APR 20 2014


...................................

...THE BURLINGTON CO CLIMATE SUMMARY FOR APRIL 19 2014...

CLIMATE NORMAL PERIOD 1981 TO 2010
CLIMATE RECORD PERIOD 1896 TO 2014


WEATHER ITEM   OBSERVED TIME   RECORD YEAR NORMAL DEPARTURE LAST
                VALUE   (LST)  VALUE       VALUE  FROM      YEAR
                                                  NORMAL
..................................................................
TEMPERATURE (F)
 YESTERDAY
  MAXIMUM         73    243 PM  89    2001  63     10       59
                                      1948
  MINIMUM         45    421 AM  17    1966  34     11       20
  AVERAGE         59                        49     10       40

PRECIPITATION (IN)
  YESTERDAY        0.00                      0.06  -0.06     0.00
  MONTH TO DATE    0.15                      0.75  -0.60     0.25
  SINCE MAR 1      0.36                      1.64  -1.28     2.35
  SINCE JAN 1      1.06                      2.44  -1.38     2.84

..................................................................







THE BURLINGTON CO CLIMATE NORMALS FOR TODAY
                         NORMAL    RECORD    YEAR
 MAXIMUM TEMPERATURE (F)   63        89      1962
 MINIMUM TEMPERATURE (F)   35        21      1953



-  INDICATES NEGATIVE NUMBERS.
R  INDICATES RECORD WAS SET OR TIED.
MM INDICATES DATA IS MISSING.
T  INDICATES TRACE AMOUNT.




$$
