000
CDUS43 KGLD 170738 RRA
CLIITR

CLIMATE REPORT
NATIONAL WEATHER SERVICE GOODLAND
136 AM MDT SUN SEP 17 2017

...................................

...THE BURLINGTON CO CLIMATE SUMMARY FOR SEPTEMBER 16 2017...

CLIMATE NORMAL PERIOD 1981 TO 2010
CLIMATE RECORD PERIOD 1896 TO 2017

WEATHER ITEM   OBSERVED TIME   RECORD YEAR NORMAL DEPARTURE LAST
                VALUE   (LST)  VALUE       VALUE  FROM      YEAR
                                                  NORMAL
..................................................................
TEMPERATURE (F)
 YESTERDAY
  MAXIMUM         69    410 PM  96    1955  78     -9       77
  MINIMUM         49   1156 PM  30    1951  48      1       46
  AVERAGE         59                        63     -4       62

PRECIPITATION (IN)
  YESTERDAY        0.00                      0.04  -0.04     0.00
  MONTH TO DATE    0.02                      0.68  -0.66     2.84
  SINCE SEP 1      0.02                      0.68  -0.66     2.84
  SINCE JAN 1     23.32                     14.83   8.49    17.77

..................................................................

THE BURLINGTON CO CLIMATE NORMALS FOR TODAY
                         NORMAL    RECORD    YEAR
 MAXIMUM TEMPERATURE (F)   78        96      2000
                                             1954
 MINIMUM TEMPERATURE (F)   48        34      1971

-  INDICATES NEGATIVE NUMBERS.
R  INDICATES RECORD WAS SET OR TIED.
MM INDICATES DATA IS MISSING.
T  INDICATES TRACE AMOUNT.

$$
