000
CDUS43 KGLD 060041
CLIITR

WRKCLIITR 000
TTAA00 KGLD 060040

CLIMATE REPORT
NATIONAL WEATHER SERVICE GOODLAND
636 PM MDT SUN JUL 5 2015
...................................

...THE BURLINGTON CO CLIMATE SUMMARY FOR JULY 5 2015...
VALID TODAY AS OF 0600 PM LOCAL TIME.

CLIMATE NORMAL PERIOD 1981 TO 2010
CLIMATE RECORD PERIOD 1896 TO 2015

WEATHER ITEM   OBSERVED TIME   RECORD YEAR NORMAL DEPARTURE LAST
                VALUE   (LST)  VALUE       VALUE  FROM      YEAR
                                                  NORMAL
..................................................................
TEMPERATURE (F)
 TODAY
  MAXIMUM         99    215 PM 103    1973  88     11       95
                                      1913
  MINIMUM         61    500 AM  46    1969  59      2       59
  AVERAGE         80                        74      6       77

PRECIPITATION (IN)
  TODAY            0.00                      0.11  -0.11     0.00
  MONTH TO DATE    0.38                      0.57  -0.19     0.04
  SINCE JUN 1      3.29                      3.45  -0.16     2.40
  SINCE JAN 1     14.31                      9.18   5.13     5.32

..................................................................

THE BURLINGTON CO CLIMATE NORMALS FOR TOMORROW
                         NORMAL    RECORD    YEAR
 MAXIMUM TEMPERATURE (F)   88       107      2001
 MINIMUM TEMPERATURE (F)   59        47      2005

-  INDICATES NEGATIVE NUMBERS.
R  INDICATES RECORD WAS SET OR TIED.
MM INDICATES DATA IS MISSING.
T  INDICATES TRACE AMOUNT.

$$
