000
CDUS43 KGLD 240737 RRA
CLIITR

CLIMATE REPORT
NATIONAL WEATHER SERVICE GOODLAND
135 AM MDT WED MAY 24 2017

...................................

...THE BURLINGTON CO CLIMATE SUMMARY FOR MAY 23 2017...

CLIMATE NORMAL PERIOD 1981 TO 2010
CLIMATE RECORD PERIOD 1896 TO 2017


WEATHER ITEM   OBSERVED TIME   RECORD YEAR NORMAL DEPARTURE LAST
                VALUE   (LST)  VALUE       VALUE  FROM      YEAR
                                                  NORMAL
..................................................................
TEMPERATURE (F)
 YESTERDAY
  MAXIMUM         62    253 PM  94    1967  76    -14       76
  MINIMUM         37   1159 PM  33    1930  47    -10       49
  AVERAGE         50                        61    -11       63

PRECIPITATION (IN)
  YESTERDAY        0.00                      0.09  -0.09     0.00
  MONTH TO DATE    4.31                      1.78   2.53     0.92
  SINCE MAR 1     10.13                      4.13   6.00     6.64
  SINCE JAN 1     10.69                      4.93   5.76     7.45

..................................................................


THE BURLINGTON CO CLIMATE NORMALS FOR TODAY
                         NORMAL    RECORD    YEAR
 MAXIMUM TEMPERATURE (F)   76        95      1967
 MINIMUM TEMPERATURE (F)   47        32      2002


-  INDICATES NEGATIVE NUMBERS.
R  INDICATES RECORD WAS SET OR TIED.
MM INDICATES DATA IS MISSING.
T  INDICATES TRACE AMOUNT.


$$
