000
CDUS43 KGLD 040743 RRA
CLIITR

CLIMATE REPORT
NATIONAL WEATHER SERVICE GOODLAND
140 AM MDT WED MAY 4 2016

...................................

...THE BURLINGTON CO CLIMATE SUMMARY FOR MAY 3 2016...

CLIMATE NORMAL PERIOD 1981 TO 2010
CLIMATE RECORD PERIOD 1896 TO 2016


WEATHER ITEM   OBSERVED TIME   RECORD YEAR NORMAL DEPARTURE LAST
                VALUE   (LST)  VALUE       VALUE  FROM      YEAR
                                                  NORMAL
..................................................................
TEMPERATURE (F)
 YESTERDAY
  MAXIMUM         67    446 PM  87    1963  68     -1       82
  MINIMUM         41   1159 PM  21    1907  40      1       50
  AVERAGE         54                        54      0       66

PRECIPITATION (IN)
  YESTERDAY        0.00                      0.08  -0.08     0.14
  MONTH TO DATE    T                         0.24  -0.24     0.14
  SINCE MAR 1      5.72                      2.59   3.13     2.82
  SINCE JAN 1      6.53                      3.39   3.14     3.96

..................................................................


THE BURLINGTON CO CLIMATE NORMALS FOR TODAY
                         NORMAL    RECORD    YEAR
 MAXIMUM TEMPERATURE (F)   68        92      1963
 MINIMUM TEMPERATURE (F)   40        27      2013



-  INDICATES NEGATIVE NUMBERS.
R  INDICATES RECORD WAS SET OR TIED.
MM INDICATES DATA IS MISSING.
T  INDICATES TRACE AMOUNT.

$$
