000
CDUS43 KGLD 250748
CLIITR

CLIMATE REPORT
NATIONAL WEATHER SERVICE GOODLAND
1246 AM MST THU DEC 25 2014


...................................

...THE BURLINGTON CO CLIMATE SUMMARY FOR DECEMBER 24 2014...

CLIMATE NORMAL PERIOD 1981 TO 2010
CLIMATE RECORD PERIOD 1896 TO 2014


WEATHER ITEM   OBSERVED TIME   RECORD YEAR NORMAL DEPARTURE LAST
                VALUE   (LST)  VALUE       VALUE  FROM      YEAR
                                                  NORMAL
..................................................................
TEMPERATURE (F)
 YESTERDAY
  MAXIMUM         40    313 PM  79    1955  41     -1       62
  MINIMUM         12    650 AM -16    1983  15     -3       18
  AVERAGE         26                        28     -2       40

PRECIPITATION (IN)
  YESTERDAY        0.00                      0.01  -0.01     0.00
  MONTH TO DATE    0.84                      0.36   0.48     0.09
  SINCE DEC 1      0.84                      0.36   0.48     0.09
  SINCE JAN 1     12.52                     17.39  -4.87    16.80

..................................................................


THE BURLINGTON CO CLIMATE NORMALS FOR TODAY
                         NORMAL    RECORD    YEAR
 MAXIMUM TEMPERATURE (F)   41        67      1929
 MINIMUM TEMPERATURE (F)   15       -12      1983



-  INDICATES NEGATIVE NUMBERS.
R  INDICATES RECORD WAS SET OR TIED.
MM INDICATES DATA IS MISSING.
T  INDICATES TRACE AMOUNT.

$$
