237
CDUS43 KGLD 210742
CLIITR

CLIMATE REPORT
NATIONAL WEATHER SERVICE GOODLAND
1237 AM MST TUE FEB 21 2017


...................................

...THE BURLINGTON CO CLIMATE SUMMARY FOR FEBRUARY 20 2017...

CLIMATE NORMAL PERIOD 1981 TO 2010
CLIMATE RECORD PERIOD 1896 TO 2017


WEATHER ITEM   OBSERVED TIME   RECORD YEAR NORMAL DEPARTURE LAST
                VALUE   (LST)  VALUE       VALUE  FROM      YEAR
                                                  NORMAL
..................................................................
TEMPERATURE (F)
 YESTERDAY
  MAXIMUM         63    339 PM  74    1972  46     17       65
  MINIMUM         35    834 PM  -7    1918  19     16       34
  AVERAGE         49                        32     17       50

PRECIPITATION (IN)
  YESTERDAY        0.00                      0.02  -0.02     0.00
  MONTH TO DATE    T                         0.26  -0.26     0.80
  SINCE DEC 1      0.90                      1.07  -0.17     1.07
  SINCE JAN 1      0.56                      0.64  -0.08     0.81

..................................................................


THE BURLINGTON CO CLIMATE NORMALS FOR TODAY
                         NORMAL    RECORD    YEAR
 MAXIMUM TEMPERATURE (F)   46        72      2000
 MINIMUM TEMPERATURE (F)   19        -4      1911


-  INDICATES NEGATIVE NUMBERS.
R  INDICATES RECORD WAS SET OR TIED.
MM INDICATES DATA IS MISSING.
T  INDICATES TRACE AMOUNT.

$$
