000
CXUS53 KGLD 250800
CF6MCK
PRELIMINARY LOCAL CLIMATOLOGICAL DATA (WS FORM: F-6)

                                          STATION:   MCCOOK NE
                                          MONTH:     NOVEMBER
                                          YEAR:      2017
                                          LATITUDE:   40 13 N
                                          LONGITUDE: 100 35 W

  TEMPERATURE IN F:       :PCPN:    SNOW:  WIND      :SUNSHINE: SKY     :PK WND
================================================================================
1   2   3   4   5  6A  6B    7    8   9   10  11  12  13   14  15   16   17  18
                                     12Z  AVG MX 2MIN
DY MAX MIN AVG DEP HDD CDD  WTR  SNW DPTH SPD SPD DIR MIN PSBL S-S WX    SPD DR
================================================================================

 1  65  29  47   2  18   0 0.00    M    M  5.6 15 140   M    M   3        19 150
 2  53  35  44  -1  21   0 0.00    M    M 12.5 25  30   M    M   2 8      34  20
 3  42  25  34 -10  31   0 0.00    M    M  7.6 16 130   M    M   7 18     20 140
 4  56  38  47   3  18   0 0.00    M    M  9.8 24  20   M    M   5 1      31  20
 5  49  29  39  -4  26   0 0.00    M    M 10.3 29  20   M    M   5        36  20
 6  41  23  32 -11  33   0 0.00    M    M  5.2 12 150   M    M   8        14 140
 7  39  20  30 -12  35   0 0.00    M    M  7.2 16  30   M    M   8 18     19  20
 8  55  17  36  -6  29   0 0.00    M    M 10.1 25 210   M    M   0 1      34 230
 9  40  20  30 -11  35   0 0.00    M    M  9.1 18  80   M    M   0 1      24  70
10  41  20  31 -10  34   0 0.00    M    M 10.2 18 190   M    M  10        24 140
11  49  35  42   2  23   0 0.00  0.0    0  5.1 10 180   M    M   9 1      14 190
12  53  26  40   0  25   0 0.00    M    M  6.5 13 190   M    M   2 18     17 200
13  57  30  44   5  21   0 0.00    M    M  8.9 20 200   M    M   6 128    26 200
14  52  39  46   7  19   0 0.00    M    M  6.9 24 360   M    M   6 12     34 360
15  56  29  43   5  22   0 0.00    M    M  7.6 26  10   M    M   0        34 360
16  65  33  49  11  16   0 0.00    M    M 12.5 25 180   M    M   0        35 180
17  64  37  51  14  14   0 0.04    M    M  9.9 23 360   M    M   2 1      29 360
18  50  26  38   1  27   0 0.12    M    M 16.1 30 330   M    M   3 1      40 310
19  62  21  42   6  23   0 0.00    M    M  9.3 18 240   M    M   0        24 230
20  73  25  49  13  16   0 0.00    M    M 11.1 30 290   M    M   0 8      40 290
21  54  23  39   4  26   0 0.00    M    M 11.8 26 350   M    M   3        37  30
22  68  22  45  10  20   0 0.00    M    M  5.9 12 270   M    M   0 8      15 260
23  72  37  55  21  10   0 0.00    M    M  9.6 18 240   M    M   0        24 250
24  78  36  57  23   8   0 0.00  0.0    0 12.9 46 330   M    M   0 8      59 320
================================================================================
SM 1334  675       550   0  0.16     0.0 221.7          M       79
================================================================================
AV 55.6 28.1                               9.2 FASTST   M    M   3    MAX(MPH)
                                 MISC ---->  # 46 330               # 59  320
================================================================================
NOTES:
# LAST OF SEVERAL OCCURRENCES

COLUMN 17 PEAK WIND IN M.P.H.

PRELIMINARY LOCAL CLIMATOLOGICAL DATA (WS FORM: F-6) , PAGE 2

                                          STATION:  MCCOOK NE
                                          MONTH:    NOVEMBER
                                          YEAR:     2017
                                          LATITUDE:   40 13 N
                                          LONGITUDE: 100 35 W

[TEMPERATURE DATA]      [PRECIPITATION DATA]       SYMBOLS USED IN COLUMN 16

AVERAGE MONTHLY: 41.9   TOTAL FOR MONTH:   0.16    1 = FOG OR MIST
DPTR FM NORMAL:   2.4   DPTR FM NORMAL:   -0.63    2 = FOG REDUCING VISIBILITY
HIGHEST:    78 ON 24    GRTST 24HR  0.12 ON 18-18      TO 1/4 MILE OR LESS
LOWEST:     17 ON  8                               3 = THUNDER
                        SNOW, ICE PELLETS, HAIL    4 = ICE PELLETS
                        TOTAL MONTH:   0.0 INCH    5 = HAIL
                        GRTST 24HR     0.0         6 = FREEZING RAIN OR DRIZZLE
                        GRTST DEPTH:   0           7 = DUSTSTORM OR SANDSTORM:
                                                       VSBY 1/2 MILE OR LESS
                                                   8 = SMOKE OR HAZE
[NO. OF DAYS WITH]      [WEATHER - DAYS WITH]      9 = BLOWING SNOW
                                                   X = TORNADO
MAX 32 OR BELOW:   0    0.01 INCH OR MORE:   2
MAX 90 OR ABOVE:   0    0.10 INCH OR MORE:   1
MIN 32 OR BELOW:  16    0.50 INCH OR MORE:   0
MIN  0 OR BELOW:   0    1.00 INCH OR MORE:   0

[HDD (BASE 65) ]
TOTAL THIS MO.   550    CLEAR  (SCALE 0-3)  15
DPTR FM NORMAL   -62    PTCLDY (SCALE 4-7)   6
TOTAL FM JUL 1  1008    CLOUDY (SCALE 8-10)  3
DPTR FM NORMAL  -163

[CDD (BASE 65) ]
TOTAL THIS MO.     0
DPTR FM NORMAL     0    [PRESSURE DATA]
TOTAL FM JAN 1  1241    HIGHEST SLP M ON M
DPTR FM NORMAL   285    LOWEST  SLP 29.42 ON 17

[REMARKS]
