000
CXUS53 KGLD 240800
CF6MCK
PRELIMINARY LOCAL CLIMATOLOGICAL DATA (WS FORM: F-6)

                                          STATION:   MCCOOK NE
                                          MONTH:     OCTOBER
                                          YEAR:      2014
                                          LATITUDE:   40 13 N
                                          LONGITUDE: 100 35 W

  TEMPERATURE IN F:       :PCPN:    SNOW:  WIND      :SUNSHINE: SKY     :PK WND
================================================================================
1   2   3   4   5  6A  6B    7    8   9   10  11  12  13   14  15   16   17  18
                                     12Z  AVG MX 2MIN
DY MAX MIN AVG DEP HDD CDD  WTR  SNW DPTH SPD SPD DIR MIN PSBL S-S WX    SPD DR
================================================================================

 1  79  47  63   6   2   0 0.01    M    M  5.9 37 320   M    M   2 1238   46 280
 2  70  45  58   1   7   0 0.01    M    M 14.9 31 360   M    M   4        40 350
 3  60  32  46 -10  19   0 0.04    M    M 17.1 41 360   M    M   2 1      50 350
 4  75  30  53  -3  12   0 0.00    M    M  8.8 26 320   M    M   2        32 320
 5  75  43  59   3   6   0 0.12    M    M 11.8 44 330   M    M   2 38     55 320
 6  82  44  63   8   2   0 0.00    M    M 10.9 28 310   M    M   0        62 160
 7  81  46  64   9   1   0 0.00    M    M  5.7 12 320   M    M   0        15  10
 8  72  44  58   4   7   0 0.00    M    M  7.1 24 190   M    M   2        33 200
 9  67  45  56   2   9   0 0.00    M    M  9.8 22  70   M    M   3        27  70
10  56  36  46  -8  19   0    T    M    M  6.9 17  40   M    M   6        23  30
11  67  31  49  -4  16   0 0.00    M    M  9.5 21 190   M    M   0 1      27 160
12  62  44  53   0  12   0 0.09    M    M 10.7 31 340   M    M   5 13     37 350
13  65  40  53   1  12   0 0.00  0.0    0 22.5 38 340   M    M   2        47 340
14  72  33  53   1  12   0 0.00  0.0    0  6.9 15 320   M    M   0 8      20 290
15  84  32  58   6   7   0 0.00    M    M  6.9 21 170   M    M   0        27 170
16  79  38  59   8   6   0 0.00    M    M  9.6 22 340   M    M   0 8      26  10
17  69  37  53   2  12   0 0.00    M    M  7.2 15 340   M    M   0        17  10
18  68  30  49  -2  16   0 0.00    M    M  6.4 20 170   M    M   0        24 160
19  74  39  57   7   8   0 0.00    M    M  4.1 10 170   M    M   0        15 160
20  79  38  59   9   6   0 0.00    M    M  6.1 13 170   M    M   0        17 210
21  81  41  61  11   4   0 0.00    M    M 10.6 23 160   M    M   0        30 160
22  72  44  58   9   7   0    T    M    M  5.5 17 180   M    M   0 1      23 180
23  75  41  58   9   7   0 0.00    M    M  6.4 15 170   M    M   3 128    20 170
================================================================================
SM 1664  900       209   0  0.27     0.0 211.3          M       33
================================================================================
AV 72.3 39.1                               9.2 FASTST   M    M   1    MAX(MPH)
                                 MISC ---->  # 44 330               # 62  160
================================================================================
NOTES:
# LAST OF SEVERAL OCCURRENCES

COLUMN 17 PEAK WIND IN M.P.H.

PRELIMINARY LOCAL CLIMATOLOGICAL DATA (WS FORM: F-6) , PAGE 2

                                          STATION:  MCCOOK NE
                                          MONTH:    OCTOBER
                                          YEAR:     2014
                                          LATITUDE:   40 13 N
                                          LONGITUDE: 100 35 W

[TEMPERATURE DATA]      [PRECIPITATION DATA]       SYMBOLS USED IN COLUMN 16

AVERAGE MONTHLY: 55.7   TOTAL FOR MONTH:   0.27    1 = FOG OR MIST
DPTR FM NORMAL:   2.8   DPTR FM NORMAL:   -1.12    2 = FOG REDUCING VISIBILITY
HIGHEST:    84 ON 15    GRTST 24HR  0.12 ON  5- 5      TO 1/4 MILE OR LESS
LOWEST:     30 ON 18, 4                            3 = THUNDER
                        SNOW, ICE PELLETS, HAIL    4 = ICE PELLETS
                        TOTAL MONTH:   0.0 INCH    5 = HAIL
                        GRTST 24HR     0.0         6 = FREEZING RAIN OR DRIZZLE
                        GRTST DEPTH:   0           7 = DUSTSTORM OR SANDSTORM:
                                                       VSBY 1/2 MILE OR LESS
                                                   8 = SMOKE OR HAZE
[NO. OF DAYS WITH]      [WEATHER - DAYS WITH]      9 = BLOWING SNOW
                                                   X = TORNADO
MAX 32 OR BELOW:   0    0.01 INCH OR MORE:   5
MAX 90 OR ABOVE:   0    0.10 INCH OR MORE:   1
MIN 32 OR BELOW:   5    0.50 INCH OR MORE:   0
MIN  0 OR BELOW:   0    1.00 INCH OR MORE:   0

[HDD (BASE 65) ]
TOTAL THIS MO.   209    CLEAR  (SCALE 0-3)  20
DPTR FM NORMAL   -76    PTCLDY (SCALE 4-7)   3
TOTAL FM JUL 1   308    CLOUDY (SCALE 8-10)  0
DPTR FM NORMAL  -106

[CDD (BASE 65) ]
TOTAL THIS MO.     0
DPTR FM NORMAL    -4    [PRESSURE DATA]
TOTAL FM JAN 1  1092    HIGHEST SLP M ON M
DPTR FM NORMAL   139    LOWEST  SLP 29.57 ON 12

[REMARKS]
