000
CXUS53 KGLD 010800
CF6MCK
PRELIMINARY LOCAL CLIMATOLOGICAL DATA (WS FORM: F-6)

                                          STATION:   MCCOOK NE
                                          MONTH:     JUNE
                                          YEAR:      2013
                                          LATITUDE:   40 13 N
                                          LONGITUDE: 100 35 W

  TEMPERATURE IN F:       :PCPN:    SNOW:  WIND      :SUNSHINE: SKY     :PK WND
================================================================================
1   2   3   4   5  6A  6B    7    8   9   10  11  12  13   14  15   16   17  18
                                     12Z  AVG MX 2MIN
DY MAX MIN AVG DEP HDD CDD  WTR  SNW DPTH SPD SPD DIR MIN PSBL S-S WX    SPD DR
================================================================================

 1  70  46  58  -7   7   0 0.00    M    M 19.7 35 330   M    M   5        41 330
 2  77  39  58  -7   7   0 0.00    M    M  9.2 22 130   M    M   0        28 130
 3  92  51  72   7   0   7 0.00    M    M 16.9 35 340   M    M   0        47 350
 4  77  58  68   2   0   3    T    M    M 11.2 20  60   M    M   5        28  30
 5  69  49  59  -7   6   0 0.03    M    M  9.7 26  20   M    M   7        32  20
 6  79  41  60  -7   5   0 0.00    M    M  4.6 14  70   M    M   1 1      16  80
 7  85  46  66  -1   0   1 0.00    M    M  8.5 30 160   M    M   1 1      40 160
 8  80  53  67   0   0   2    T    M    M 10.0 28 360   M    M   2        35 360
 9  87  51  69   1   0   4 0.00    M    M  7.9 20 310   M    M   0        26 300
10 104  51  78  10   0  13 0.00    M    M 10.0 26 110   M    M   0 3      31 110
11 108  69  89  21   0  24 0.00    M    M 11.4 38 180   M    M   0 8      49 180
12  95  61  78   9   0  13 0.00    M    M 13.1 28 360   M    M   0        33 360
13  88  54  71   2   0   6 0.10    M    M 11.0 23 210   M    M   0 38     28 210
14  96  63  80  10   0  15 0.10    M    M 13.2 28 230   M    M   1 13     41 310
15  90  61  76   6   0  11 0.00    M    M  9.6 21  40   M    M   0 8      26  40
16  91  59  75   5   0  10 0.08    M    M  8.2 31 150   M    M   2 138    49 170
17  86  54  70  -1   0   5 0.01    M    M  7.1 15  80   M    M   0 1      20  80
18  89  60  75   4   0  10 0.13    M    M  8.8 22 110   M    M   2 13     26 110
19  91  62  77   6   0  12 0.00    M    M 13.4 29 170   M    M   3        37 180
20 100  68  84  12   0  19    T    M    M 15.3 24 160   M    M   1 3      35 180
21 103  72  88  16   0  23 0.00    M    M 18.0 37 170   M    M   0 3      47 170
22  99  62  81   9   0  16 0.31    M    M 15.8 36 350   M    M   2 138    49 340
23  85  59  72  -1   0   7 0.05    M    M  9.7 17  80   M    M   1 13     26  70
24  96  61  79   6   0  14 0.29    M    M  8.9 52 240   M    M   1 13     69 230
25  97  67  82   9   0  17 0.00    M    M 10.0 29 170   M    M   0        38 170
26 102  60  81   7   0  16 0.00    M    M  4.9 12 170   M    M   0        15 170
27  94  71  83   9   0  18 0.00    M    M 10.4 24 360   M    M   0        30 360
28  94  63  79   5   0  14 0.00    M    M  8.9 21  40   M    M   0 1      30  50
29  89  59  74   0   0   9 0.00    M    M  9.1 21  20   M    M   1        32 300
30  84  54  69  -6   0   4 0.00    M    M  7.5 20  40   M    M   1        24  40
================================================================================
SM 2697 1724        25 293  1.10    M    322.0          M       36
================================================================================
AV 89.9 57.5                              10.7 FASTST   M    M   1    MAX(MPH)
                                 MISC ---->  # 52 240               # 69  230
================================================================================
NOTES:
# LAST OF SEVERAL OCCURRENCES

COLUMN 17 PEAK WIND IN M.P.H.

PRELIMINARY LOCAL CLIMATOLOGICAL DATA (WS FORM: F-6) , PAGE 2

                                          STATION:  MCCOOK NE
                                          MONTH:    JUNE
                                          YEAR:     2013
                                          LATITUDE:   40 13 N
                                          LONGITUDE: 100 35 W

[TEMPERATURE DATA]      [PRECIPITATION DATA]       SYMBOLS USED IN COLUMN 16

AVERAGE MONTHLY: 73.7   TOTAL FOR MONTH:   1.10    1 = FOG OR MIST
DPTR FM NORMAL:   3.8   DPTR FM NORMAL:   -2.28    2 = FOG REDUCING VISIBILITY
HIGHEST:   108 ON 11    GRTST 24HR  0.36 ON 22-23      TO 1/4 MILE OR LESS
LOWEST:     39 ON  2                               3 = THUNDER
                        SNOW, ICE PELLETS, HAIL    4 = ICE PELLETS
                        TOTAL MONTH:    M          5 = HAIL
                        GRTST 24HR    M  ON   M    6 = FREEZING RAIN OR DRIZZLE
                        GRTST DEPTH:  M  ON   M    7 = DUSTSTORM OR SANDSTORM:
                                                       VSBY 1/2 MILE OR LESS
                                                   8 = SMOKE OR HAZE
[NO. OF DAYS WITH]      [WEATHER - DAYS WITH]      9 = BLOWING SNOW
                                                   X = TORNADO
MAX 32 OR BELOW:   0    0.01 INCH OR MORE:   9
MAX 90 OR ABOVE:  16    0.10 INCH OR MORE:   5
MIN 32 OR BELOW:   0    0.50 INCH OR MORE:   0
MIN  0 OR BELOW:   0    1.00 INCH OR MORE:   0

[HDD (BASE 65) ]
TOTAL THIS MO.    25    CLEAR  (SCALE 0-3)  27
DPTR FM NORMAL   -11    PTCLDY (SCALE 4-7)   3
TOTAL FM JUL 1  6087    CLOUDY (SCALE 8-10)  0
DPTR FM NORMAL   -58

[CDD (BASE 65) ]
TOTAL THIS MO.   293
DPTR FM NORMAL   108    [PRESSURE DATA]
TOTAL FM JAN 1   390    HIGHEST SLP M ON M
DPTR FM NORMAL   160    LOWEST  SLP 29.46 ON 11

[REMARKS]
#FINAL-06-13#
