000
CXUS53 KGLD 010800
CF6MCK
PRELIMINARY LOCAL CLIMATOLOGICAL DATA (WS FORM: F-6)

                                          STATION:   MCCOOK NE
                                          MONTH:     SEPTEMBER
                                          YEAR:      2013
                                          LATITUDE:   40 13 N
                                          LONGITUDE: 100 35 W

  TEMPERATURE IN F:       :PCPN:    SNOW:  WIND      :SUNSHINE: SKY     :PK WND
================================================================================
1   2   3   4   5  6A  6B    7    8   9   10  11  12  13   14  15   16   17  18
                                     12Z  AVG MX 2MIN
DY MAX MIN AVG DEP HDD CDD  WTR  SNW DPTH SPD SPD DIR MIN PSBL S-S WX    SPD DR
================================================================================

 1  88  64  76   6   0  11 0.00    M    M  7.1 20 360   M    M   1        24 360
 2  93  53  73   3   0   8 0.00    M    M  5.8 15 170   M    M   0        21 200
 3  97  62  80  10   0  15 0.00    M    M 10.6 23 180   M    M   0        33 160
 4 102  62  82  13   0  17 0.00    M    M  9.6 22 160   M    M   0        28 180
 5 100  70  85  16   0  20 0.00    M    M  9.5 22 130   M    M   1        31 150
 6 106  60  83  14   0  18 0.00    M    M  8.5 18 190   M    M   0        25 200
 7 106  63  85  17   0  20 0.00    M    M  4.8 13  50   M    M   0        18 210
 8 105  61  83  15   0  18 0.00    M    M  8.8 23 180   M    M   1 128    32 220
 9  99  75  87  20   0  22 0.00    M    M 12.7 24 180   M    M   1        30 180
10  93  66  80  13   0  15 0.14    M    M  9.9 23  20   M    M   3 138    30  30
11  84  65  75   8   0  10 0.23    M    M  8.0 21 230   M    M   3 13     28 230
12  74  65  70   4   0   5 0.04    M    M  7.0 18 100   M    M   9 18     22 100
13  67  56  62  -4   3   0 0.15    M    M 10.3 17 130   M    M  10 1      23 130
14  80  59  70   5   0   5 0.01    M    M  9.6 21 180   M    M   8 13     26 180
15  69  60  65   0   0   0 0.46    M    M 10.4 23  40   M    M   8 13     28  30
16  63  56  60  -4   5   0 0.00    M    M  8.8 15  80   M    M  10        18  80
17  87  57  72   8   0   7 0.01    M    M  9.3 18 180   M    M   6 18     24 200
18  95  64  80  17   0  15 0.00    M    M  9.5 28 340   M    M   0 3     112 150
19  73  48  61  -2   4   0 0.03    M    M 10.7 28 360   M    M   2 13     33 360
20  76  43  60  -2   5   0 0.00    M    M  3.7 12 200   M    M   0 1      16 200
21  85  48  67   5   0   2 0.00    M    M  7.9 21 210   M    M   0        25 190
22  88  54  71  10   0   6 0.00    M    M 17.1 31 160   M    M   0        40 160
23  71  57  64   3   1   0    T    M    M 19.6 29 350   M    M   3        39 170
24  80  50  65   5   0   0 0.00    M    M 11.4 22 340   M    M   0 8      29 340
25  87  48  68   8   0   3 0.00    M    M 17.2 33 160   M    M   0        43 160
26  88  54  71  11   0   6 0.00    M    M  8.5 28 160   M    M   0        40 160
27  76  50  63   4   2   0 1.28    M    M 12.7 36 270   M    M   4 123    51 260
28  70  44  57  -2   8   0 0.00    M    M 10.6 21 320   M    M   2        26 310
29  80  40  60   2   5   0 0.00    M    M  9.7 22 170   M    M   0        29 180
30  87  46  67   9   0   2 0.00    M    M  8.2 18 160   M    M   0        23 150
================================================================================
SM 2569 1700        33 225  2.35    M    297.5          M       72
================================================================================
AV 85.6 56.7                               9.9 FASTST   M    M   2    MAX(MPH)
                                 MISC ---->  # 36 270               #112  150
================================================================================
NOTES:
# LAST OF SEVERAL OCCURRENCES

COLUMN 17 PEAK WIND IN M.P.H.

PRELIMINARY LOCAL CLIMATOLOGICAL DATA (WS FORM: F-6) , PAGE 2

                                          STATION:  MCCOOK NE
                                          MONTH:    SEPTEMBER
                                          YEAR:     2013
                                          LATITUDE:   40 13 N
                                          LONGITUDE: 100 35 W

[TEMPERATURE DATA]      [PRECIPITATION DATA]       SYMBOLS USED IN COLUMN 16

AVERAGE MONTHLY: 71.2   TOTAL FOR MONTH:   2.35    1 = FOG OR MIST
DPTR FM NORMAL:   6.8   DPTR FM NORMAL:    0.91    2 = FOG REDUCING VISIBILITY
HIGHEST:   106 ON  7, 6 GRTST 24HR  1.28 ON 27-27      TO 1/4 MILE OR LESS
LOWEST:     40 ON 29                               3 = THUNDER
                        SNOW, ICE PELLETS, HAIL    4 = ICE PELLETS
                        TOTAL MONTH:    M          5 = HAIL
                        GRTST 24HR    M  ON   M    6 = FREEZING RAIN OR DRIZZLE
                        GRTST DEPTH:  M  ON   M    7 = DUSTSTORM OR SANDSTORM:
                                                       VSBY 1/2 MILE OR LESS
                                                   8 = SMOKE OR HAZE
[NO. OF DAYS WITH]      [WEATHER - DAYS WITH]      9 = BLOWING SNOW
                                                   X = TORNADO
MAX 32 OR BELOW:   0    0.01 INCH OR MORE:   9
MAX 90 OR ABOVE:  10    0.10 INCH OR MORE:   5
MIN 32 OR BELOW:   0    0.50 INCH OR MORE:   1
MIN  0 OR BELOW:   0    1.00 INCH OR MORE:   1

[HDD (BASE 65) ]
TOTAL THIS MO.    33    CLEAR  (SCALE 0-3)  22
DPTR FM NORMAL   -84    PTCLDY (SCALE 4-7)   4
TOTAL FM JUL 1    40    CLOUDY (SCALE 8-10)  4
DPTR FM NORMAL   -89

[CDD (BASE 65) ]
TOTAL THIS MO.   225
DPTR FM NORMAL   127    [PRESSURE DATA]
TOTAL FM JAN 1  1410    HIGHEST SLP M ON M
DPTR FM NORMAL   461    LOWEST  SLP 29.40 ON 23

[REMARKS]
#FINAL-09-13#
