000
CXUS53 KGLD 012119
CF6MCK
PRELIMINARY LOCAL CLIMATOLOGICAL DATA (WS FORM: F-6)

                                          STATION:   MCCOOK NE
                                          MONTH:     MAY
                                          YEAR:      2013
                                          LATITUDE:   40 13 N
                                          LONGITUDE: 100 35 W

  TEMPERATURE IN F:       :PCPN:    SNOW:  WIND      :SUNSHINE: SKY     :PK WND
================================================================================
1   2   3   4   5  6A  6B    7    8   9   10  11  12  13   14  15   16   17  18
                                     12Z  AVG MX 2MIN
DY MAX MIN AVG DEP HDD CDD  WTR  SNW DPTH SPD SPD DIR MIN PSBL S-S WX    SPD DR
================================================================================

 1  49  32  41 -14  24   0 0.30    M    M 21.4 40  30   M    M  10 18     48  40
 2  54  32  43 -12  22   0    T    M    M 10.7 29 340   M    M   7 1      35 330
 3  61  25  43 -13  22   0 0.00    M    M  8.1 22  10   M    M   0        31 360
 4  62  27  45 -11  20   0 0.00    M    M 15.3 26 350   M    M   0        32  20
 5  66  25  46 -10  19   0 0.00    M    M  6.5 18 350   M    M   0        22 350
 6  73  34  54  -2  11   0 0.00    M    M  8.1 20 130   M    M   1        26 130
 7  70  51  61   4   4   0 0.08    M    M 11.0 25 120   M    M   7 1      31 120
 8  76  49  63   6   2   0 0.10    M    M  7.6 20  40   M    M   2 13     28  50
 9  65  44  55  -3  10   0 0.01    M    M 12.5 26  10   M    M   5 8      37  30
10  75  41  58   0   7   0 0.00    M    M  7.5 23  40   M    M   4 1      30  50
11  69  48  59   1   6   0 0.00    M    M 11.0 22  20   M    M   2        26  40
12  80  38  59   1   6   0 0.00    M    M  6.1 14 160   M    M   0        20 150
13  95  47  71  12   0   6 0.00    M    M  5.6 14 190   M    M   0        22 250
14 100  53  77  18   0  12 0.00    M    M  9.4 17 120   M    M   0 3      24 150
15  86  62  74  15   0   9 0.00    M    M 13.3 29  60   M    M   0        35  50
16  85  56  71  11   0   6 0.04    M    M  7.8 32 310   M    M   1 138    38 320
17  88  52  70  10   0   5 0.00    M    M 10.2 25 140   M    M   0        35 150
18  83  58  71  11   0   6 0.00    M    M 12.9 26  10   M    M   6 138    32  10
19  75  57  66   6   0   1 0.06    M    M 14.6 37 320   M    M   5 138    44 310
20  69  53  61   0   4   0    T    M    M 18.8 29 300   M    M   8        45 290
21  67  46  57  -4   8   0 0.03    M    M 16.9 33 320   M    M   7        43 320
22  75  46  61   0   4   0 0.00    M    M 11.0 20 340   M    M   3        24 340
23  71  46  59  -3   6   0    T    M    M 12.7 23 130   M    M   5        28 120
24  84  56  70   8   0   5 0.29    M    M 20.3 40 150   M    M   7 138    58 150
25  92  61  77  15   0  12 0.05    M    M 14.9 33 120   M    M   2 138    40 120
26  97  66  82  19   0  17 0.00    M    M 12.8 23 170   M    M   0 3      37 180
27  78  56  67   4   0   2 0.00    M    M 10.4 25  60   M    M   4 13     30  60
28  85  56  71   8   0   6 0.00    M    M 11.3 23  70   M    M   2 18     32  70
29  88  55  72   8   0   7 0.35    M    M 14.7 36 290   M    M   5 138    46 300
30  78  51  65   1   0   0 0.01    M    M 10.4 28 300   M    M   0 13     35 300
31  79  46  63  -1   2   0 0.00    M    M 18.1 33 290   M    M   0        41 300
================================================================================
SM 2375 1469       177  94  1.32    M    371.9          M       93
================================================================================
AV 76.6 47.4                              12.0 FASTST   M    M   3    MAX(MPH)
                                 MISC ---->  # 40  30               # 58  150
================================================================================
NOTES:
# LAST OF SEVERAL OCCURRENCES

COLUMN 17 PEAK WIND IN M.P.H.

PRELIMINARY LOCAL CLIMATOLOGICAL DATA (WS FORM: F-6) , PAGE 2

                                          STATION:  MCCOOK NE
                                          MONTH:    MAY
                                          YEAR:     2013
                                          LATITUDE:   40 13 N
                                          LONGITUDE: 100 35 W

[TEMPERATURE DATA]      [PRECIPITATION DATA]       SYMBOLS USED IN COLUMN 16

AVERAGE MONTHLY: 62.0   TOTAL FOR MONTH:   1.32    1 = FOG OR MIST
DPTR FM NORMAL:   2.4   DPTR FM NORMAL:   -1.82    2 = FOG REDUCING VISIBILITY
HIGHEST:   100 ON 14    GRTST 24HR  0.36 ON 29-30      TO 1/4 MILE OR LESS
LOWEST:     25 ON  5, 3                            3 = THUNDER
                        SNOW, ICE PELLETS, HAIL    4 = ICE PELLETS
                        TOTAL MONTH:    M          5 = HAIL
                        GRTST 24HR    M  ON   M    6 = FREEZING RAIN OR DRIZZLE
                        GRTST DEPTH:  M  ON   M    7 = DUSTSTORM OR SANDSTORM:
                                                       VSBY 1/2 MILE OR LESS
                                                   8 = SMOKE OR HAZE
[NO. OF DAYS WITH]      [WEATHER - DAYS WITH]      9 = BLOWING SNOW
                                                   X = TORNADO
MAX 32 OR BELOW:   0    0.01 INCH OR MORE:  11
MAX 90 OR ABOVE:   4    0.10 INCH OR MORE:   4
MIN 32 OR BELOW:   5    0.50 INCH OR MORE:   0
MIN  0 OR BELOW:   0    1.00 INCH OR MORE:   0

[HDD (BASE 65) ]
TOTAL THIS MO.   177    CLEAR  (SCALE 0-3)  18
DPTR FM NORMAL   -29    PTCLDY (SCALE 4-7)  11
TOTAL FM JUL 1  6062    CLOUDY (SCALE 8-10)  2
DPTR FM NORMAL   -47

[CDD (BASE 65) ]
TOTAL THIS MO.    94
DPTR FM NORMAL    55    [PRESSURE DATA]
TOTAL FM JAN 1    97    HIGHEST SLP 30.72 ON  2
DPTR FM NORMAL    52    LOWEST  SLP 29.27 ON 29

[REMARKS]
#FINAL-05-13#
