000
CXUS53 KGLD 010800
CF6MCK
PRELIMINARY LOCAL CLIMATOLOGICAL DATA (WS FORM: F-6)

                                          STATION:   MCCOOK NE
                                          MONTH:     JULY
                                          YEAR:      2013
                                          LATITUDE:   40 13 N
                                          LONGITUDE: 100 35 W

  TEMPERATURE IN F:       :PCPN:    SNOW:  WIND      :SUNSHINE: SKY     :PK WND
================================================================================
1   2   3   4   5  6A  6B    7    8   9   10  11  12  13   14  15   16   17  18
                                     12Z  AVG MX 2MIN
DY MAX MIN AVG DEP HDD CDD  WTR  SNW DPTH SPD SPD DIR MIN PSBL S-S WX    SPD DR
================================================================================

 1  81  52  67  -8   0   2 0.00    M    M  4.9 15  60   M    M   0 18     23  30
 2  86  48  67  -8   0   2 0.00    M    M  4.7 15 110   M    M   0 8      18  60
 3  91  52  72  -3   0   7 0.00    M    M  7.8 21 170   M    M   1 8      28 190
 4  94  62  78   3   0  13 0.00    M    M  9.6 22 200   M    M   1         M  M
 5  99  71  85   9   0  20 0.08    M    M 14.7 28 160   M    M   0 38     44 240
 6 103  71  87  11   0  22 0.00    M    M 11.0 28 160   M    M   0        33 150
 7  98  71  85   9   0  20 0.05    M    M 10.2 37 310   M    M   1        47 290
 8 102  68  85   9   0  20 0.32    M    M  6.6 44 190   M    M   2 138    61 190
 9 100  66  83   7   0  18 0.01    M    M  6.8 29  50   M    M   1        33  50
10  90  69  80   4   0  15    T    M    M  9.1 23 130   M    M   2 3      29 150
11  94  68  81   5   0  16 0.27    M    M 12.3 30 160   M    M   2 13     39 160
12 104  72  88  12   0  23 0.00    M    M  9.9 23 160   M    M   1        30 160
13 106  71  89  13   0  24 0.00    M    M  7.7 20 180   M    M   1 3      26 190
14  92  70  81   5   0  16 0.58    M    M  6.6 26 110   M    M   5 1238   38 110
15  88  63  76   0   0  11 0.00    M    M  7.7 20 170   M    M   2 128    31  40
16  85  64  75  -1   0  10 0.00    M    M 13.2 25 160   M    M   6        32 160
17  91  61  76   0   0  11 0.00    M    M 12.0 25 200   M    M   2        31 180
18  94  67  81   5   0  16 0.00    M    M 13.8 26 190   M    M   0        40 170
19  95  68  82   6   0  17 0.00    M    M  9.5 26  50   M    M   1 3      43  30
20  92  61  77   1   0  12 0.04    M    M  8.8  M  10   M    M   1 18      M  70
21  94  59  77   1   0  12 0.00    M    M  7.4 21  70   M    M   1        30 150
22  97  67  82   6   0  17 0.00    M    M 10.5 25  70   M    M   0 3      32  70
23  94  67  81   5   0  16 0.00    M    M 13.5 31  50   M    M   1        37  60
24  92  59  76   0   0  11    T    M    M  3.5 25 300   M    M   2 18     33 290
25  82  65  74  -2   0   9 0.12    M    M  6.5 23 160   M    M   5 1      30 160
26  86  61  74  -2   0   9 0.00    M    M  8.3 17  20   M    M   0 128    23  40
27  71  57  64 -12   1   0    T    M    M 10.6 29 150   M    M   5 3      37 150
28  61  56  59 -17   6   0 0.12    M    M  7.4 14 110   M    M  10 18     16 110
29  73  60  67  -9   0   2 0.04    M    M  6.6 13  30   M    M  10 128    15  20
30  88  63  76   0   0  11 0.00    M    M  5.4 25  50   M    M   5 128    35  40
31  88  61  75  -1   0  10 0.06    M    M  6.8 21 350   M    M   1 13     24 170
================================================================================
SM 2811 1970         7 392  1.69    M    273.4          M       69
================================================================================
AV 90.7 63.5                               8.8 FASTST   M    M   2    MAX(MPH)
                                 MISC ---->  # 44 190               # 61  190
================================================================================
NOTES:
# LAST OF SEVERAL OCCURRENCES

COLUMN 17 PEAK WIND IN M.P.H.

PRELIMINARY LOCAL CLIMATOLOGICAL DATA (WS FORM: F-6) , PAGE 2

                                          STATION:  MCCOOK NE
                                          MONTH:    JULY
                                          YEAR:     2013
                                          LATITUDE:   40 13 N
                                          LONGITUDE: 100 35 W

[TEMPERATURE DATA]      [PRECIPITATION DATA]       SYMBOLS USED IN COLUMN 16

AVERAGE MONTHLY: 77.1   TOTAL FOR MONTH:   1.69    1 = FOG OR MIST
DPTR FM NORMAL:   1.2   DPTR FM NORMAL:   -1.56    2 = FOG REDUCING VISIBILITY
HIGHEST:   106 ON 13    GRTST 24HR  0.58 ON 14-14      TO 1/4 MILE OR LESS
LOWEST:     48 ON  2                               3 = THUNDER
                        SNOW, ICE PELLETS, HAIL    4 = ICE PELLETS
                        TOTAL MONTH:    M          5 = HAIL
                        GRTST 24HR    M  ON   M    6 = FREEZING RAIN OR DRIZZLE
                        GRTST DEPTH:  M  ON   M    7 = DUSTSTORM OR SANDSTORM:
                                                       VSBY 1/2 MILE OR LESS
                                                   8 = SMOKE OR HAZE
[NO. OF DAYS WITH]      [WEATHER - DAYS WITH]      9 = BLOWING SNOW
                                                   X = TORNADO
MAX 32 OR BELOW:   0    0.01 INCH OR MORE:  11
MAX 90 OR ABOVE:  20    0.10 INCH OR MORE:   5
MIN 32 OR BELOW:   0    0.50 INCH OR MORE:   1
MIN  0 OR BELOW:   0    1.00 INCH OR MORE:   0

[HDD (BASE 65) ]
TOTAL THIS MO.     7    CLEAR  (SCALE 0-3)  24
DPTR FM NORMAL     4    PTCLDY (SCALE 4-7)   5
TOTAL FM JUL 1     7    CLOUDY (SCALE 8-10)  2
DPTR FM NORMAL     4

[CDD (BASE 65) ]
TOTAL THIS MO.   392
DPTR FM NORMAL    51    [PRESSURE DATA]
TOTAL FM JAN 1   782    HIGHEST SLP M ON M
DPTR FM NORMAL   211    LOWEST  SLP 29.59 ON  5

[REMARKS]
#FINAL-07-13#
