000
CXUS53 KGLD 030201
CF6MCK
PRELIMINARY LOCAL CLIMATOLOGICAL DATA (WS FORM: F-6)

                                          STATION:   MCCOOK NE
                                          MONTH:     MARCH
                                          YEAR:      2013
                                          LATITUDE:   40 13 N
                                          LONGITUDE: 100 35 W

  TEMPERATURE IN F:       :PCPN:    SNOW:  WIND      :SUNSHINE: SKY     :PK WND
================================================================================
1   2   3   4   5  6A  6B    7    8   9   10  11  12  13   14  15   16   17  18
                                     12Z  AVG MX 2MIN
DY MAX MIN AVG DEP HDD CDD  WTR  SNW DPTH SPD SPD DIR MIN PSBL S-S WX    SPD DR
================================================================================

 1  40  22  31  -4  34   0    T    M    M  6.0 15 360   M    M   5 1      18 350
 2  53  19  36   1  29   0 0.00    M    M  5.6 15 290   M    M   3 1      18 300
 3  54  29  42   7  23   0 0.00    M    M  6.1 13 260   M    M   0        16 270
 4  47  25  36   0  29   0    T    M    M 18.5 30 330   M    M   4 8      45 330
 5  42  21  32  -4  33   0 0.00    M    M 13.0 24 330   M    M   0        32 340
 6  46  19  33  -3  32   0 0.00    M    M 12.7 25 160   M    M   0        32 150
 7  50  24  37   0  28   0 0.00    M    M  6.9 13 120   M    M   0        16 120
 8  57  29  43   6  22   0    T    M    M  8.7 17  70   M    M   2 138    21  80
 9  55  32  44   7  21   0 0.04    M    M 18.5 41  10   M    M   8 18     49  10
10  33  19  26 -12  39   0 0.01    M    M 23.4 38 350   M    M   4 189    46 350
11  54  15  35  -3  30   0    T    M    M  9.0 21 330   M    M   2 8      25 350
12  48  24  36  -2  29   0 0.00    M    M 14.0 30 320   M    M   2        38 320
13  66  20  43   5  22   0 0.00    M    M  7.0 20 190   M    M   1        24 180
14  76  36  56  17   9   0 0.00    M    M  7.8 16 290   M    M   0        21 290
15  83  37  60  21   5   0 0.00    M    M 12.2 26 320   M    M   0        31 310
16  48  30  39   0  26   0 0.11    M    M 10.1 18 110   M    M   7 18     22 110
17  45  29  37  -3  28   0 0.03    M    M 11.5 23 120   M    M   9 128    26 120
18  52  23  38  -2  27   0 0.00    M    M 12.7 30 330   M    M   3 1      36 330
19  53  22  38  -2  27   0 0.00    M    M  7.7 22 360   M    M   3        26 360
20  51  15  33  -7  32   0 0.00    M    M  9.5 22 160   M    M   1        29 180
21  50  26  38  -3  27   0 0.07    M    M 13.8 21 110   M    M   5 18     28 110
22  51  23  37  -4  28   0 0.23    M    M 10.4 22  80   M    M   5 1      30  60
23  33  23  28 -14  37   0 0.15    M    M 16.3 28  10   M    M   9 128    32  10
24  33  10  22 -20  43   0    T    M    M 12.2 25 330   M    M   3 8      30 330
25  35  13  24 -18  41   0 0.00    M    M 12.5 24 330   M    M   2        31 310
26  50   9  30 -12  35   0 0.00    M    M  8.3 18 180   M    M   1 18     32 140
27  59  28  44   1  21   0 0.00    M    M  4.3 14 110   M    M   3        16 130
28  67  25  46   3  19   0 0.00    M    M  7.5 20 200   M    M   0 18     24 200
29  72  32  52   9  13   0    T    M    M  8.8 26 190   M    M   2 18     33 190
30  70  40  55  11  10   0 0.03    M    M  9.6 21  10   M    M   3 8      26  10
31  71  32  52   8  13   0 0.00    M    M 12.1 37  30   M    M   0        45  30
================================================================================
SM 1644  751       812   0  0.67    M    336.7          M       87
================================================================================
AV 53.0 24.2                              10.9 FASTST   M    M   3    MAX(MPH)
                                 MISC ---->  # 41  10               # 49   10
================================================================================
NOTES:
# LAST OF SEVERAL OCCURRENCES

COLUMN 17 PEAK WIND IN M.P.H.

PRELIMINARY LOCAL CLIMATOLOGICAL DATA (WS FORM: F-6) , PAGE 2

                                          STATION:  MCCOOK NE
                                          MONTH:    MARCH
                                          YEAR:     2013
                                          LATITUDE:   40 13 N
                                          LONGITUDE: 100 35 W

[TEMPERATURE DATA]      [PRECIPITATION DATA]       SYMBOLS USED IN COLUMN 16

AVERAGE MONTHLY: 38.6   TOTAL FOR MONTH:   0.67    1 = FOG OR MIST
DPTR FM NORMAL:  -0.8   DPTR FM NORMAL:   -0.69    2 = FOG REDUCING VISIBILITY
HIGHEST:    83 ON 15    GRTST 24HR  0.23 ON 22-22      TO 1/4 MILE OR LESS
LOWEST:      9 ON 26                               3 = THUNDER
                        SNOW, ICE PELLETS, HAIL    4 = ICE PELLETS
                        TOTAL MONTH:    M          5 = HAIL
                        GRTST 24HR    M  ON   M    6 = FREEZING RAIN OR DRIZZLE
                        GRTST DEPTH:  M  ON   M    7 = DUSTSTORM OR SANDSTORM:
                                                       VSBY 1/2 MILE OR LESS
                                                   8 = SMOKE OR HAZE
[NO. OF DAYS WITH]      [WEATHER - DAYS WITH]      9 = BLOWING SNOW
                                                   X = TORNADO
MAX 32 OR BELOW:   0    0.01 INCH OR MORE:   8
MAX 90 OR ABOVE:   0    0.10 INCH OR MORE:   3
MIN 32 OR BELOW:  28    0.50 INCH OR MORE:   0
MIN  0 OR BELOW:   0    1.00 INCH OR MORE:   0

[HDD (BASE 65) ]
TOTAL THIS MO.   812    CLEAR  (SCALE 0-3)  22
DPTR FM NORMAL    17    PTCLDY (SCALE 4-7)   7
TOTAL FM JUL 1  5315    CLOUDY (SCALE 8-10)  2
DPTR FM NORMAL  -116

[CDD (BASE 65) ]
TOTAL THIS MO.     0
DPTR FM NORMAL     0    [PRESSURE DATA]
TOTAL FM JAN 1     0    HIGHEST SLP 30.46 ON 20
DPTR FM NORMAL     0    LOWEST  SLP 29.51 ON  9

[REMARKS]
#FINAL-03-13#
