000
CXUS53 KGLD 041318
CF6MCK
PRELIMINARY LOCAL CLIMATOLOGICAL DATA (WS FORM: F-6)

                                          STATION:   MCCOOK NE
                                          MONTH:     FEBRUARY
                                          YEAR:      2013
                                          LATITUDE:   40 13 N
                                          LONGITUDE: 100 35 W

  TEMPERATURE IN F:       :PCPN:    SNOW:  WIND      :SUNSHINE: SKY     :PK WND
================================================================================
1   2   3   4   5  6A  6B    7    8   9   10  11  12  13   14  15   16   17  18
                                     12Z  AVG MX 2MIN
DY MAX MIN AVG DEP HDD CDD  WTR  SNW DPTH SPD SPD DIR MIN PSBL S-S WX    SPD DR
================================================================================

 1  53  18  36   8  29   0    T    M    M  9.6 23 330   M    M   5 18     30 330
 2  55  27  41  13  24   0 0.00    M    M 13.6 28 310   M    M   0        35 280
 3  53  18  36   8  29   0 0.00    M    M  8.4 21 200   M    M   0        25 190
 4  57  23  40  11  25   0 0.00    M    M  6.6 15 200   M    M   0        20 190
 5  57  25  41  12  24   0 0.00    M    M  6.7 16 280   M    M   0        20 160
 6  64  27  46  17  19   0 0.00    M    M  7.8 18 360   M    M   1        23  10
 7  56  23  40  11  25   0 0.00    M    M 10.6 22 360   M    M   1        26 360
 8  56  23  40  11  25   0 0.00    M    M 14.1 33 180   M    M   0        43 170
 9  58  31  45  16  20   0 0.18    M    M 15.0 31 170   M    M   3 18     43 170
10  39  25  32   2  33   0 0.11    M    M 24.4 43 330   M    M   7 18     52 330
11  38  19  29  -1  36   0 0.00    M    M  8.0 17 310   M    M   1        22 320
12  45  16  31   1  34   0 0.00    M    M 10.3 22 310   M    M   0        26 320
13  55  21  38   8  27   0 0.00    M    M 13.5 25 290   M    M   2        32 300
14  42  16  29  -1  36   0 0.00    M    M 11.2 32 350   M    M   4 8      38 350
15  38  14  26  -5  39   0 0.00    M    M  9.9 24 340   M    M   3        30 320
16  60  14  37   6  28   0 0.00    M    M 11.3 28 320   M    M   3        35 320
17  69  22  46  15  19   0 0.00    M    M  9.9 37  10   M    M   0        47 360
18  46  22  34   2  31   0 0.00    M    M 19.6 37 340   M    M   2        45 330
19  41  13  27  -5  38   0 0.00    M    M  9.4 20 100   M    M   0        24 110
20  23  14  19 -13  46   0 0.65    M    M 16.0 23 100   M    M   7 128    28 100
21  20  14  17 -15  48   0 0.17    M    M 13.6 23 110   M    M  10 128    28 110
22  26  -1  13 -20  52   0 0.00    M    M  8.2 15 270   M    M   2 1      17 270
23  38   3  21 -12  44   0 0.00    M    M  5.6 14 250   M    M   0 128    16 260
24  32  14  23 -10  42   0 0.01    M    M  9.4 24  30   M    M  10 128    29  20
25  36  18  27  -7  38   0    T    M    M  7.0 16 360   M    M   5 18     20 360
26  35   5  20 -14  45   0 0.00    M    M  5.6 13 270   M    M   0 1      15 270
27  34  22  28  -6  37   0 0.00    M    M 15.3 30 340   M    M   5        37 340
28  39  18  29  -5  36   0 0.00    M    M  5.6 12 310   M    M   1        14 310
================================================================================
SM 1265  504       929   0  1.12    M    306.2          M       72
================================================================================
AV 45.2 18.0                              10.9 FASTST   M    M   3    MAX(MPH)
                                 MISC ---->  # 43 330               # 52  330
================================================================================
NOTES:
# LAST OF SEVERAL OCCURRENCES

COLUMN 17 PEAK WIND IN M.P.H.

PRELIMINARY LOCAL CLIMATOLOGICAL DATA (WS FORM: F-6) , PAGE 2

                                          STATION:  MCCOOK NE
                                          MONTH:    FEBRUARY
                                          YEAR:     2013
                                          LATITUDE:   40 13 N
                                          LONGITUDE: 100 35 W

[TEMPERATURE DATA]      [PRECIPITATION DATA]       SYMBOLS USED IN COLUMN 16

AVERAGE MONTHLY: 31.6   TOTAL FOR MONTH:   1.12    1 = FOG OR MIST
DPTR FM NORMAL:   0.7   DPTR FM NORMAL:    0.50    2 = FOG REDUCING VISIBILITY
HIGHEST:    69 ON 17    GRTST 24HR  0.65 ON 20-20      TO 1/4 MILE OR LESS
LOWEST:     -1 ON 22                               3 = THUNDER
                        SNOW, ICE PELLETS, HAIL    4 = ICE PELLETS
                        TOTAL MONTH:    M          5 = HAIL
                        GRTST 24HR    M  ON   M    6 = FREEZING RAIN OR DRIZZLE
                        GRTST DEPTH:  M  ON   M    7 = DUSTSTORM OR SANDSTORM:
                                                       VSBY 1/2 MILE OR LESS
                                                   8 = SMOKE OR HAZE
[NO. OF DAYS WITH]      [WEATHER - DAYS WITH]      9 = BLOWING SNOW
                                                   X = TORNADO
MAX 32 OR BELOW:   4    0.01 INCH OR MORE:   5
MAX 90 OR ABOVE:   0    0.10 INCH OR MORE:   4
MIN 32 OR BELOW:  28    0.50 INCH OR MORE:   1
MIN  0 OR BELOW:   1    1.00 INCH OR MORE:   0

[HDD (BASE 65) ]
TOTAL THIS MO.   929    CLEAR  (SCALE 0-3)  18
DPTR FM NORMAL   -26    PTCLDY (SCALE 4-7)   8
TOTAL FM JUL 1  4503    CLOUDY (SCALE 8-10)  2
DPTR FM NORMAL  -133

[CDD (BASE 65) ]
TOTAL THIS MO.     0
DPTR FM NORMAL     0    [PRESSURE DATA]
TOTAL FM JAN 1     0    HIGHEST SLP 30.47 ON 15
DPTR FM NORMAL     0    LOWEST  SLP 29.29 ON 10

[REMARKS]
#FINAL-02-13#
