000
CXUS53 KGLD 010800
CF6MCK
PRELIMINARY LOCAL CLIMATOLOGICAL DATA (WS FORM: F-6)
STATION: MCCOOK NE
MONTH: NOVEMBER
YEAR: 2022
LATITUDE: 40 13 N
LONGITUDE: 100 35 W
TEMPERATURE IN F: :PCPN: SNOW: WIND :SUNSHINE: SKY :PK WND
================================================================================
1 2 3 4 5 6A 6B 7 8 9 10 11 12 13 14 15 16 17 18
12Z AVG MX 2MIN
DY MAX MIN AVG DEP HDD CDD WTR SNW DPTH SPD SPD DIR MIN PSBL S-S WX SPD DR
================================================================================
1 78 29 54 8 11 0 0.00 M M 9.9 23 190 M M 0 31 200
2 80 51 66 21 0 1 0.00 M M 13.0 25 170 M M 0 36 190
3 61 34 48 3 17 0 0.02 M M 15.0 24 350 M M 2 1 33 190
4 47 24 36 -8 29 0 0.00 M M 9.4 17 350 M M 5 26 330
5 72 20 46 2 19 0 0.00 M M 10.7 29 260 M M 0 40 260
6 59 39 49 6 16 0 0.00 M M 6.8 15 310 M M 2 23 300
7 55 31 43 0 22 0 0.00 M M 14.0 29 130 M M 3 37 130
8 77 47 62 20 3 0 0.00 M M 19.6 39 200 M M 6 8 52 180
9 80 33 57 15 8 0 0.00 M M 24.1 38 180 M M 2 8 55 180
10 48 21 35 -7 30 0 0.00 M M 15.4 35 320 M M 2 43 330
11 37 12 25 -16 40 0 0.00 M M 9.2 15 350 M M 1 23 320
12 42 7 25 -16 40 0 0.00 M M 5.7 15 140 M M 0 20 140
13 51 12 32 -8 33 0 0.00 M M 12.3 29 10 M M 0 37 340
14 40 20 30 -10 35 0 0.00 M M 10.5 31 350 M M 2 42 340
15 42 17 30 -10 35 0 0.00 M M 11.2 26 340 M M 5 33 330
16 41 14 28 -11 37 0 0.00 M M 11.5 25 320 M M 5 33 330
17 35 10 23 -16 42 0 T M M 11.8 26 20 M M 8 8 33 360
18 29 5 17 -21 48 0 0.00 M M 9.9 20 300 M M 2 31 290
19 40 16 28 -10 37 0 0.00 M M 10.7 20 340 M M 0 30 280
20 57 14 36 -1 29 0 0.00 M M 9.6 18 320 M M 0 30 320
21 56 18 37 0 28 0 0.00 M M 6.7 17 270 M M 0 22 270
22 60 15 38 2 27 0 0.00 M M 5.7 14 270 M M 0 8 16 280
23 63 17 40 4 25 0 0.00 M M 7.0 29 350 M M 0 8 37 350
24 52 21 37 1 28 0 0.00 M M 13.9 25 360 M M 1 33 340
25 59 18 39 4 26 0 0.00 M M 8.2 14 270 M M 0 17 270
26 61 22 42 7 23 0 0.00 M M 11.1 26 10 M M 1 34 10
27 48 31 40 6 25 0 0.00 M M 9.4 22 340 M M 4 8 28 360
28 55 21 38 4 27 0 0.00 M M 10.1 37 40 M M 0 8 46 50
29 36 12 24 -10 41 0 T M M 17.8 36 30 M M 6 18 47 40
30 34 4 19 -14 46 0 0.00 M M 8.8 16 170 M M 0 23 170
================================================================================
SM 1595 635 827 1 0.02 M 339.0 M 57
================================================================================
AV 53.2 21.2 11.3 FASTST M M 2 MAX(MPH)
MISC ----> 39 200 55 180
================================================================================
NOTES:
# LAST OF SEVERAL OCCURRENCES
COLUMN 17 PEAK WIND IN M.P.H.
PRELIMINARY LOCAL CLIMATOLOGICAL DATA (WS FORM: F-6) , PAGE 2
STATION: MCCOOK NE
MONTH: NOVEMBER
YEAR: 2022
LATITUDE: 40 13 N
LONGITUDE: 100 35 W
[TEMPERATURE DATA] [PRECIPITATION DATA] SYMBOLS USED IN COLUMN 16
AVERAGE MONTHLY: 37.2 TOTAL FOR MONTH: 0.02 1 = FOG OR MIST
DPTR FM NORMAL: -2.1 DPTR FM NORMAL: -0.59 2 = FOG REDUCING VISIBILITY
HIGHEST: 80 ON 9, 2 GRTST 24HR 0.02 ON 3- 3 TO 1/4 MILE OR LESS
LOWEST: 4 ON 30 3 = THUNDER
SNOW, ICE PELLETS, HAIL 4 = ICE PELLETS
TOTAL MONTH: M 5 = HAIL
GRTST 24HR M ON M 6 = FREEZING RAIN OR DRIZZLE
GRTST DEPTH: M ON M 7 = DUSTSTORM OR SANDSTORM:
VSBY 1/2 MILE OR LESS
8 = SMOKE OR HAZE
[NO. OF DAYS WITH] [WEATHER - DAYS WITH] 9 = BLOWING SNOW
X = TORNADO
MAX 32 OR BELOW: 1 0.01 INCH OR MORE: 1
MAX 90 OR ABOVE: 0 0.10 INCH OR MORE: 0
MIN 32 OR BELOW: 25 0.50 INCH OR MORE: 0
MIN 0 OR BELOW: 0 1.00 INCH OR MORE: 0
[HDD (BASE 65) ]
TOTAL THIS MO. 827 CLEAR (SCALE 0-3) 23
DPTR FM NORMAL 56 PTCLDY (SCALE 4-7) 7
TOTAL FM JUL 1 1179 CLOUDY (SCALE 8-10) 0
DPTR FM NORMAL -84
[CDD (BASE 65) ]
TOTAL THIS MO. 1
DPTR FM NORMAL 1 [PRESSURE DATA]
TOTAL FM JAN 1 1563 HIGHEST SLP M ON M
DPTR FM NORMAL 409 LOWEST SLP 29.41 ON 5
[REMARKS]
#FINAL-11-22#