000
CXUS53 KGLD 022103
CF6MCK
PRELIMINARY LOCAL CLIMATOLOGICAL DATA (WS FORM: F-6)

                                          STATION:   MCCOOK NE
                                          MONTH:     APRIL
                                          YEAR:      2013
                                          LATITUDE:   40 13 N
                                          LONGITUDE: 100 35 W

  TEMPERATURE IN F:       :PCPN:    SNOW:  WIND      :SUNSHINE: SKY     :PK WND
================================================================================
1   2   3   4   5  6A  6B    7    8   9   10  11  12  13   14  15   16   17  18
                                     12Z  AVG MX 2MIN
DY MAX MIN AVG DEP HDD CDD  WTR  SNW DPTH SPD SPD DIR MIN PSBL S-S WX    SPD DR
================================================================================

 1  52  30  41  -3  24   0 0.00    M    M  8.9 23  40   M    M   3        29  30
 2  52  27  40  -5  25   0 0.00    M    M  6.9 15 200   M    M   4        21 200
 3  56  32  44  -1  21   0 0.00    M    M  9.3 24 190   M    M   3        32 200
 4  68  23  46   1  19   0 0.00    M    M  5.0 12 220   M    M   0 18     16 110
 5  80  38  59  13   6   0 0.00    M    M 11.4 31 190   M    M   0 8      39 200
 6  75  43  59  13   6   0 0.00    M    M 15.6 47 320   M    M   1 8      56 310
 7  67  39  53   7  12   0 0.04    M    M  6.7 17 330   M    M   4 3      20  80
 8  72  35  54   7  11   0 0.64    M    M 11.3 45  50   M    M   5 1238   55  50
 9  42  20  31 -16  34   0 0.07    M    M   M   M   M   M    M  10 13689   M  M
10  28  20  24 -23  41   0    T    M    M 19.3 30 330   M    M  10 18     36 340
11  42  22  32 -16  33   0    T    M    M 13.7 25 340   M    M   5 1      31 320
12  56  26  41  -7  24   0 0.01    M    M  9.1 25 340   M    M   4 1      30 340
13  70  25  48   0  17   0 0.00    M    M 12.1 28 190   M    M   3 12     36 190
14  57  35  46  -3  19   0 0.00    M    M 20.1 41 310   M    M   1        53 300
15  49  32  41  -8  24   0 0.00    M    M 11.4 20  20   M    M   6        23  30
16  46  32  39 -11  26   0 0.00    M    M 14.8 24 110   M    M  10        31 100
17  39  28  34 -16  31   0    T    M    M 20.7 41 350   M    M  10 168    49 350
18  35  26  31 -19  34   0 0.17    M    M 21.5 33 330   M    M   8 18     38 320
19  59  20  40 -11  25   0 0.00    M    M 13.0 28 330   M    M   2        35 320
20  60  32  46  -5  19   0 0.00    M    M 12.9 24 110   M    M   4        30 120
21  71  31  51  -1  14   0    T    M    M  7.3 25  70   M    M   3 1      30  70
22  48  29  39 -13  26   0 0.80    M    M 19.0 35  20   M    M  10 123    40  20
23  44  26  35 -17  30   0    T    M    M 11.9 24 360   M    M   8 8      29 360
24  63  22  43  -9  22   0 0.00    M    M 10.2 32 330   M    M   1        43 330
25  75  30  53   0  12   0 0.00    M    M 13.4 36 190   M    M   2        44 180
26  79  43  61   8   4   0 0.00    M    M  9.9 26  50   M    M   0        35  60
27  81  36  59   5   6   0 0.00    M    M  6.6 18 160   M    M   0 18     25 210
28  90  42  66  12   0   1 0.00    M    M 12.3 28 260   M    M   0        38 260
29  85  49  67  13   0   2 0.00    M    M  8.6 20 170   M    M   0        25 180
30  71  49  60   5   5   0 0.00    M    M 18.5 40  30   M    M   1        48  40
================================================================================
SM 1812  942       570   3  1.73    M    361.4          M      118
================================================================================
AV 60.4 31.4                              12.5 FASTST   M    M   4    MAX(MPH)
                                 MISC ---->  # 47 320               # 56  310
================================================================================
NOTES:
# LAST OF SEVERAL OCCURRENCES

COLUMN 17 PEAK WIND IN M.P.H.

PRELIMINARY LOCAL CLIMATOLOGICAL DATA (WS FORM: F-6) , PAGE 2

                                          STATION:  MCCOOK NE
                                          MONTH:    APRIL
                                          YEAR:     2013
                                          LATITUDE:   40 13 N
                                          LONGITUDE: 100 35 W

[TEMPERATURE DATA]      [PRECIPITATION DATA]       SYMBOLS USED IN COLUMN 16

AVERAGE MONTHLY: 45.9   TOTAL FOR MONTH:   1.73    1 = FOG OR MIST
DPTR FM NORMAL:  -3.6   DPTR FM NORMAL:   -0.58    2 = FOG REDUCING VISIBILITY
HIGHEST:    90 ON 28    GRTST 24HR  0.80 ON 22-22      TO 1/4 MILE OR LESS
LOWEST:     20 ON 19,10                            3 = THUNDER
                        SNOW, ICE PELLETS, HAIL    4 = ICE PELLETS
                        TOTAL MONTH:    M          5 = HAIL
                        GRTST 24HR    M  ON   M    6 = FREEZING RAIN OR DRIZZLE
                        GRTST DEPTH:  M  ON   M    7 = DUSTSTORM OR SANDSTORM:
                                                       VSBY 1/2 MILE OR LESS
                                                   8 = SMOKE OR HAZE
[NO. OF DAYS WITH]      [WEATHER - DAYS WITH]      9 = BLOWING SNOW
                                                   X = TORNADO
MAX 32 OR BELOW:   1    0.01 INCH OR MORE:   6
MAX 90 OR ABOVE:   1    0.10 INCH OR MORE:   3
MIN 32 OR BELOW:  20    0.50 INCH OR MORE:   2
MIN  0 OR BELOW:   0    1.00 INCH OR MORE:   0

[HDD (BASE 65) ]
TOTAL THIS MO.   570    CLEAR  (SCALE 0-3)  13
DPTR FM NORMAL    98    PTCLDY (SCALE 4-7)  11
TOTAL FM JUL 1  5885    CLOUDY (SCALE 8-10)  6
DPTR FM NORMAL   -18

[CDD (BASE 65) ]
TOTAL THIS MO.     3
DPTR FM NORMAL    -3    [PRESSURE DATA]
TOTAL FM JAN 1     3    HIGHEST SLP 30.39 ON 22
DPTR FM NORMAL    -3    LOWEST  SLP 29.18 ON 14

[REMARKS]
#FINAL-04-13#
