000
CXUS53 KGLD 010800
CF6MCK
PRELIMINARY LOCAL CLIMATOLOGICAL DATA (WS FORM: F-6)
STATION: MCCOOK NE
MONTH: OCTOBER
YEAR: 2022
LATITUDE: 40 13 N
LONGITUDE: 100 35 W
TEMPERATURE IN F: :PCPN: SNOW: WIND :SUNSHINE: SKY :PK WND
================================================================================
1 2 3 4 5 6A 6B 7 8 9 10 11 12 13 14 15 16 17 18
12Z AVG MX 2MIN
DY MAX MIN AVG DEP HDD CDD WTR SNW DPTH SPD SPD DIR MIN PSBL S-S WX SPD DR
================================================================================
1 89 49 69 9 0 4 0.00 M M 11.6 24 140 M M 0 8 33 130
2 87 54 71 12 0 6 0.00 M M 13.9 25 170 M M 2 8 48 180
3 85 56 71 12 0 6 0.02 M M 10.3 30 320 M M 5 18 37 310
4 77 52 65 7 0 0 0.14 M M 4.6 14 350 M M 4 18 16 350
5 77 45 61 3 4 0 0.00 M M 6.8 20 330 M M 1 18 27 350
6 76 44 60 3 5 0 0.00 M M 10.3 20 60 M M 0 18 27 70
7 45 37 41 -16 24 0 0.23 M M 5.6 16 30 M M 9 1 21 40
8 69 37 53 -3 12 0 0.00 M M 4.9 12 260 M M 2 17 200
9 76 37 57 1 8 0 0.00 M M 5.2 13 310 M M 0 23 280
10 81 36 59 4 6 0 0.00 M M 7.5 18 220 M M 0 27 160
11 88 47 68 13 0 3 T M M 11.5 36 360 M M 1 47 360
12 71 37 54 0 11 0 0.00 M M 13.0 33 360 M M 2 43 360
13 66 39 53 -1 12 0 0.00 M M 16.7 36 330 M M 0 49 330
14 81 35 58 5 7 0 0.00 M M 13.8 35 320 M M 0 46 320
15 75 39 57 4 8 0 0.00 M M 8.8 21 340 M M 1 31 360
16 63 37 50 -2 15 0 0.00 M M 8.5 18 360 M M 4 25 340
17 61 26 44 -8 21 0 0.00 M M 5.5 16 340 M M 2 8 22 360
18 55 32 44 -8 21 0 0.00 M M 5.9 13 90 M M 4 16 90
19 77 25 51 0 14 0 0.00 M M 6.1 23 360 M M 0 8 30 360
20 81 39 60 9 5 0 0.00 M M 10.3 16 250 M M 0 23 240
21 79 44 62 12 3 0 0.00 M M 7.3 16 270 M M 0 21 260
22 86 35 61 11 4 0 0.00 M M 6.8 21 150 M M 0 29 140
23 86 47 67 18 0 2 0.00 M M 19.4 44 210 M M 2 8 62 210
24 57 31 44 -5 21 0 0.00 M M 16.1 36 330 M M 0 48 320
25 66 26 46 -2 19 0 0.00 M M 9.2 18 320 M M 2 25 300
26 62 37 50 2 15 0 0.00 M M 11.3 26 130 M M 6 35 130
27 57 40 49 1 16 0 0.03 M M 9.6 22 130 M M 7 33 140
28 62 33 48 1 17 0 0.00 M M 4.0 15 190 M M 3 1 21 180
29 72 32 52 5 13 0 0.00 M M 6.5 16 190 M M 0 1 23 180
30 67 30 49 3 16 0 0.00 M M 6.2 15 350 M M 0 21 360
31 73 27 50 4 15 0 0.00 M M 7.0 15 220 M M 0 21 200
================================================================================
SM 2247 1185 312 21 0.42 M 284.2 M 57
================================================================================
AV 72.5 38.2 9.2 FASTST M M 2 MAX(MPH)
MISC ----> 44 210 62 210
================================================================================
NOTES:
# LAST OF SEVERAL OCCURRENCES
COLUMN 17 PEAK WIND IN M.P.H.
PRELIMINARY LOCAL CLIMATOLOGICAL DATA (WS FORM: F-6) , PAGE 2
STATION: MCCOOK NE
MONTH: OCTOBER
YEAR: 2022
LATITUDE: 40 13 N
LONGITUDE: 100 35 W
[TEMPERATURE DATA] [PRECIPITATION DATA] SYMBOLS USED IN COLUMN 16
AVERAGE MONTHLY: 55.4 TOTAL FOR MONTH: 0.42 1 = FOG OR MIST
DPTR FM NORMAL: 2.8 DPTR FM NORMAL: -1.01 2 = FOG REDUCING VISIBILITY
HIGHEST: 89 ON 1 GRTST 24HR 0.23 ON 7- 7 TO 1/4 MILE OR LESS
LOWEST: 25 ON 19 3 = THUNDER
SNOW, ICE PELLETS, HAIL 4 = ICE PELLETS
TOTAL MONTH: M 5 = HAIL
GRTST 24HR M ON M 6 = FREEZING RAIN OR DRIZZLE
GRTST DEPTH: M ON M 7 = DUSTSTORM OR SANDSTORM:
VSBY 1/2 MILE OR LESS
8 = SMOKE OR HAZE
[NO. OF DAYS WITH] [WEATHER - DAYS WITH] 9 = BLOWING SNOW
X = TORNADO
MAX 32 OR BELOW: 0 0.01 INCH OR MORE: 4
MAX 90 OR ABOVE: 0 0.10 INCH OR MORE: 2
MIN 32 OR BELOW: 8 0.50 INCH OR MORE: 0
MIN 0 OR BELOW: 0 1.00 INCH OR MORE: 0
[HDD (BASE 65) ]
TOTAL THIS MO. 312 CLEAR (SCALE 0-3) 24
DPTR FM NORMAL -86 PTCLDY (SCALE 4-7) 6
TOTAL FM JUL 1 352 CLOUDY (SCALE 8-10) 1
DPTR FM NORMAL -142
[CDD (BASE 65) ]
TOTAL THIS MO. 21
DPTR FM NORMAL 8 [PRESSURE DATA]
TOTAL FM JAN 1 1562 HIGHEST SLP M ON M
DPTR FM NORMAL 408 LOWEST SLP 29.13 ON 23
[REMARKS]
#FINAL-10-22#