000
CXUS53 KGLD 010940
CF6MCK
PRELIMINARY LOCAL CLIMATOLOGICAL DATA (WS FORM: F-6)

                                          STATION:   MCCOOK NE
                                          MONTH:     JANUARY
                                          YEAR:      2013
                                          LATITUDE:   40 13 N
                                          LONGITUDE: 100 35 W

  TEMPERATURE IN F:       :PCPN:    SNOW:  WIND      :SUNSHINE: SKY     :PK WND
================================================================================
1   2   3   4   5  6A  6B    7    8   9   10  11  12  13   14  15   16   17  18
                                     12Z  AVG MX 2MIN
DY MAX MIN AVG DEP HDD CDD  WTR  SNW DPTH SPD SPD DIR MIN PSBL S-S WX    SPD DR
================================================================================

 1  23   6  15 -12  50   0    T    M    M  6.8 14 240   M    M   3 18     16 250
 2  33   8  21  -6  44   0    T    M    M 11.9 21 320   M    M   4 1      24 320
 3  26   7  17 -10  48   0 0.00    M    M  7.2 20 350   M    M   3        23 350
 4  30   5  18  -9  47   0 0.00    M    M  8.8 15 280   M    M   0        17 280
 5  39   1  20  -7  45   0 0.00    M    M 12.0 24 320   M    M   0        29 330
 6  39  10  25  -2  40   0 0.00    M    M  6.6 17 260   M    M   0        20 260
 7  41  14  28   1  37   0 0.00    M    M  5.8 17 270   M    M   0 1      20 280
 8  45   8  27   0  38   0 0.00    M    M  7.2 15 300   M    M   0 1      17 300
 9  41  19  30   3  35   0 0.00    M    M  5.9 15 260   M    M   0        18 170
10  38  30  34   7  31   0 0.00    M    M  7.0 15 170   M    M   8 12     20 180
11  36  19  28   1  37   0    T    M    M 12.9 35 320   M    M   9 126    41 320
12  20   7  14 -13  51   0 0.00    M    M 13.3 26 330   M    M   0        30 330
13  21   0  11 -16  54   0 0.00    M    M  7.8 14 310   M    M   1        16 320
14  24  -1  12 -15  53   0    T    M    M  4.8 10  80   M    M   5 8      24  60
15  27   6  17 -10  48   0 0.00    M    M  8.8 18 260   M    M   3        21 250
16  46  24  35   8  30   0 0.00    M    M 12.5 25 330   M    M   3        30 330
17  47  23  35   8  30   0 0.00    M    M  7.4 14 240   M    M   0        17 230
18  52  23  38  11  27   0 0.00    M    M 10.6 21 280   M    M   0        24 280
19  55  28  42  15  23   0 0.00    M    M  8.3 21 340   M    M   0        26 340
20  43  19  31   4  34   0 0.00    M    M  7.1 28 350   M    M   2 1      32 360
21  31  13  22  -5  43   0 0.00    M    M  6.9 14 120   M    M   3 1      16 120
22  36  11  24  -3  41   0 0.00    M    M  3.6 12 140   M    M   2        15 130
23  41  19  30   3  35   0 0.00    M    M  7.9 17  70   M    M   0        21  70
24  31   9  20  -8  45   0 0.00    M    M  8.8 16 180   M    M   2        21 170
25  55  21  38  10  27   0 0.00    M    M  7.6 15 220   M    M   0 1      20 220
26  59  24  42  14  23   0 0.01    M    M  7.8 17 200   M    M   1 18     22 200
27  52  34  43  15  22   0 0.04    M    M  6.2 14 290   M    M   6 128    17 130
28  39  25  32   4  33   0 0.00    M    M  6.5 21 340   M    M  10 12     24 340
29  35  27  31   3  34   0    T    M    M 12.7 23 340   M    M   9 18     28 340
30  37  16  27  -1  38   0 0.00    M    M 14.0 32 330   M    M   2        38 330
31  33  18  26  -2  39   0    T    M    M  9.9 23 360   M    M   8        28 360
================================================================================
SM 1175  473      1182   0  0.05    M    264.6          M       84
================================================================================
AV 37.9 15.3                               8.5 FASTST   M    M   3    MAX(MPH)
                                 MISC ---->  # 35 320               # 41  320
================================================================================
NOTES:
# LAST OF SEVERAL OCCURRENCES

COLUMN 17 PEAK WIND IN M.P.H.

PRELIMINARY LOCAL CLIMATOLOGICAL DATA (WS FORM: F-6) , PAGE 2

                                          STATION:  MCCOOK NE
                                          MONTH:    JANUARY
                                          YEAR:     2013
                                          LATITUDE:   40 13 N
                                          LONGITUDE: 100 35 W

[TEMPERATURE DATA]      [PRECIPITATION DATA]       SYMBOLS USED IN COLUMN 16

AVERAGE MONTHLY: 26.6   TOTAL FOR MONTH:   0.05    1 = FOG OR MIST
DPTR FM NORMAL:  -0.6   DPTR FM NORMAL:   -0.46    2 = FOG REDUCING VISIBILITY
HIGHEST:    59 ON 26    GRTST 24HR  0.05 ON 26-27      TO 1/4 MILE OR LESS
LOWEST:     -1 ON 14                               3 = THUNDER
                        SNOW, ICE PELLETS, HAIL    4 = ICE PELLETS
                        TOTAL MONTH:    M          5 = HAIL
                        GRTST 24HR    M  ON   M    6 = FREEZING RAIN OR DRIZZLE
                        GRTST DEPTH:  M  ON   M    7 = DUSTSTORM OR SANDSTORM:
                                                       VSBY 1/2 MILE OR LESS
                                                   8 = SMOKE OR HAZE
[NO. OF DAYS WITH]      [WEATHER - DAYS WITH]      9 = BLOWING SNOW
                                                   X = TORNADO
MAX 32 OR BELOW:   9    0.01 INCH OR MORE:   2
MAX 90 OR ABOVE:   0    0.10 INCH OR MORE:   0
MIN 32 OR BELOW:  30    0.50 INCH OR MORE:   0
MIN  0 OR BELOW:   2    1.00 INCH OR MORE:   0

[HDD (BASE 65) ]
TOTAL THIS MO.  1182    CLEAR  (SCALE 0-3)  21
DPTR FM NORMAL    11    PTCLDY (SCALE 4-7)   6
TOTAL FM JUL 1  3574    CLOUDY (SCALE 8-10)  4
DPTR FM NORMAL  -107

[CDD (BASE 65) ]
TOTAL THIS MO.     0
DPTR FM NORMAL     0    [PRESSURE DATA]
TOTAL FM JAN 1     0    HIGHEST SLP 30.56 ON 17
DPTR FM NORMAL     0    LOWEST  SLP 29.36 ON 11

[REMARKS]
#FINAL-01-13#
