000
CXUS53 KGLD 011746
CF6MCK
PRELIMINARY LOCAL CLIMATOLOGICAL DATA (WS FORM: F-6)

                                          STATION:   MCCOOK NE
                                          MONTH:     MARCH
                                          YEAR:      2014
                                          LATITUDE:   40 13 N
                                          LONGITUDE: 100 35 W

  TEMPERATURE IN F:       :PCPN:    SNOW:  WIND      :SUNSHINE: SKY     :PK WND
================================================================================
1   2   3   4   5  6A  6B    7    8   9   10  11  12  13   14  15   16   17  18
                                     12Z  AVG MX 2MIN
DY MAX MIN AVG DEP HDD CDD  WTR  SNW DPTH SPD SPD DIR MIN PSBL S-S WX    SPD DR
================================================================================

 1  18   2  10 -25  55   0    T    M    M 16.0 25  50   M    M  10 18     30  60
 2   8  -3   3 -32  62   0 0.00    M    M  7.0 15  30   M    M   8        18  20
 3  39   3  21 -14  44   0 0.00    M    M 11.8 25 190   M    M   1        32 190
 4  53  19  36   0  29   0 0.00    M    M  6.2 25  10   M    M   1 1      31  20
 5  41  25  33  -3  32   0    T    M    M  8.1 18  10   M    M   6 1      21  20
 6  72  25  49  13  16   0 0.00    M    M  9.5 18 170   M    M   0 1      24 160
 7  50  27  39   2  26   0    T    M    M 16.3 33  20   M    M   5 8      39  20
 8  54  22  38   1  27   0 0.00    M    M  6.5 15 360   M    M   2        17  10
 9  79  34  57  20   8   0 0.00    M    M 12.5 26 300   M    M   0        32 310
10  78  38  58  20   7   0 0.00    M    M 10.3 18 290   M    M   0        24 290
11  58  32  45   7  20   0 0.04    M    M 18.3 37  20   M    M   6 1      45  20
12  56  27  42   4  23   0 0.00    M    M 13.7 25 300   M    M   0        31 320
13  71  24  48  10  17   0 0.00    M    M 11.1 24 200   M    M   0        30 200
14  64  34  49  10  16   0 0.00    M    M 11.5 23 350   M    M   0        31 350
15  62  34  48   9  17   0 0.00    M    M 17.9 32 360   M    M   2        41  20
16  49  28  39   0  26   0 0.00    M    M  8.5 18  10   M    M   5        22  10
17  76  34  55  15  10   0 0.00    M    M 13.2 26 180   M    M   0        35 180
18  48  32  40   0  25   0 0.16    M    M 19.9 38 360   M    M   6 128    46  10
19  56  28  42   2  23   0 0.00    M    M 10.3 25 300   M    M   1        29 290
20  68  22  45   5  20   0 0.00    M    M  7.7 20 280   M    M   0        24 280
21  57  31  44   3  21   0 0.00    M    M 17.3 31 360   M    M   0        36  20
22  33  16  25 -16  40   0 0.01    M    M 10.4 21  50   M    M  10 18     24  50
23  46   3  25 -17  40   0 0.00    M    M 10.0 23 180   M    M   5 1      29 190
24  46  25  36  -6  29   0 0.00    M    M 11.9 23 340   M    M   6        28 340
25  50  27  39  -3  26   0 0.00    M    M 11.0 22 160   M    M   4        27 170
26  75  30  53  11  12   0 0.00    M    M 14.7 33 180   M    M   2        41 180
27  52  26  39  -4  26   0 0.05    M    M 16.7 31 330   M    M   3 1      38 350
28  63  26  45   2  20   0    T    M    M 12.7 29 350   M    M   4 1      39 310
29  72  18  45   2  20   0 0.00    M    M 13.7 30 210   M    M   1 1      37 200
30  72  40  56  12   9   0 0.00    M    M  7.8 30 180   M    M   0        36 180
31  63  30  47   3  18   0 0.00    M    M 25.9 48 310   M    M   3 8      59 310
================================================================================
SM 1729  759       764   0  0.26    M    388.4          M       91
================================================================================
AV 55.8 24.5                              12.5 FASTST   M    M   3    MAX(MPH)
                                 MISC ---->  # 48 310               # 59  310
================================================================================
NOTES:
# LAST OF SEVERAL OCCURRENCES

COLUMN 17 PEAK WIND IN M.P.H.

PRELIMINARY LOCAL CLIMATOLOGICAL DATA (WS FORM: F-6) , PAGE 2

                                          STATION:  MCCOOK NE
                                          MONTH:    MARCH
                                          YEAR:     2014
                                          LATITUDE:   40 13 N
                                          LONGITUDE: 100 35 W

[TEMPERATURE DATA]      [PRECIPITATION DATA]       SYMBOLS USED IN COLUMN 16

AVERAGE MONTHLY: 40.1   TOTAL FOR MONTH:   0.26    1 = FOG OR MIST
DPTR FM NORMAL:   0.7   DPTR FM NORMAL:   -1.10    2 = FOG REDUCING VISIBILITY
HIGHEST:    79 ON  9    GRTST 24HR  0.16 ON 18-18      TO 1/4 MILE OR LESS
LOWEST:     -3 ON  2                               3 = THUNDER
                        SNOW, ICE PELLETS, HAIL    4 = ICE PELLETS
                        TOTAL MONTH:    M          5 = HAIL
                        GRTST 24HR    M  ON   M    6 = FREEZING RAIN OR DRIZZLE
                        GRTST DEPTH:  M  ON   M    7 = DUSTSTORM OR SANDSTORM:
                                                       VSBY 1/2 MILE OR LESS
                                                   8 = SMOKE OR HAZE
[NO. OF DAYS WITH]      [WEATHER - DAYS WITH]      9 = BLOWING SNOW
                                                   X = TORNADO
MAX 32 OR BELOW:   2    0.01 INCH OR MORE:   4
MAX 90 OR ABOVE:   0    0.10 INCH OR MORE:   1
MIN 32 OR BELOW:  25    0.50 INCH OR MORE:   0
MIN  0 OR BELOW:   1    1.00 INCH OR MORE:   0

[HDD (BASE 65) ]
TOTAL THIS MO.   764    CLEAR  (SCALE 0-3)  17
DPTR FM NORMAL   -31    PTCLDY (SCALE 4-7)  12
TOTAL FM JUL 1  5337    CLOUDY (SCALE 8-10)  2
DPTR FM NORMAL   -94

[CDD (BASE 65) ]
TOTAL THIS MO.     0
DPTR FM NORMAL     0    [PRESSURE DATA]
TOTAL FM JAN 1     0    HIGHEST SLP 30.68 ON  2
DPTR FM NORMAL     0    LOWEST  SLP 29.20 ON 27

[REMARKS]
#FINAL-03-14#
