000
CXUS53 KGLD 010800
CF6MCK
PRELIMINARY LOCAL CLIMATOLOGICAL DATA (WS FORM: F-6)

                                          STATION:   MCCOOK NE
                                          MONTH:     JANUARY
                                          YEAR:      2018
                                          LATITUDE:   40 13 N
                                          LONGITUDE: 100 35 W

  TEMPERATURE IN F:       :PCPN:    SNOW:  WIND      :SUNSHINE: SKY     :PK WND
================================================================================
1   2   3   4   5  6A  6B    7    8   9   10  11  12  13   14  15   16   17  18
                                     12Z  AVG MX 2MIN
DY MAX MIN AVG DEP HDD CDD  WTR  SNW DPTH SPD SPD DIR MIN PSBL S-S WX    SPD DR
================================================================================

 1  14   1   8 -19  57   0 0.00    M    M  9.0 17 150   M    M   7 8      24 130
 2  29  -6  12 -15  53   0 0.00    M    M  6.4 16 290   M    M   0 18     21 290
 3  39  17  28   1  37   0 0.00    M    M  7.4 16 300   M    M   0        19 290
 4  45  15  30   3  35   0 0.00    M    M  6.8 13 330   M    M   0        17 330
 5  34  13  24  -3  41   0 0.00    M    M  8.1 16  90   M    M   1 128    23  90
 6  38   7  23  -4  42   0 0.00    M    M  7.7 15 160   M    M   0 18     21 160
 7  52  26  39  12  26   0 0.00    M    M 13.0 29 330   M    M   3        36 340
 8  59  20  40  13  25   0 0.00    M    M  8.1 22 200   M    M   0        27 200
 9  60  26  43  16  22   0 0.00    M    M  4.5 10 200   M    M   0 8      14 190
10  51  19  35   8  30   0 0.02    M    M  8.5 44 350   M    M   2 12     55 350
11  20   1  11 -16  54   0    T    M    M 15.5 35 340   M    M   1 18     43 340
12  13   1   7 -20  58   0    T    M    M  6.7 18 140   M    M   9        23 120
13  22   8  15 -12  50   0    T    M    M  6.5 14 160   M    M  10 18     19 160
14  47  19  33   6  32   0 0.03    M    M 10.8 22  10   M    M   5 1      26  10
15  32   2  17 -10  48   0    T    M    M 18.0 28 340   M    M   4 1      35 340
16  17  -3   7 -20  58   0 0.00    M    M  8.1 18 330   M    M   0        23 330
17  40   1  21  -6  44   0 0.00    M    M  4.3  9 260   M    M   0        12 200
18  52  14  33   6  32   0 0.00    M    M  7.1 20 260   M    M   0        24 270
19  59  26  43  16  22   0 0.00    M    M  5.0 15 260   M    M   0        18 260
20  51  23  37  10  28   0 0.00    M    M  9.7 17  20   M    M   0        25  40
21  33  29  31   4  34   0 0.91    M    M 20.0 32 350   M    M   9 12     42 350
22  33  18  26  -1  39   0 0.01    M    M 25.3 43 340   M    M   5 128    54 330
23  36  15  26  -1  39   0 0.00    M    M 12.9 18 300   M    M   1        23 310
24  36  10  23  -5  42   0 0.00    M    M  5.3 14 260   M    M   0        17 280
25  47  13  30   2  35   0 0.00    M    M  6.6 21 190   M    M   0 18     27 180
26  43  27  35   7  30   0 0.00    M    M 11.9 24 330   M    M   2        31 310
27  44  19  32   4  33   0 0.00    M    M  7.6 17 290   M    M   1        23 300
28  30  17  24  -4  41   0 0.00    M    M  7.5 14  40   M    M   3 1      18  50
29  42  18  30   2  35   0 0.00    M    M  6.0 12 150   M    M   7        14 160
30  49  20  35   7  30   0 0.00    M    M  4.3 13 250   M    M   0 8      16 260
31  44  28  36   8  29   0 0.00    M    M  8.5 21 340   M    M   2        27 340
================================================================================
SM 1211  444      1181   0  0.97    M    287.1          M       72
================================================================================
AV 39.1 14.3                               9.3 FASTST   M    M   2    MAX(MPH)
                                 MISC ---->  # 44 350               # 55  350
================================================================================
NOTES:
# LAST OF SEVERAL OCCURRENCES

COLUMN 17 PEAK WIND IN M.P.H.

PRELIMINARY LOCAL CLIMATOLOGICAL DATA (WS FORM: F-6) , PAGE 2

                                          STATION:  MCCOOK NE
                                          MONTH:    JANUARY
                                          YEAR:     2018
                                          LATITUDE:   40 13 N
                                          LONGITUDE: 100 35 W

[TEMPERATURE DATA]      [PRECIPITATION DATA]       SYMBOLS USED IN COLUMN 16

AVERAGE MONTHLY: 26.7   TOTAL FOR MONTH:   0.97    1 = FOG OR MIST
DPTR FM NORMAL:  -0.5   DPTR FM NORMAL:    0.46    2 = FOG REDUCING VISIBILITY
HIGHEST:    60 ON  9    GRTST 24HR  0.91 ON 21-21      TO 1/4 MILE OR LESS
LOWEST:     -6 ON  2                               3 = THUNDER
                        SNOW, ICE PELLETS, HAIL    4 = ICE PELLETS
                        TOTAL MONTH:    M          5 = HAIL
                        GRTST 24HR    M  ON   M    6 = FREEZING RAIN OR DRIZZLE
                        GRTST DEPTH:  M  ON   M    7 = DUSTSTORM OR SANDSTORM:
                                                       VSBY 1/2 MILE OR LESS
                                                   8 = SMOKE OR HAZE
[NO. OF DAYS WITH]      [WEATHER - DAYS WITH]      9 = BLOWING SNOW
                                                   X = TORNADO
MAX 32 OR BELOW:   8    0.01 INCH OR MORE:   4
MAX 90 OR ABOVE:   0    0.10 INCH OR MORE:   1
MIN 32 OR BELOW:  31    0.50 INCH OR MORE:   1
MIN  0 OR BELOW:   2    1.00 INCH OR MORE:   0

[HDD (BASE 65) ]
TOTAL THIS MO.  1181    CLEAR  (SCALE 0-3)  23
DPTR FM NORMAL    10    PTCLDY (SCALE 4-7)   5
TOTAL FM JUL 1  3435    CLOUDY (SCALE 8-10)  3
DPTR FM NORMAL  -246

[CDD (BASE 65) ]
TOTAL THIS MO.     0
DPTR FM NORMAL     0    [PRESSURE DATA]
TOTAL FM JAN 1     0    HIGHEST SLP M ON M
DPTR FM NORMAL     0    LOWEST  SLP 29.26 ON 10

[REMARKS]
#FINAL-01-18#
