000
CXUS53 KGLD 010800
CF6MCK
PRELIMINARY LOCAL CLIMATOLOGICAL DATA (WS FORM: F-6)

                                          STATION:   MCCOOK NE
                                          MONTH:     NOVEMBER
                                          YEAR:      2016
                                          LATITUDE:   40 13 N
                                          LONGITUDE: 100 35 W

  TEMPERATURE IN F:       :PCPN:    SNOW:  WIND      :SUNSHINE: SKY     :PK WND
================================================================================
1   2   3   4   5  6A  6B    7    8   9   10  11  12  13   14  15   16   17  18
                                     12Z  AVG MX 2MIN
DY MAX MIN AVG DEP HDD CDD  WTR  SNW DPTH SPD SPD DIR MIN PSBL S-S WX    SPD DR
================================================================================

 1  68  36  52   7  13   0 0.00    M    M  6.3 13 300   M    M   0 8      14 320
 2  72  38  55  10  10   0 0.00    M    M  8.1 16 350   M    M   1        24  40
 3  75  34  55  11  10   0 0.00    M    M  6.8 14 270   M    M   0        17 250
 4  76  32  54  10  11   0 0.00    M    M  6.1 15 190   M    M   0        20 180
 5  73  33  53  10  12   0 0.00    M    M  8.2 20 160   M    M   0        25 160
 6  66  54  60  17   5   0 0.01    M    M 10.9 21 180   M    M   8 1      25 180
 7  66  37  52  10  13   0 0.01    M    M  8.3 26  40   M    M   6 18     32  40
 8  62  28  45   3  20   0 0.00    M    M  5.2 10  20   M    M   0        14  40
 9  70  22  46   5  19   0 0.00    M    M  8.3 16 230   M    M   0 1      20 230
10  79  26  53  12  12   0 0.00    M    M 10.1 21  30   M    M   0        25  30
11  56  25  41   1  24   0 0.00    M    M  6.2 14  10   M    M   0 8      16  60
12  62  18  40   0  25   0 0.00    M    M  8.9 22 180   M    M   0        27 170
13  73  24  49  10  16   0 0.00    M    M  9.2 16 340   M    M   0        19 310
14  71  33  52  13  13   0 0.00    M    M  7.4 14 250   M    M   0 8      17 250
15  75  34  55  17  10   0 0.00    M    M  8.0 16 260   M    M   0 8      20 270
16  70  36  53  15  12   0 0.00    M    M  6.7 21  40   M    M   0        26  30
17  50  33  42   5  23   0 0.08    M    M 14.9 35 340   M    M   5 1      42 340
18  37  18  28  -9  37   0 0.01    M    M 21.6 37 340   M    M   2 1      47 330
19  46  11  29  -7  36   0 0.00    M    M  9.1 20 170   M    M   0        25 130
20  56  21  39   3  26   0 0.00    M    M  3.9 10 120   M    M   0        15 260
21  52  24  38   3  27   0 0.00    M    M  9.1 18 130   M    M   4        22 130
22  43  36  40   5  25   0 0.35    M    M 12.9 24 350   M    M   7 1      30 350
23  53  28  41   7  24   0 0.00    M    M  7.8 15 130   M    M   1        18 320
24  53  28  41   7  24   0 0.00    M    M 10.5 30 340   M    M   4 12     35 320
25  59  23  41   7  24   0 0.00    M    M  9.6 20 210   M    M   0        26 200
26  59  18  39   6  26   0 0.00    M    M  5.5 15 270   M    M   0        18 260
27  65  25  45  12  20   0 0.03    M    M 13.0 33 300   M    M   4 1      43 300
28  56  28  42  10  23   0 0.00    M    M 16.6 33 310   M    M   1        42 310
29  42  26  34   2  31   0    T    M    M 15.3 35 320   M    M   7 8      47 320
30  46  20  33   2  32   0 0.00    M    M 13.8 36 320   M    M   1        43 320
================================================================================
SM 1831  849       603   0  0.49    M    288.3          M       51
================================================================================
AV 61.0 28.3                               9.6 FASTST   M    M   2    MAX(MPH)
                                 MISC ---->  # 37 340               # 47  330
================================================================================
NOTES:
# LAST OF SEVERAL OCCURRENCES

COLUMN 17 PEAK WIND IN M.P.H.

PRELIMINARY LOCAL CLIMATOLOGICAL DATA (WS FORM: F-6) , PAGE 2

                                          STATION:  MCCOOK NE
                                          MONTH:    NOVEMBER
                                          YEAR:     2016
                                          LATITUDE:   40 13 N
                                          LONGITUDE: 100 35 W

[TEMPERATURE DATA]      [PRECIPITATION DATA]       SYMBOLS USED IN COLUMN 16

AVERAGE MONTHLY: 44.7   TOTAL FOR MONTH:   0.49    1 = FOG OR MIST
DPTR FM NORMAL:   6.5   DPTR FM NORMAL:   -0.46    2 = FOG REDUCING VISIBILITY
HIGHEST:    79 ON 10    GRTST 24HR  0.35 ON 22-22      TO 1/4 MILE OR LESS
LOWEST:     11 ON 19                               3 = THUNDER
                        SNOW, ICE PELLETS, HAIL    4 = ICE PELLETS
                        TOTAL MONTH:    M          5 = HAIL
                        GRTST 24HR    M  ON   M    6 = FREEZING RAIN OR DRIZZLE
                        GRTST DEPTH:  M  ON   M    7 = DUSTSTORM OR SANDSTORM:
                                                       VSBY 1/2 MILE OR LESS
                                                   8 = SMOKE OR HAZE
[NO. OF DAYS WITH]      [WEATHER - DAYS WITH]      9 = BLOWING SNOW
                                                   X = TORNADO
MAX 32 OR BELOW:   0    0.01 INCH OR MORE:   6
MAX 90 OR ABOVE:   0    0.10 INCH OR MORE:   1
MIN 32 OR BELOW:  19    0.50 INCH OR MORE:   0
MIN  0 OR BELOW:   0    1.00 INCH OR MORE:   0

[HDD (BASE 65) ]
TOTAL THIS MO.   603    CLEAR  (SCALE 0-3)  22
DPTR FM NORMAL  -201    PTCLDY (SCALE 4-7)   8
TOTAL FM JUL 1   891    CLOUDY (SCALE 8-10)  0
DPTR FM NORMAL  -472

[CDD (BASE 65) ]
TOTAL THIS MO.     0
DPTR FM NORMAL     0    [PRESSURE DATA]
TOTAL FM JAN 1  1180    HIGHEST SLP M ON M
DPTR FM NORMAL   224    LOWEST  SLP 29.19 ON 27

[REMARKS]
#FINAL-11-16#
