000
CXUS53 KGLD 010800
CF6MCK
PRELIMINARY LOCAL CLIMATOLOGICAL DATA (WS FORM: F-6)

                                          STATION:   MCCOOK NE
                                          MONTH:     JUNE
                                          YEAR:      2016
                                          LATITUDE:   40 13 N
                                          LONGITUDE: 100 35 W

  TEMPERATURE IN F:       :PCPN:    SNOW:  WIND      :SUNSHINE: SKY     :PK WND
================================================================================
1   2   3   4   5  6A  6B    7    8   9   10  11  12  13   14  15   16   17  18
                                     12Z  AVG MX 2MIN
DY MAX MIN AVG DEP HDD CDD  WTR  SNW DPTH SPD SPD DIR MIN PSBL S-S WX    SPD DR
================================================================================

 1  76  49  63  -2   2   0 0.00    M    M  5.8 12 160   M    M   0        17  80
 2  81  57  69   4   0   4 0.00    M    M 10.8 18 180   M    M   2        24 180
 3  84  60  72   7   0   7 0.00    M    M 11.7 24  20   M    M   1        33  30
 4  82  51  67   1   0   2 0.00    M    M 12.7 29 330   M    M   0        35 330
 5  85  47  66   0   0   1 0.00    M    M  4.5 12 320   M    M   0        16 270
 6  89  55  72   5   0   7    T  0.0    0  7.1 23  40   M    M   0        29  40
 7  81  53  67   0   0   2 0.00    M    M  9.1 20 140   M    M   1        25 140
 8  92  60  76   9   0  11 0.00    M    M  7.5 22 210   M    M   0        34 220
 9  95  61  78  10   0  13 0.00    M    M  8.7 25 170   M    M   0        34 170
10  94  64  79  11   0  14 0.00    M    M  8.9 18 160   M    M   0        25 170
11  94  64  79  11   0  14 0.00    M    M 11.4 24 150   M    M   0        31 150
12  92  66  79  10   0  14 0.22    M    M 10.3 21 350   M    M   1 138    26 320
13  88  65  77   8   0  12 0.00    M    M  5.1 14 350   M    M   3 3      17 340
14  88  60  74   4   0   9 0.00    M    M 10.5 25 310   M    M   1        31 310
15  99  57  78   8   0  13 0.00    M    M  9.1 24 170   M    M   0        33 170
16 100  66  83  13   0  18 0.00    M    M 11.0 23 170   M    M   0 8      33 170
17  99  62  81  10   0  16 2.57    M    M  8.8 52 240   M    M   3 3      72 240
18  84  62  73   2   0   8 0.00    M    M  8.4 26  70   M    M   1 8      33  80
19  94  64  79   8   0  14 0.00    M    M 10.8 20 180   M    M   0 1      25 180
20  86  66  76   4   0  11 0.00    M    M 11.1 23  60   M    M   1 138    27  50
21 101  61  81   9   0  16 0.00    M    M  9.6 22 210   M    M   0        30 210
22  89  63  76   4   0  11 0.00    M    M 11.6 28 360   M    M   1        33  10
23  88  60  74   1   0   9 0.00    M    M  8.3 20 120   M    M   1        24 130
24  97  65  81   8   0  16 0.00    M    M 10.9 21 150   M    M   0        27 160
25  87  65  76   3   0  11    T    M    M  9.2 23 340   M    M   1 38     28 350
26  93  62  78   4   0  13 0.00    M    M  8.2 39  40   M    M   1        48  30
27  89  65  77   3   0  12    T    M    M  9.9 24 180   M    M   0        34  70
28  89  62  76   2   0  11 0.06    M    M  9.8 46 330   M    M   1 138    58 340
29  88  57  73  -1   0   8 0.00    M    M  4.9 21 130   M    M   0 13     27 130
30  85  61  73  -2   0   8    T    M    M  9.7 35  30   M    M   3 3      45  30
================================================================================
SM 2689 1810         2 305  2.85     0.0 275.4          M       22
================================================================================
AV 89.6 60.3                               9.2 FASTST   M    M   1    MAX(MPH)
                                 MISC ---->  # 52 240               # 72  240
================================================================================
NOTES:
# LAST OF SEVERAL OCCURRENCES

COLUMN 17 PEAK WIND IN M.P.H.

PRELIMINARY LOCAL CLIMATOLOGICAL DATA (WS FORM: F-6) , PAGE 2

                                          STATION:  MCCOOK NE
                                          MONTH:    JUNE
                                          YEAR:     2016
                                          LATITUDE:   40 13 N
                                          LONGITUDE: 100 35 W

[TEMPERATURE DATA]      [PRECIPITATION DATA]       SYMBOLS USED IN COLUMN 16

AVERAGE MONTHLY: 75.0   TOTAL FOR MONTH:   2.85    1 = FOG OR MIST
DPTR FM NORMAL:   5.1   DPTR FM NORMAL:   -0.53    2 = FOG REDUCING VISIBILITY
HIGHEST:   101 ON 21    GRTST 24HR  2.57 ON 17-17      TO 1/4 MILE OR LESS
LOWEST:     47 ON  5                               3 = THUNDER
                        SNOW, ICE PELLETS, HAIL    4 = ICE PELLETS
                        TOTAL MONTH:   0.0 INCH    5 = HAIL
                        GRTST 24HR     0.0         6 = FREEZING RAIN OR DRIZZLE
                        GRTST DEPTH:   0           7 = DUSTSTORM OR SANDSTORM:
                                                       VSBY 1/2 MILE OR LESS
                                                   8 = SMOKE OR HAZE
[NO. OF DAYS WITH]      [WEATHER - DAYS WITH]      9 = BLOWING SNOW
                                                   X = TORNADO
MAX 32 OR BELOW:   0    0.01 INCH OR MORE:   3
MAX 90 OR ABOVE:  12    0.10 INCH OR MORE:   2
MIN 32 OR BELOW:   0    0.50 INCH OR MORE:   1
MIN  0 OR BELOW:   0    1.00 INCH OR MORE:   1

[HDD (BASE 65) ]
TOTAL THIS MO.     2    CLEAR  (SCALE 0-3)  29
DPTR FM NORMAL   -34    PTCLDY (SCALE 4-7)   1
TOTAL FM JUL 1  4963    CLOUDY (SCALE 8-10)  0
DPTR FM NORMAL -1182

[CDD (BASE 65) ]
TOTAL THIS MO.   305
DPTR FM NORMAL   120    [PRESSURE DATA]
TOTAL FM JAN 1   336    HIGHEST SLP M ON M
DPTR FM NORMAL   106    LOWEST  SLP 29.64 ON M

[REMARKS]
#FINAL-06-16#
