000
CXUS53 KGLD 010800
CF6MCK
PRELIMINARY LOCAL CLIMATOLOGICAL DATA (WS FORM: F-6)

                                          STATION:   MCCOOK NE
                                          MONTH:     SEPTEMBER
                                          YEAR:      2012
                                          LATITUDE:   40 13 N
                                          LONGITUDE: 100 35 W

  TEMPERATURE IN F:       :PCPN:    SNOW:  WIND      :SUNSHINE: SKY     :PK WND
================================================================================
1   2   3   4   5  6A  6B    7    8   9   10  11  12  13   14  15   16   17  18
                                     12Z  AVG MX 2MIN
DY MAX MIN AVG DEP HDD CDD  WTR  SNW DPTH SPD SPD DIR MIN PSBL S-S WX    SPD DR
================================================================================

 1 100  50  75   5   0  10 0.00    M    M  6.4 20 170   M    M   0        25 170
 2  99  66  83  13   0  18 0.00    M    M  7.2 17 350   M    M   0        28 140
 3  94  66  80  10   0  15    T    M    M  7.6 17 250   M    M   1        21 220
 4 100  58  79  10   0  14 0.00    M    M  8.5 24 200   M    M   0        31 210
 5  87  56  72   3   0   7 0.00    M    M 10.4 24 360   M    M   0        30 350
 6  99  56  78   9   0  13 0.00    M    M  7.1 17  10   M    M   0 8      21 340
 7  75  49  62  -6   3   0    T    M    M 13.7 26  10   M    M   4        32  30
 8  87  41  64  -4   1   0 0.00    M    M  8.6 18 320   M    M   0        24 330
 9  84  40  62  -5   3   0 0.00    M    M  5.8 20 140   M    M   0        32 150
10  98  54  76   9   0  11 0.00    M    M 15.0 28 190   M    M   0        37 180
11  97  63  80  13   0  15 0.00    M    M  9.0 22 170   M    M   0        38 340
12  73  53  63  -3   2   0 0.11    M    M 21.1 40  30   M    M   4 18     51  30
13  72  46  59  -7   6   0 0.00    M    M  4.8 10 200   M    M   1 1      14 120
14  83  37  60  -5   5   0 0.00    M    M  6.5 14 180   M    M   0        21 190
15  84  43  64  -1   1   0 0.00    M    M  6.5 15 150   M    M   0        29 160
16  90  38  64   0   1   0 0.00    M    M  6.8 21 160   M    M   0        26 170
17  71  41  56  -8   9   0    T    M    M 13.3 29  10   M    M   0        37  10
18  84  34  59  -4   6   0 0.00    M    M  4.6 15 280   M    M   1        22 320
19  91  43  67   4   0   2 0.00    M    M 10.9 26 360   M    M   0        33  20
20  84  38  61  -1   4   0 0.00    M    M  6.3 20 220   M    M   0        23 210
21  85  45  65   3   0   0 0.00    M    M  9.7 24 340   M    M   0        33 330
22  74  41  58  -3   7   0 0.00    M    M  6.9 14  70   M    M   0        18 100
23  76  42  59  -2   6   0 0.00    M    M  8.5 21 150   M    M   0        30 140
24  73  42  58  -2   7   0 0.00    M    M  3.9 14 280   M    M   0        21 240
25  80  45  63   3   2   0    T    M    M  5.6 15 230   M    M   3        18  80
26  80  48  64   4   1   0 0.01    M    M  6.8 16 150   M    M   2        24 240
27  79  44  62   3   3   0 0.00    M    M  5.5 16 130   M    M   2 18     23 160
28  78  51  65   6   0   0 0.00    M    M  4.3 14 150   M    M   4        17 160
29  77  39  58   0   7   0 0.00    M    M  3.8 15 130   M    M   1 8      18 160
30  84  48  66   8   0   1 0.14    M    M  4.9 30  30   M    M   0 138    41  30
================================================================================
SM 2538 1417        74 106  0.26    M    240.0          M       23
================================================================================
AV 84.6 47.2                               8.0 FASTST   M    M   1    MAX(MPH)
                                 MISC ---->  # 40  30               # 51   30
================================================================================
NOTES:
# LAST OF SEVERAL OCCURRENCES

COLUMN 17 PEAK WIND IN M.P.H.

PRELIMINARY LOCAL CLIMATOLOGICAL DATA (WS FORM: F-6) , PAGE 2

                                          STATION:  MCCOOK NE
                                          MONTH:    SEPTEMBER
                                          YEAR:     2012
                                          LATITUDE:   40 13 N
                                          LONGITUDE: 100 35 W

[TEMPERATURE DATA]      [PRECIPITATION DATA]       SYMBOLS USED IN COLUMN 16

AVERAGE MONTHLY: 65.9   TOTAL FOR MONTH:   0.26    1 = FOG OR MIST
DPTR FM NORMAL:   1.5   DPTR FM NORMAL:   -1.18    2 = FOG REDUCING VISIBILITY
HIGHEST:   100 ON  4, 1 GRTST 24HR  0.14 ON 30-30      TO 1/4 MILE OR LESS
LOWEST:     34 ON 18                               3 = THUNDER
                        SNOW, ICE PELLETS, HAIL    4 = ICE PELLETS
                        TOTAL MONTH:    M          5 = HAIL
                        GRTST 24HR    M  ON   M    6 = FREEZING RAIN OR DRIZZLE
                        GRTST DEPTH:  M  ON   M    7 = DUSTSTORM OR SANDSTORM:
                                                       VSBY 1/2 MILE OR LESS
                                                   8 = SMOKE OR HAZE
[NO. OF DAYS WITH]      [WEATHER - DAYS WITH]      9 = BLOWING SNOW
                                                   X = TORNADO
MAX 32 OR BELOW:   0    0.01 INCH OR MORE:   3
MAX 90 OR ABOVE:   9    0.10 INCH OR MORE:   2
MIN 32 OR BELOW:   0    0.50 INCH OR MORE:   0
MIN  0 OR BELOW:   0    1.00 INCH OR MORE:   0

[HDD (BASE 65) ]
TOTAL THIS MO.    74    CLEAR  (SCALE 0-3)  27
DPTR FM NORMAL   -43    PTCLDY (SCALE 4-7)   3
TOTAL FM JUL 1    77    CLOUDY (SCALE 8-10)  0
DPTR FM NORMAL   -52

[CDD (BASE 65) ]
TOTAL THIS MO.   106
DPTR FM NORMAL     8    [PRESSURE DATA]
TOTAL FM JAN 1  1560    HIGHEST SLP M ON M
DPTR FM NORMAL   611    LOWEST  SLP 29.65 ON 11

[REMARKS]
#FINAL-09-12#
