000
CXUS53 KGLD 310800
CF6MCK
PRELIMINARY LOCAL CLIMATOLOGICAL DATA (WS FORM: F-6)

                                          STATION:   MCCOOK NE
                                          MONTH:     DECEMBER
                                          YEAR:      2012
                                          LATITUDE:   40 13 N
                                          LONGITUDE: 100 35 W

  TEMPERATURE IN F:       :PCPN:    SNOW:  WIND      :SUNSHINE: SKY     :PK WND
================================================================================
1   2   3   4   5  6A  6B    7    8   9   10  11  12  13   14  15   16   17  18
                                     12Z  AVG MX 2MIN
DY MAX MIN AVG DEP HDD CDD  WTR  SNW DPTH SPD SPD DIR MIN PSBL S-S WX    SPD DR
================================================================================

 1  73  27  50  19  15   0 0.00    M    M  7.9 24 340   M    M   0        33 360
 2  72  28  50  19  15   0 0.00    M    M  9.4 31 180   M    M   0        40 190
 3  60  24  42  12  23   0 0.00    M    M 10.9 31 350   M    M   0 8      39 350
 4  58  19  39   9  26   0 0.00    M    M  7.8 14 260   M    M   0        16 190
 5  63  27  45  15  20   0 0.00    M    M  8.3 21 180   M    M   0        25 170
 6  50  20  35   6  30   0 0.00    M    M 10.8 32  20   M    M   0        37  20
 7  52  20  36   7  29   0 0.01    M    M  6.4 18 360   M    M   6        24 340
 8  50  23  37   8  28   0    T    M    M  8.9 25 320   M    M   6        31 320
 9  36   3  20  -9  45   0 0.00    M    M 21.0 37 330   M    M   2        44 330
10  43  -4  20  -8  45   0 0.00    M    M  8.8 21 300   M    M   1        25 270
11  46  12  29   1  36   0 0.00    M    M  9.5 18 250   M    M   1        24 260
12  60  18  39  11  26   0 0.00    M    M  9.1 18 180   M    M   0        24 180
13  56  21  39  11  26   0 0.00    M    M  4.7 10 290   M    M   0        12 280
14  38  12  25  -3  40   0 0.18    M    M  4.3 24  60   M    M   4 1      26  60
15  49  30  40  12  25   0 0.04    M    M  9.0 18 330   M    M   5 1      23 280
16  36  24  30   2  35   0 0.15    M    M  6.2 17 350   M    M   6 128    20 330
17  49  15  32   5  33   0 0.00    M    M  6.7 14 240   M    M   2 1      17 260
18  50  26  38  11  27   0 0.00    M    M  8.5 21 280   M    M   1        29 280
19  36  22  29   2  36   0 0.67    M    M 20.0 43  10   M    M   7 1289   52 360
20  30  12  21  -6  44   0    T    M    M 14.0 28 330   M    M   0 8      35 330
21  34   9  22  -5  43   0 0.00    M    M  5.9 15 250   M    M   0 18     17 260
22  39   8  24  -3  41   0 0.00    M    M  8.3 16 280   M    M   0 1      17 280
23  28   3  16 -11  49   0 0.00    M    M  4.2 13  10   M    M   2 128    13  10
24  19   4  12 -15  53   0 0.00    M    M  6.0 17  50   M    M   2 18     21  50
25  15  -4   6 -21  59   0 0.17    M    M 11.2 21  30   M    M   8 18     28  30
26  16 -10   3 -24  62   0 0.00    M    M  5.7 17 120   M    M   2 18     23 130
27  18   1  10 -17  55   0    T    M    M  7.8 18 120   M    M   6 18     23 110
28  19  -1   9 -18  56   0 0.00    M    M  8.7 15 290   M    M   1        17 290
29  28   5  17 -10  48   0 0.00    M    M  7.2 20 260   M    M   1        23 260
30  28  13  21  -6  44   0 0.00    M    M  8.2 13 300   M    M   0        17 270
================================================================================
SM 1251  407      1114   0  1.22    M    265.4          M       63
================================================================================
AV 41.7 13.6                               8.8 FASTST   M    M   2    MAX(MPH)
                                 MISC ---->  # 43  10               # 52  360
================================================================================
NOTES:
# LAST OF SEVERAL OCCURRENCES

COLUMN 17 PEAK WIND IN M.P.H.

PRELIMINARY LOCAL CLIMATOLOGICAL DATA (WS FORM: F-6) , PAGE 2

                                          STATION:  MCCOOK NE
                                          MONTH:    DECEMBER
                                          YEAR:     2012
                                          LATITUDE:   40 13 N
                                          LONGITUDE: 100 35 W

[TEMPERATURE DATA]      [PRECIPITATION DATA]       SYMBOLS USED IN COLUMN 16

AVERAGE MONTHLY: 27.6   TOTAL FOR MONTH:   1.22    1 = FOG OR MIST
DPTR FM NORMAL:  -0.4   DPTR FM NORMAL:    0.60    2 = FOG REDUCING VISIBILITY
HIGHEST:    73 ON  1    GRTST 24HR  0.67 ON 19-19      TO 1/4 MILE OR LESS
LOWEST:    -10 ON 26                               3 = THUNDER
                        SNOW, ICE PELLETS, HAIL    4 = ICE PELLETS
                        TOTAL MONTH:    M          5 = HAIL
                        GRTST 24HR    M  ON   M    6 = FREEZING RAIN OR DRIZZLE
                        GRTST DEPTH:  M  ON   M    7 = DUSTSTORM OR SANDSTORM:
                                                       VSBY 1/2 MILE OR LESS
                                                   8 = SMOKE OR HAZE
[NO. OF DAYS WITH]      [WEATHER - DAYS WITH]      9 = BLOWING SNOW
                                                   X = TORNADO
MAX 32 OR BELOW:   9    0.01 INCH OR MORE:   6
MAX 90 OR ABOVE:   0    0.10 INCH OR MORE:   4
MIN 32 OR BELOW:  30    0.50 INCH OR MORE:   1
MIN  0 OR BELOW:   4    1.00 INCH OR MORE:   0

[HDD (BASE 65) ]
TOTAL THIS MO.  1114    CLEAR  (SCALE 0-3)  22
DPTR FM NORMAL     5    PTCLDY (SCALE 4-7)   8
TOTAL FM JUL 1  2346    CLOUDY (SCALE 8-10)  0
DPTR FM NORMAL  -126

[CDD (BASE 65) ]
TOTAL THIS MO.     0
DPTR FM NORMAL     0    [PRESSURE DATA]
TOTAL FM JAN 1  1564    HIGHEST SLP M ON M
DPTR FM NORMAL   608    LOWEST  SLP 29.45 ON 14

[REMARKS]
