000
CXUS53 KGLD 011635
CF6MCK
PRELIMINARY LOCAL CLIMATOLOGICAL DATA (WS FORM: F-6)

                                          STATION:   MCCOOK NE
                                          MONTH:     NOVEMBER
                                          YEAR:      2012
                                          LATITUDE:   40 13 N
                                          LONGITUDE: 100 35 W

  TEMPERATURE IN F:       :PCPN:    SNOW:  WIND      :SUNSHINE: SKY     :PK WND
================================================================================
1   2   3   4   5  6A  6B    7    8   9   10  11  12  13   14  15   16   17  18
                                     12Z  AVG MX 2MIN
DY MAX MIN AVG DEP HDD CDD  WTR  SNW DPTH SPD SPD DIR MIN PSBL S-S WX    SPD DR
================================================================================

 1  73  32  53   8  12   0 0.00    M    M  7.3 17 160   M    M   0        24 160
 2  62  30  46   1  19   0 0.00    M    M  9.7 28 350   M    M   0 18     32 350
 3  65  27  46   2  19   0 0.00    M    M  5.9 14 150   M    M   0        18 200
 4  67  31  49   5  16   0 0.00    M    M  9.1 17  10   M    M   1        22 360
 5  58  29  44   1  21   0 0.00    M    M  8.0 15 360   M    M   0        18  10
 6  66  31  49   6  16   0 0.00    M    M 10.5 22 310   M    M   1        25 320
 7  70  24  47   5  18   0 0.00    M    M  7.6 20 180   M    M   0 8      24 170
 8  67  27  47   5  18   0 0.00    M    M  7.6 23  10   M    M   0        26  10
 9  54  29  42   1  23   0 0.00    M    M  7.7 15  90   M    M   2 128    20  80
10  69  25  47   6  18   0 0.04    M    M 11.4 28 340   M    M   9 123    33 340
11  36  13  25 -15  40   0 0.00    M    M 13.7 24 310   M    M   2        29 310
12  49   8  29 -11  36   0 0.00    M    M  9.8 26 280   M    M   0        32 270
13  52  13  33  -6  32   0 0.00    M    M  2.6 10 250   M    M   0        10 250
14  60  19  40   1  25   0 0.00    M    M  6.7 15 200   M    M   0        18 190
15  60  27  44   6  21   0 0.00    M    M  6.6 20  40   M    M   0        24  20
16  60  18  39   1  26   0 0.00    M    M  7.3 22 170   M    M   0        28 190
17  58  29  44   7  21   0 0.00    M    M  3.9 15 160   M    M   0 1      18 160
18  60  25  43   6  22   0 0.00    M    M  3.0 13 190   M    M   0        16 160
19  68  31  50  14  15   0 0.00    M    M  9.0 17 320   M    M   0        21 310
20  74  24  49  13  16   0 0.00    M    M  6.3 22 200   M    M   0        26 190
21  71  30  51  16  14   0 0.00    M    M  6.4 17 180   M    M   0        22 190
22  58  27  43   8  22   0 0.00    M    M 12.7 31 350   M    M   0        37 350
23  45  16  31  -3  34   0 0.00    M    M  6.5 15 320   M    M   0        16 320
24  71  20  46  12  19   0 0.00    M    M  5.3 20 360   M    M   0        22 360
25  53  26  40   6  25   0 0.00    M    M  8.0 15  90   M    M   0        18  80
26  38  19  29  -4  36   0 0.00    M    M  6.9 18  40   M    M   4 18     22  40
27  51  17  34   1  31   0 0.00    M    M  6.7  M   M   M    M   0 1       M  M
28  54  12  33   1  32   0 0.00    M    M  5.8 12 190   M    M   0 18     15 190
29  68  19  44  12  21   0 0.00    M    M  5.4 20 330   M    M   0        24  30
30  59  23  41  10  24   0 0.00    M    M  6.4 15 140   M    M   0        18 130
================================================================================
SM 1796  701       692   0  0.04    M    223.8          M       19
================================================================================
AV 59.9 23.4                               7.5 FASTST   M    M   1    MAX(MPH)
                                 MISC ---->  # 31 350               # 37  350
================================================================================
NOTES:
# LAST OF SEVERAL OCCURRENCES

COLUMN 17 PEAK WIND IN M.P.H.

PRELIMINARY LOCAL CLIMATOLOGICAL DATA (WS FORM: F-6) , PAGE 2

                                          STATION:  MCCOOK NE
                                          MONTH:    NOVEMBER
                                          YEAR:     2012
                                          LATITUDE:   40 13 N
                                          LONGITUDE: 100 35 W

[TEMPERATURE DATA]      [PRECIPITATION DATA]       SYMBOLS USED IN COLUMN 16

AVERAGE MONTHLY: 41.6   TOTAL FOR MONTH:   0.04    1 = FOG OR MIST
DPTR FM NORMAL:   3.4   DPTR FM NORMAL:   -0.91    2 = FOG REDUCING VISIBILITY
HIGHEST:    74 ON 20    GRTST 24HR  0.04 ON 10-10      TO 1/4 MILE OR LESS
LOWEST:      8 ON 12                               3 = THUNDER
                        SNOW, ICE PELLETS, HAIL    4 = ICE PELLETS
                        TOTAL MONTH:    M          5 = HAIL
                        GRTST 24HR    M  ON   M    6 = FREEZING RAIN OR DRIZZLE
                        GRTST DEPTH:  M  ON   M    7 = DUSTSTORM OR SANDSTORM:
                                                       VSBY 1/2 MILE OR LESS
                                                   8 = SMOKE OR HAZE
[NO. OF DAYS WITH]      [WEATHER - DAYS WITH]      9 = BLOWING SNOW
                                                   X = TORNADO
MAX 32 OR BELOW:   0    0.01 INCH OR MORE:   1
MAX 90 OR ABOVE:   0    0.10 INCH OR MORE:   0
MIN 32 OR BELOW:  30    0.50 INCH OR MORE:   0
MIN  0 OR BELOW:   0    1.00 INCH OR MORE:   0

[HDD (BASE 65) ]
TOTAL THIS MO.   692    CLEAR  (SCALE 0-3)  28
DPTR FM NORMAL  -112    PTCLDY (SCALE 4-7)   1
TOTAL FM JUL 1  1232    CLOUDY (SCALE 8-10)  1
DPTR FM NORMAL  -131

[CDD (BASE 65) ]
TOTAL THIS MO.     0
DPTR FM NORMAL     0    [PRESSURE DATA]
TOTAL FM JAN 1  1564    HIGHEST SLP M ON M
DPTR FM NORMAL   608    LOWEST  SLP 29.33 ON 10

[REMARKS]
#FINAL-11-12#
