000
CXUS53 KGLD 042341
CF6MCK
PRELIMINARY LOCAL CLIMATOLOGICAL DATA (WS FORM: F-6)

                                          STATION:   MCCOOK NE
                                          MONTH:     AUGUST
                                          YEAR:      2012
                                          LATITUDE:   40 13 N
                                          LONGITUDE: 100 35 W

  TEMPERATURE IN F:       :PCPN:    SNOW:  WIND      :SUNSHINE: SKY     :PK WND
================================================================================
1   2   3   4   5  6A  6B    7    8   9   10  11  12  13   14  15   16   17  18
                                     12Z  AVG MX 2MIN
DY MAX MIN AVG DEP HDD CDD  WTR  SNW DPTH SPD SPD DIR MIN PSBL S-S WX    SPD DR
================================================================================

 1 101  71  86  10   0  21 0.15    M    M 10.1 15 110   M    M   1 38     37 140
 2  95  70  83   7   0  18    T    M    M  6.5 18 350   M    M   1        21 340
 3  98  65  82   7   0  17 0.00    M    M  8.7 23  30   M    M   0        29  10
 4  85  58  72  -3   0   7    T    M    M 10.9 31  20   M    M   3 3      44 360
 5  93  50  72  -3   0   7 0.00    M    M  7.7 17 180   M    M   0        23 180
 6 103  65  84   9   0  19 0.00    M    M  9.0 26  30   M    M   0        33  30
 7  91  64  78   3   0  13    T    M    M  7.0 21 330   M    M   0 3      26 320
 8 104  56  80   5   0  15 0.00    M    M  9.2 24 340   M    M   0 1      32 310
 9  87  59  73  -2   0   8 0.00    M    M  8.5 16  60   M    M   0 1      21  60
10  90  56  73  -2   0   8 0.00    M    M  5.9 14  90   M    M   0        20 140
11  96  59  78   3   0  13 0.00    M    M  9.7 25 330   M    M   2 3      30 330
12  91  61  76   1   0  11 0.00    M    M 14.7 28 340   M    M   0        37 330
13  85  50  68  -6   0   3 0.00    M    M  6.7 18 160   M    M   0        25 120
14  86  60  73  -1   0   8 0.00    M    M 11.5 22 170   M    M   1        30 150
15 104  64  84  10   0  19 0.00    M    M 13.4 33 360   M    M   0 8      40  10
16  77  52  65  -9   0   0    T    M    M  8.3 18  30   M    M   3 8      26  40
17  82  45  64 -10   1   0 0.00    M    M  5.3 17 110   M    M   2        22 140
18  87  50  69  -5   0   4 0.00    M    M 10.0 30 350   M    M   0        39 350
19  83  43  63 -11   2   0 0.00    M    M  5.2 14 100   M    M   1 1      20  40
20  89  49  69  -4   0   4 0.00    M    M  4.3 14 190   M    M   0        18 190
21  94  60  77   4   0  12 0.00    M    M  8.3 23 200   M    M   1        31 170
22  95  63  79   6   0  14 0.00    M    M 12.4 24 190   M    M   0        31 240
23  85  67  76   3   0  11    T    M    M  9.1 23 120   M    M   2 38     31 110
24  79  67  73   0   0   8 0.00    M    M  7.8 14 100   M    M   9 18     16 110
25  87  64  76   4   0  11 0.00    M    M  5.8 23 200   M    M   5 1      29 200
26  93  58  76   4   0  11 0.00    M    M  4.4 15 160   M    M   2 128    22 140
27  98  64  81   9   0  16 0.00    M    M 10.0 20 160   M    M   0        28 160
28 102  63  83  11   0  18 0.00    M    M 10.9 20 180   M    M   0        26 180
29 104  64  84  13   0  19 0.00    M    M 12.7 25 180   M    M   0        32 180
30 104  65  85  14   0  20 0.00    M    M 11.8 21 160   M    M   0        30 150
31  98  55  77   6   0  12 0.00    M    M  4.3 15 140   M    M   0 8      20 210
================================================================================
SM 2866 1837         3 347  0.15    M    270.1          M       33
================================================================================
AV 92.5 59.3                               8.7 FASTST   M    M   1    MAX(MPH)
                                 MISC ---->  # 33 360               # 44  360
================================================================================
NOTES:
# LAST OF SEVERAL OCCURRENCES

COLUMN 17 PEAK WIND IN M.P.H.

PRELIMINARY LOCAL CLIMATOLOGICAL DATA (WS FORM: F-6) , PAGE 2

                                          STATION:  MCCOOK NE
                                          MONTH:    AUGUST
                                          YEAR:     2012
                                          LATITUDE:   40 13 N
                                          LONGITUDE: 100 35 W

[TEMPERATURE DATA]      [PRECIPITATION DATA]       SYMBOLS USED IN COLUMN 16

AVERAGE MONTHLY: 75.9   TOTAL FOR MONTH:   0.15    1 = FOG OR MIST
DPTR FM NORMAL:   2.1   DPTR FM NORMAL:   -2.99    2 = FOG REDUCING VISIBILITY
HIGHEST:   104 ON 30,29 GRTST 24HR  0.15 ON  1- 1      TO 1/4 MILE OR LESS
LOWEST:     43 ON 19                               3 = THUNDER
                        SNOW, ICE PELLETS, HAIL    4 = ICE PELLETS
                        TOTAL MONTH:    M          5 = HAIL
                        GRTST 24HR    M  ON   M    6 = FREEZING RAIN OR DRIZZLE
                        GRTST DEPTH:  M  ON   M    7 = DUSTSTORM OR SANDSTORM:
                                                       VSBY 1/2 MILE OR LESS
                                                   8 = SMOKE OR HAZE
[NO. OF DAYS WITH]      [WEATHER - DAYS WITH]      9 = BLOWING SNOW
                                                   X = TORNADO
MAX 32 OR BELOW:   0    0.01 INCH OR MORE:   1
MAX 90 OR ABOVE:  19    0.10 INCH OR MORE:   1
MIN 32 OR BELOW:   0    0.50 INCH OR MORE:   0
MIN  0 OR BELOW:   0    1.00 INCH OR MORE:   0

[HDD (BASE 65) ]
TOTAL THIS MO.     3    CLEAR  (SCALE 0-3)  28
DPTR FM NORMAL    -6    PTCLDY (SCALE 4-7)   2
TOTAL FM JUL 1     3    CLOUDY (SCALE 8-10)  1
DPTR FM NORMAL    -9

[CDD (BASE 65) ]
TOTAL THIS MO.   347
DPTR FM NORMAL    67    [PRESSURE DATA]
TOTAL FM JAN 1  1454    HIGHEST SLP 30.26 ON  5
DPTR FM NORMAL   603    LOWEST  SLP 29.64 ON 15

[REMARKS]
#FINAL-08-12#
