000
CXUS53 KGLD 010800
CF6MCK
PRELIMINARY LOCAL CLIMATOLOGICAL DATA (WS FORM: F-6)

                                          STATION:   MCCOOK NE
                                          MONTH:     OCTOBER
                                          YEAR:      2012
                                          LATITUDE:   40 13 N
                                          LONGITUDE: 100 35 W

  TEMPERATURE IN F:       :PCPN:    SNOW:  WIND      :SUNSHINE: SKY     :PK WND
================================================================================
1   2   3   4   5  6A  6B    7    8   9   10  11  12  13   14  15   16   17  18
                                     12Z  AVG MX 2MIN
DY MAX MIN AVG DEP HDD CDD  WTR  SNW DPTH SPD SPD DIR MIN PSBL S-S WX    SPD DR
================================================================================

 1  73  37  55  -2  10   0 0.01    M    M 14.2 26 350   M    M   2 3       M  M
 2  82  30  56  -1   9   0 0.00    M    M  8.7 17 160   M    M   0        23 170
 3  94  43  69  13   0   4    T    M    M 11.5 38  10   M    M   0 38     47  10
 4  57  36  47  -9  18   0 0.00    M    M 13.3 29 350   M    M   1        33 350
 5  41  30  36 -20  29   0 0.12    M    M  4.3 13 340   M    M   8 12     15 340
 6  40  31  36 -19  29   0 0.19    M    M  5.2 14 270   M    M   9 12     16 270
 7  57  23  40 -15  25   0 0.00    M    M  7.7 18 280   M    M   2 1      24 270
 8  76  29  53  -1  12   0 0.00    M    M  6.4 20 250   M    M   0        26 210
 9  59  33  46  -8  19   0 0.00    M    M 13.6 29  20   M    M   1 8      37  20
10  66  26  46  -8  19   0 0.00    M    M  8.8 23 180   M    M   0        29 200
11  63  35  49  -4  16   0 0.00    M    M 11.2 25  40   M    M   0        30  40
12  53  29  41 -12  24   0 0.00    M    M  7.8 20 140   M    M   4        25 150
13  78  43  61   9   4   0    T    M    M  9.6 31 360   M    M   2 123    38 360
14  76  43  60   8   5   0 0.00    M    M 13.5 28 320   M    M   1        36 320
15  84  39  62  10   3   0 0.00    M    M  8.2 18 310   M    M   0        22 210
16  81  45  63  12   2   0 0.00    M    M  9.7 28 290   M    M   1        37 290
17  69  43  56   5   9   0    T    M    M 21.3 40 330   M    M   3        49 320
18  60  42  51   0  14   0 0.00    M    M 27.6 53 310   M    M   3 8      64 300
19  70  33  52   2  13   0 0.00    M    M 10.1 23 340   M    M   0        29 320
20  82  34  58   8   7   0 0.00    M    M  6.8 15 250   M    M   0        20 250
21  79  35  57   7   8   0 0.00    M    M  9.5 20  30   M    M   0        24  20
22  62  41  52   3  13   0 0.00    M    M  7.8 14 340   M    M   7 18     16 330
23  69  45  57   8   8   0 0.00    M    M  4.7 13 360   M    M   5 12     17 360
24  55  35  45  -3  20   0 0.13    M    M 14.1 28  10   M    M   8 1      36  10
25  45  24  35 -13  30   0 0.05    M    M 14.4 30 340   M    M   4 1      37 350
26  37  23  30 -18  35   0 0.00    M    M  4.4 12 330   M    M   6        14 330
27  51  23  37 -10  28   0 0.00    M    M  7.5 22 180   M    M   1        26 190
28  59  21  40  -7  25   0 0.00    M    M  6.1 22 170   M    M   6        28 150
29  77  31  54   8  11   0 0.00    M    M  4.9 13 230   M    M   0        16 280
30  76  38  57  11   8   0 0.00    M    M  7.4 22  10   M    M   0        26 350
31  76  33  55   9  10   0 0.00    M    M  5.8 13 270   M    M   0        15 330
================================================================================
SM 2047 1053       463   4  0.50    M    306.1          M       74
================================================================================
AV 66.0 34.0                               9.9 FASTST   M    M   2    MAX(MPH)
                                 MISC ---->  # 53 310               # 64  300
================================================================================
NOTES:
# LAST OF SEVERAL OCCURRENCES

COLUMN 17 PEAK WIND IN M.P.H.

PRELIMINARY LOCAL CLIMATOLOGICAL DATA (WS FORM: F-6) , PAGE 2

                                          STATION:  MCCOOK NE
                                          MONTH:    OCTOBER
                                          YEAR:     2012
                                          LATITUDE:   40 13 N
                                          LONGITUDE: 100 35 W

[TEMPERATURE DATA]      [PRECIPITATION DATA]       SYMBOLS USED IN COLUMN 16

AVERAGE MONTHLY: 50.0   TOTAL FOR MONTH:   0.50    1 = FOG OR MIST
DPTR FM NORMAL:  -1.3   DPTR FM NORMAL:   -1.29    2 = FOG REDUCING VISIBILITY
HIGHEST:    94 ON  3    GRTST 24HR  0.19 ON  6- 6      TO 1/4 MILE OR LESS
LOWEST:     21 ON 28                               3 = THUNDER
                        SNOW, ICE PELLETS, HAIL    4 = ICE PELLETS
                        TOTAL MONTH:    M          5 = HAIL
                        GRTST 24HR    M  ON   M    6 = FREEZING RAIN OR DRIZZLE
                        GRTST DEPTH:  M  ON   M    7 = DUSTSTORM OR SANDSTORM:
                                                       VSBY 1/2 MILE OR LESS
                                                   8 = SMOKE OR HAZE
[NO. OF DAYS WITH]      [WEATHER - DAYS WITH]      9 = BLOWING SNOW
                                                   X = TORNADO
MAX 32 OR BELOW:   0    0.01 INCH OR MORE:   5
MAX 90 OR ABOVE:   1    0.10 INCH OR MORE:   3
MIN 32 OR BELOW:  12    0.50 INCH OR MORE:   0
MIN  0 OR BELOW:   0    1.00 INCH OR MORE:   0

[HDD (BASE 65) ]
TOTAL THIS MO.   463    CLEAR  (SCALE 0-3)  21
DPTR FM NORMAL    33    PTCLDY (SCALE 4-7)   7
TOTAL FM JUL 1   540    CLOUDY (SCALE 8-10)  3
DPTR FM NORMAL   -19

[CDD (BASE 65) ]
TOTAL THIS MO.     4
DPTR FM NORMAL    -3    [PRESSURE DATA]
TOTAL FM JAN 1  1564    HIGHEST SLP M ON M
DPTR FM NORMAL   608    LOWEST  SLP 29.41 ON 16

[REMARKS]
#FINAL-10-12#
