000
CXUS53 KGLD 010825
CF6MCK
PRELIMINARY LOCAL CLIMATOLOGICAL DATA (WS FORM: F-6)

                                          STATION:   MCCOOK NE
                                          MONTH:     JULY
                                          YEAR:      2012
                                          LATITUDE:   40 13 N
                                          LONGITUDE: 100 35 W

  TEMPERATURE IN F:       :PCPN:    SNOW:  WIND      :SUNSHINE: SKY     :PK WND
================================================================================
1   2   3   4   5  6A  6B    7    8   9   10  11  12  13   14  15   16   17  18
                                     12Z  AVG MX 2MIN
DY MAX MIN AVG DEP HDD CDD  WTR  SNW DPTH SPD SPD DIR MIN PSBL S-S WX    SPD DR
================================================================================

 1  98  59  79   4   0  14 0.00    M    M  8.4 23 170   M    M   0        28 150
 2 103  69  86  11   0  21 0.00    M    M  9.8 21 180   M    M   0        29 180
 3 103  71  87  12   0  22 0.00    M    M 10.6 20 170   M    M   0        28 160
 4 107  77  92  17   0  27 0.00    M    M 12.0 30  20   M    M   1        37  20
 5 104  69  87  11   0  22 0.00    M    M 11.9 25 180   M    M   1        36 150
 6 105  75  90  14   0  25 0.00    M    M 11.8 23 200   M    M   1        31  10
 7  93  68  81   5   0  16 0.00    M    M 12.8 22  10   M    M   2        28  20
 8  79  64  72  -4   0   7 1.46    M    M  8.2 24 310   M    M   8 13     29 310
 9  85  63  74  -2   0   9 0.00    M    M  8.4 20  80   M    M   2 1      25  40
10  89  58  74  -2   0   9 0.01    M    M  5.6 31  10   M    M   0 13     37  20
11  91  59  75  -1   0  10 0.00    M    M  6.0 15 140   M    M   0        22 140
12  97  61  79   3   0  14 0.00    M    M  7.5 20 140   M    M   0 3      26 140
13  97  63  80   4   0  15 0.08    M    M  5.0 16 140   M    M   0 3      22 110
14  99  65  82   6   0  17 0.00    M    M  6.8 15 110   M    M   1        24 130
15 103  68  86  10   0  21 0.00    M    M 13.8 29 190   M    M   0        37 190
16 100  73  87  11   0  22 0.00    M    M 11.8 22 170   M    M   0        30 170
17 101  67  84   8   0  19 0.00    M    M  7.2 32 310   M    M   0 3      39 310
18 101  65  83   7   0  18 0.07    M    M  7.0 23  10   M    M   0 38     28  10
19 105  63  84   8   0  19 0.00    M    M  6.2 16 100   M    M   0        21 110
20 103  65  84   8   0  19 0.00    M    M  8.4 17 150   M    M   0        23 140
21 107  72  90  14   0  25 0.00    M    M  9.2 20 190   M    M   0         M  M
22 106  73  90  14   0  25 0.00    M    M 10.2 21 170   M    M   0        29 190
23 104  72  88  12   0  23 0.00    M    M 11.2 21 180   M    M   0        30 180
24 105  74  90  14   0  25 0.00    M    M  8.8 18 190   M    M   0        23 190
25  98  68  83   7   0  18 0.21    M    M 10.2 21  30   M    M   0        28 340
26  99  60  80   4   0  15 0.00    M    M  5.0 14 270   M    M   0        18 270
27  99  61  80   4   0  15 0.00    M    M 10.2 24  80   M    M   0         M  M
28 105  69  87  11   0  22 0.01    M    M  8.2 22 210   M    M   1 3      29 200
29  99  65  82   6   0  17 0.34    M    M 10.6 26  10   M    M   0 13     31  10
30  93  64  79   3   0  14 0.45    M    M  5.2 25 210   M    M   0 13     31 210
31  97  66  82   6   0  17    T    M    M  6.1 13 130   M    M   0        20 250
================================================================================
SM 3075 2066         0 562  2.63    M    274.1          M       17
================================================================================
AV 99.2 66.6                               8.8 FASTST   M    M   1    MAX(MPH)
                                 MISC ---->  # 32 310               # 39  310
================================================================================
NOTES:
# LAST OF SEVERAL OCCURRENCES

COLUMN 17 PEAK WIND IN M.P.H.

PRELIMINARY LOCAL CLIMATOLOGICAL DATA (WS FORM: F-6) , PAGE 2

                                          STATION:  MCCOOK NE
                                          MONTH:    JULY
                                          YEAR:     2012
                                          LATITUDE:   40 13 N
                                          LONGITUDE: 100 35 W

[TEMPERATURE DATA]      [PRECIPITATION DATA]       SYMBOLS USED IN COLUMN 16

AVERAGE MONTHLY: 82.9   TOTAL FOR MONTH:   2.63    1 = FOG OR MIST
DPTR FM NORMAL:   7.0   DPTR FM NORMAL:   -0.62    2 = FOG REDUCING VISIBILITY
HIGHEST:   107 ON 21, 4 GRTST 24HR  1.46 ON  8- 8      TO 1/4 MILE OR LESS
LOWEST:     58 ON 10                               3 = THUNDER
                        SNOW, ICE PELLETS, HAIL    4 = ICE PELLETS
                        TOTAL MONTH:    M          5 = HAIL
                        GRTST 24HR    M  ON   M    6 = FREEZING RAIN OR DRIZZLE
                        GRTST DEPTH:  M  ON   M    7 = DUSTSTORM OR SANDSTORM:
                                                       VSBY 1/2 MILE OR LESS
                                                   8 = SMOKE OR HAZE
[NO. OF DAYS WITH]      [WEATHER - DAYS WITH]      9 = BLOWING SNOW
                                                   X = TORNADO
MAX 32 OR BELOW:   0    0.01 INCH OR MORE:   8
MAX 90 OR ABOVE:  28    0.10 INCH OR MORE:   4
MIN 32 OR BELOW:   0    0.50 INCH OR MORE:   1
MIN  0 OR BELOW:   0    1.00 INCH OR MORE:   1

[HDD (BASE 65) ]
TOTAL THIS MO.     0    CLEAR  (SCALE 0-3)  30
DPTR FM NORMAL    -3    PTCLDY (SCALE 4-7)   1
TOTAL FM JUL 1     0    CLOUDY (SCALE 8-10)  0
DPTR FM NORMAL    -3

[CDD (BASE 65) ]
TOTAL THIS MO.   562
DPTR FM NORMAL   221    [PRESSURE DATA]
TOTAL FM JAN 1  1107    HIGHEST SLP 30.21 ON  8
DPTR FM NORMAL   536    LOWEST  SLP 29.62 ON 24

[REMARKS]
#FINAL-07-12#
