000
CXUS53 KGLD 010800
CF6MCK
PRELIMINARY LOCAL CLIMATOLOGICAL DATA (WS FORM: F-6)

                                          STATION:   MCCOOK NE
                                          MONTH:     MAY
                                          YEAR:      2012
                                          LATITUDE:   40 13 N
                                          LONGITUDE: 100 35 W

  TEMPERATURE IN F:       :PCPN:    SNOW:  WIND      :SUNSHINE: SKY     :PK WND
================================================================================
1   2   3   4   5  6A  6B    7    8   9   10  11  12  13   14  15   16   17  18
                                     12Z  AVG MX 2MIN
DY MAX MIN AVG DEP HDD CDD  WTR  SNW DPTH SPD SPD DIR MIN PSBL S-S WX    SPD DR
================================================================================

 1  78  49  64   9   1   0 0.00    M    M  4.5 12  30   M    M   3 12     15 160
 2  86  43  65  10   0   0 0.00    M    M  4.8 18 320   M    M   0 1      22 310
 3  88  54  71  15   0   6 0.00    M    M 12.1 24 350   M    M   1 1      30 350
 4  94  61  78  22   0  13 0.00    M    M  7.1 15 180   M    M   4 128    20 180
 5  97  53  75  19   0  10 0.00    M    M 11.0 32  20   M    M   0 18     39  20
 6  73  46  60   4   5   0 0.00    M    M 19.2 38  10   M    M   4        46  10
 7  66  45  56  -1   9   0 0.01    M    M  9.9 22 360   M    M   6        28  20
 8  75  37  56  -1   9   0 0.00    M    M  9.4 25 320   M    M   1        32 320
 9  82  33  58   0   7   0 0.00    M    M  6.4 16 190   M    M   0        23 150
10  91  44  68  10   0   3 0.00    M    M  9.2 22 180   M    M   0        29 150
11  67  45  56  -2   9   0 0.00    M    M 18.2 30  30   M    M   3        37  30
12  53  43  48 -10  17   0 0.06    M    M  5.2 13 360   M    M   9        16  10
13  73  44  59   0   6   0 0.00    M    M  2.4 10 260   M    M   5 1      15 220
14  84  38  61   2   4   0 0.00    M    M  4.5 15 230   M    M   0 1      22 230
15  88  40  64   5   1   0 0.00    M    M  9.8 18  70   M    M   0        28  40
16  91  42  67   7   0   2 0.00    M    M 11.3 23 170   M    M   0        38 150
17  95  62  79  19   0  14 0.00    M    M 17.2 37 190   M    M   1 3      48 190
18  94  51  73  13   0   8 0.00    M    M 14.4 29 160   M    M   0        40 140
19  75  47  61   1   4   0 0.34    M    M 17.1 33 320   M    M   4 13     40 320
20  75  44  60  -1   5   0 0.00    M    M  7.0 14 360   M    M   0 1      16 310
21  85  48  67   6   0   2    T    M    M 13.1 28 170   M    M   1        36 180
22  95  61  78  17   0  13 0.00    M    M 18.7 29 160   M    M   0        39 160
23  83  55  69   7   0   4 0.14    M    M 15.9 31  10   M    M   2 13     41 360
24  76  51  64   2   1   0 0.21    M    M 11.5 22 280   M    M   6 13     30 290
25  70  50  60  -2   5   0 0.06    M    M 14.2 25  70   M    M   8 138    31  70
26 102  57  80  17   0  15 0.00    M    M 19.3 46 160   M    M   3 18     60 160
27  90  59  75  12   0  10    T    M    M 14.9 49 200   M    M   1 38     63 200
28  85  47  66   3   0   1 0.00    M    M  8.5 21 270   M    M   0        29 310
29  81  48  65   1   0   0 0.00    M    M  6.7 15 360   M    M   0        17  50
30  84  47  66   2   0   1 0.13    M    M 12.1 25  60   M    M   2 3      31  60
31  73  43  58  -6   7   0 0.00    M    M  6.6 24  40   M    M   4 1      33 180
================================================================================
SM 2549 1487        90 102  0.95    M    342.2          M       68
================================================================================
AV 82.2 48.0                              11.0 FASTST   M    M   2    MAX(MPH)
                                 MISC ---->  # 49 200               # 63  200
================================================================================
NOTES:
# LAST OF SEVERAL OCCURRENCES

COLUMN 17 PEAK WIND IN M.P.H.

PRELIMINARY LOCAL CLIMATOLOGICAL DATA (WS FORM: F-6) , PAGE 2

                                          STATION:  MCCOOK NE
                                          MONTH:    MAY
                                          YEAR:     2012
                                          LATITUDE:   40 13 N
                                          LONGITUDE: 100 35 W

[TEMPERATURE DATA]      [PRECIPITATION DATA]       SYMBOLS USED IN COLUMN 16

AVERAGE MONTHLY: 65.1   TOTAL FOR MONTH:   0.95    1 = FOG OR MIST
DPTR FM NORMAL:   5.5   DPTR FM NORMAL:   -2.19    2 = FOG REDUCING VISIBILITY
HIGHEST:   102 ON 26    GRTST 24HR  0.35 ON 19-20      TO 1/4 MILE OR LESS
LOWEST:     33 ON  9                               3 = THUNDER
                        SNOW, ICE PELLETS, HAIL    4 = ICE PELLETS
                        TOTAL MONTH:    M          5 = HAIL
                        GRTST 24HR    M  ON   M    6 = FREEZING RAIN OR DRIZZLE
                        GRTST DEPTH:  M  ON   M    7 = DUSTSTORM OR SANDSTORM:
                                                       VSBY 1/2 MILE OR LESS
                                                   8 = SMOKE OR HAZE
[NO. OF DAYS WITH]      [WEATHER - DAYS WITH]      9 = BLOWING SNOW
                                                   X = TORNADO
MAX 32 OR BELOW:   0    0.01 INCH OR MORE:   7
MAX 90 OR ABOVE:   9    0.10 INCH OR MORE:   4
MIN 32 OR BELOW:   0    0.50 INCH OR MORE:   0
MIN  0 OR BELOW:   0    1.00 INCH OR MORE:   0

[HDD (BASE 65) ]
TOTAL THIS MO.    90    CLEAR  (SCALE 0-3)  21
DPTR FM NORMAL  -116    PTCLDY (SCALE 4-7)   9
TOTAL FM JUL 1  5119    CLOUDY (SCALE 8-10)  1
DPTR FM NORMAL  -990

[CDD (BASE 65) ]
TOTAL THIS MO.   102
DPTR FM NORMAL    63    [PRESSURE DATA]
TOTAL FM JAN 1   126    HIGHEST SLP M ON M
DPTR FM NORMAL    81    LOWEST  SLP 29.29 ON 23

[REMARKS]
#FINAL-05-12#
