000
CXUS53 KGLD 010800
CF6MCK
PRELIMINARY LOCAL CLIMATOLOGICAL DATA (WS FORM: F-6)

                                          STATION:   MCCOOK NE
                                          MONTH:     JUNE
                                          YEAR:      2012
                                          LATITUDE:   40 13 N
                                          LONGITUDE: 100 35 W

  TEMPERATURE IN F:       :PCPN:    SNOW:  WIND      :SUNSHINE: SKY     :PK WND
================================================================================
1   2   3   4   5  6A  6B    7    8   9   10  11  12  13   14  15   16   17  18
                                     12Z  AVG MX 2MIN
DY MAX MIN AVG DEP HDD CDD  WTR  SNW DPTH SPD SPD DIR MIN PSBL S-S WX    SPD DR
================================================================================

 1  75  48  62  -3   3   0 0.06    M    M  7.9 16 120   M    M   4 1      22 120
 2  91  50  71   6   0   6 0.00    M    M  6.7 28 280   M    M   1        36 280
 3  96  62  79  14   0  14 0.00    M    M  6.9 17 340   M    M   0        22 350
 4  94  62  78  12   0  13 0.00    M    M  9.6 20 120   M    M   0        25  90
 5  94  56  75   9   0  10 0.00    M    M 11.1 22 140   M    M   0        28 120
 6  89  62  76   9   0  11 0.00    M    M 13.5 24 130   M    M   0        32 130
 7  88  57  73   6   0   8 0.00    M    M 11.6 23 160   M    M   4 18     35 140
 8  91  62  77  10   0  12 0.00    M    M 16.1 28 160   M    M   1        35 150
 9 101  67  84  16   0  19 0.00    M    M 20.4 33 160   M    M   0        45 170
10  84  54  69   1   0   4 0.00    M    M 16.5 39 340   M    M   1        48 340
11  85  48  67  -1   0   2 0.00    M    M 10.8 24 350   M    M   0 8      36 320
12  88  49  69   0   0   4 0.13    M    M 13.2 35 150   M    M   3 3      44 150
13  99  62  81  12   0  16 0.00    M    M 15.8 28 180   M    M   0 3      35 180
14  93  65  79   9   0  14 0.05    M    M 14.4 32  80   M    M   2 3      40  80
15  88  61  75   5   0  10 0.02    M    M  9.5 24 210   M    M   0 3      29 210
16  88  61  75   5   0  10 0.11    M    M  8.9 21 240   M    M   1 13     24 230
17 102  63  83  12   0  18 0.00    M    M 14.2 26 190   M    M   0        36 210
18 109  68  89  18   0  24 0.00    M    M 13.9 30 180   M    M   0         M  M
19 102  74  88  17   0  23 0.00    M    M 20.7 32 180   M    M   0        40 160
20  83  63  73   1   0   8 0.00    M    M 17.1 32  30   M    M   4        39  30
21  86  51  69  -3   0   4 0.00    M    M  6.7 14 140   M    M   1        21  60
22  92  58  75   3   0  10 0.04    M    M 18.1 30 160   M    M   2 3      39 160
23 103  67  85  12   0  20 0.04    M    M 14.0 33 120   M    M   0 13     40 110
24 105  64  85  12   0  20 0.00    M    M  9.4 23  70   M    M   0 128    39 100
25 103  68  86  13   0  21 0.00    M    M 13.6 24 110   M    M   3 128    31 110
26 115  70  93  19   0  28 0.00    M    M 13.5 30 180   M    M   0 18     40 200
27 109  78  94  20   0  29 0.00    M    M 13.2 36 320   M    M   0        47 330
28 103  68  86  12   0  21 0.07    M    M  9.7 41 250   M    M   0 38     55 250
29 103  64  84  10   0  19 0.01    M    M  5.1 15 340   M    M   1 1      24 180
30 104  68  86  11   0  21    T    M    M  6.9 23  40   M    M   0 38     28 110
================================================================================
SM 2863 1850         3 419  0.53    M    369.0          M       28
================================================================================
AV 95.4 61.7                              12.3 FASTST   M    M   1    MAX(MPH)
                                 MISC ---->  # 41 250                99999  M
================================================================================
NOTES:
# LAST OF SEVERAL OCCURRENCES

COLUMN 17 PEAK WIND IN M.P.H.

PRELIMINARY LOCAL CLIMATOLOGICAL DATA (WS FORM: F-6) , PAGE 2

                                          STATION:  MCCOOK NE
                                          MONTH:    JUNE
                                          YEAR:     2012
                                          LATITUDE:   40 13 N
                                          LONGITUDE: 100 35 W

[TEMPERATURE DATA]      [PRECIPITATION DATA]       SYMBOLS USED IN COLUMN 16

AVERAGE MONTHLY: 78.6   TOTAL FOR MONTH:   0.53    1 = FOG OR MIST
DPTR FM NORMAL:   8.7   DPTR FM NORMAL:   -2.85    2 = FOG REDUCING VISIBILITY
HIGHEST:   115 ON 26    GRTST 24HR  0.13 ON 12-12      TO 1/4 MILE OR LESS
LOWEST:     48 ON 11, 1                            3 = THUNDER
                        SNOW, ICE PELLETS, HAIL    4 = ICE PELLETS
                        TOTAL MONTH:    M          5 = HAIL
                        GRTST 24HR    M  ON   M    6 = FREEZING RAIN OR DRIZZLE
                        GRTST DEPTH:  M  ON   M    7 = DUSTSTORM OR SANDSTORM:
                                                       VSBY 1/2 MILE OR LESS
                                                   8 = SMOKE OR HAZE
[NO. OF DAYS WITH]      [WEATHER - DAYS WITH]      9 = BLOWING SNOW
                                                   X = TORNADO
MAX 32 OR BELOW:   0    0.01 INCH OR MORE:   9
MAX 90 OR ABOVE:  20    0.10 INCH OR MORE:   2
MIN 32 OR BELOW:   0    0.50 INCH OR MORE:   0
MIN  0 OR BELOW:   0    1.00 INCH OR MORE:   0

[HDD (BASE 65) ]
TOTAL THIS MO.     3    CLEAR  (SCALE 0-3)  26
DPTR FM NORMAL   -33    PTCLDY (SCALE 4-7)   4
TOTAL FM JUL 1  5122    CLOUDY (SCALE 8-10)  0
DPTR FM NORMAL -1023

[CDD (BASE 65) ]
TOTAL THIS MO.   419
DPTR FM NORMAL   234    [PRESSURE DATA]
TOTAL FM JAN 1   545    HIGHEST SLP M ON M
DPTR FM NORMAL   315    LOWEST  SLP 29.33 ON  9

[REMARKS]
#FINAL-06-12#
