000
CXUS53 KGLD 021626
CF6MCK
PRELIMINARY LOCAL CLIMATOLOGICAL DATA (WS FORM: F-6)

                                          STATION:   MCCOOK NE
                                          MONTH:     MARCH
                                          YEAR:      2012
                                          LATITUDE:   40 13 N
                                          LONGITUDE: 100 35 W

  TEMPERATURE IN F:       :PCPN:    SNOW:  WIND      :SUNSHINE: SKY     :PK WND
================================================================================
1   2   3   4   5  6A  6B    7    8   9   10  11  12  13   14  15   16   17  18
                                     12Z  AVG MX 2MIN
DY MAX MIN AVG DEP HDD CDD  WTR  SNW DPTH SPD SPD DIR MIN PSBL S-S WX    SPD DR
================================================================================

 1  55  20  38   3  27   0 0.00    M    M 11.6 29 360   M    M   2        35 340
 2  49  19  34  -1  31   0 0.00    M    M 13.5 30 330   M    M   1        39 340
 3  48  17  33  -2  32   0 0.00    M    M 13.8 31 330   M    M   3        39 330
 4  65  28  47  11  18   0 0.00    M    M 17.2 39 320   M    M   3        49 320
 5  74  29  52  16  13   0 0.00    M    M 10.0 22 190   M    M   0        26 190
 6  78  27  53  17  12   0 0.00    M    M 11.5 26 180   M    M   0        35 180
 7  58  30  44   7  21   0 0.00    M    M 14.9 31 350   M    M   6        47 240
 8  53  20  37   0  28   0 0.00    M    M 10.0 23 360   M    M   0        33 330
 9  66  19  43   6  22   0 0.00    M    M 11.9 22 210   M    M   0        28 220
10  72  33  53  15  12   0 0.00    M    M 14.7 28 190   M    M   0        33 190
11  47  42  45   7  20   0 0.06    M    M  8.1 17 150   M    M   9 1      22 160
12  77  33  55  17  10   0 0.00    M    M 11.3 26 300   M    M   0        33 310
13  81  31  56  18   9   0 0.00    M    M  6.1 20 210   M    M   0 8      25 230
14  79  32  56  17   9   0 0.00    M    M  6.7 15 260   M    M   0        17 110
15  80  34  57  18   8   0 0.00    M    M  5.6 15 290   M    M   0        18  30
16  83  33  58  19   7   0 0.00    M    M  9.6 25 150   M    M   0        31 160
17  87  42  65  25   0   0 0.00    M    M 10.7 32 170   M    M   2 12     43 170
18  82  50  66  26   0   1 0.00    M    M 21.2 38 160   M    M   0        49 170
19  66  42  54  14  11   0    T    M    M 11.1 39 170   M    M   4        53 180
20  60  33  47   7  18   0 0.00    M    M 12.2 26  20   M    M   5 1      35  20
21  62  42  52  11  13   0 0.24    M    M 13.9 30  20   M    M   9 1      37  20
22  60  39  50   9  15   0 0.22    M    M  6.5 32  10   M    M   5 1      38  10
23  70  29  50   8  15   0 0.00    M    M  3.7 10 160   M    M   1 12     13 160
24  80  37  59  17   6   0 0.00    M    M  5.4 14  40   M    M   0 18     18  40
25  76  39  58  16   7   0 0.00    M    M  8.0 21 160   M    M   2 18     25 200
26  84  52  68  26   0   3 0.00    M    M 18.9 38 170   M    M   0        49 180
27  75  38  57  14   8   0 0.00    M    M  9.0 28 330   M    M   0 8      33 320
28  71  33  52   9  13   0 0.00    M    M  5.7 18  80   M    M   1 1      22  70
29  77  40  59  16   6   0 0.00    M    M  8.9 30 340   M    M   4 128    36 330
30  82  34  58  14   7   0 0.00    M    M  7.6 10 220   M    M   0        13 220
31  85  44  65  21   0   0 0.00    M    M  7.4 16 210   M    M   0        23 230
================================================================================
SM 2182 1041       398   4  0.52    M    326.7          M       57
================================================================================
AV 70.4 33.6                              10.5 FASTST   M    M   2    MAX(MPH)
                                 MISC ---->  # 39 320               # 53  180
================================================================================
NOTES:
# LAST OF SEVERAL OCCURRENCES

COLUMN 17 PEAK WIND IN M.P.H.

PRELIMINARY LOCAL CLIMATOLOGICAL DATA (WS FORM: F-6) , PAGE 2

                                          STATION:  MCCOOK NE
                                          MONTH:    MARCH
                                          YEAR:     2012
                                          LATITUDE:   40 13 N
                                          LONGITUDE: 100 35 W

[TEMPERATURE DATA]      [PRECIPITATION DATA]       SYMBOLS USED IN COLUMN 16

AVERAGE MONTHLY: 52.0   TOTAL FOR MONTH:   0.52    1 = FOG OR MIST
DPTR FM NORMAL:  12.6   DPTR FM NORMAL:   -0.84    2 = FOG REDUCING VISIBILITY
HIGHEST:    87 ON 17    GRTST 24HR  0.46 ON 21-22      TO 1/4 MILE OR LESS
LOWEST:     17 ON  3                               3 = THUNDER
                        SNOW, ICE PELLETS, HAIL    4 = ICE PELLETS
                        TOTAL MONTH:    M          5 = HAIL
                        GRTST 24HR    M  ON   M    6 = FREEZING RAIN OR DRIZZLE
                        GRTST DEPTH:  M  ON   M    7 = DUSTSTORM OR SANDSTORM:
                                                       VSBY 1/2 MILE OR LESS
                                                   8 = SMOKE OR HAZE
[NO. OF DAYS WITH]      [WEATHER - DAYS WITH]      9 = BLOWING SNOW
                                                   X = TORNADO
MAX 32 OR BELOW:   0    0.01 INCH OR MORE:   3
MAX 90 OR ABOVE:   0    0.10 INCH OR MORE:   2
MIN 32 OR BELOW:  12    0.50 INCH OR MORE:   0
MIN  0 OR BELOW:   0    1.00 INCH OR MORE:   0

[HDD (BASE 65) ]
TOTAL THIS MO.   398    CLEAR  (SCALE 0-3)  23
DPTR FM NORMAL  -397    PTCLDY (SCALE 4-7)   6
TOTAL FM JUL 1  4726    CLOUDY (SCALE 8-10)  2
DPTR FM NORMAL  -705

[CDD (BASE 65) ]
TOTAL THIS MO.     4
DPTR FM NORMAL     4    [PRESSURE DATA]
TOTAL FM JAN 1     4    HIGHEST SLP 30.59 ON  9
DPTR FM NORMAL     4    LOWEST  SLP 29.45 ON 19

[REMARKS]
#FINAL-03-12#
