000
CXUS53 KGLD 010800
CF6MCK
PRELIMINARY LOCAL CLIMATOLOGICAL DATA (WS FORM: F-6)
STATION: MCCOOK NE
MONTH: FEBRUARY
YEAR: 2022
LATITUDE: 40 13 N
LONGITUDE: 100 35 W
TEMPERATURE IN F: :PCPN: SNOW: WIND :SUNSHINE: SKY :PK WND
================================================================================
1 2 3 4 5 6A 6B 7 8 9 10 11 12 13 14 15 16 17 18
12Z AVG MX 2MIN
DY MAX MIN AVG DEP HDD CDD WTR SNW DPTH SPD SPD DIR MIN PSBL S-S WX SPD DR
================================================================================
1 36 20 28 -1 37 0 0.00 M M 13.4 23 30 M M 1 33 360
2 20 6 13 -16 52 0 0.00 M M 14.5 22 30 M M 10 30 40
3 24 0 12 -17 53 0 0.00 M M 7.2 14 250 M M 3 18 60
4 46 6 26 -3 39 0 0.00 M M 11.9 18 330 M M 0 32 330
5 59 17 38 8 27 0 0.00 M M 11.6 24 310 M M 0 31 330
6 48 26 37 7 28 0 0.00 M M 14.9 31 360 M M 2 42 360
7 59 23 41 11 24 0 0.00 M M 11.6 20 310 M M 0 28 300
8 59 25 42 12 23 0 0.00 M M 15.5 36 340 M M 0 45 350
9 58 25 42 12 23 0 T M M 14.2 29 340 M M 3 42 340
10 64 20 42 12 23 0 0.00 M M 11.4 28 280 M M 2 1 36 290
11 51 16 34 4 31 0 T M M 17.7 38 360 M M 3 46 360
12 47 9 28 -3 37 0 0.00 M M 11.1 24 290 M M 2 31 280
13 59 16 38 7 27 0 0.00 M M 9.2 17 200 M M 0 24 190
14 53 19 36 5 29 0 0.00 M M 9.5 21 160 M M 0 27 150
15 51 20 36 5 29 0 0.00 M M 3.9 12 350 M M 0 14 130
16 41 24 33 1 32 0 0.00 M M 16.7 28 20 M M 6 36 30
17 36 11 24 -8 41 0 0.00 M M 11.0 25 10 M M 3 31 20
18 59 24 42 10 23 0 0.00 M M 13.8 28 330 M M 1 36 330
19 59 17 38 6 27 0 0.00 M M 13.3 31 210 M M 0 43 210
20 65 23 44 11 21 0 0.00 M M 8.2 24 340 M M 0 30 340
21 46 3 25 -8 40 0 T M M 16.2 32 360 M M 3 8 42 360
22 16 -1 8 -25 57 0 T M M 20.7 29 340 M M 9 8 37 350
23 16 -2 7 -27 58 0 T M M 9.8 17 10 M M 3 21 10
24 17 -3 7 -27 58 0 T M M 5.5 15 90 M M 4 8 19 90
25 38 -6 16 -18 49 0 0.00 M M 4.2 14 200 M M 1 8 19 180
26 48 12 30 -5 35 0 0.00 M M 8.7 22 320 M M 2 27 330
27 62 9 36 1 29 0 0.00 M M 8.8 15 250 M M 0 25 290
28 68 24 46 10 19 0 0.00 M M 9.3 16 260 M M 0 21 260
================================================================================
SM 1305 383 971 0 T M 323.8 M 58
================================================================================
AV 46.6 13.7 11.6 FASTST M M 2 MAX(MPH)
MISC ----> 38 360 46 360
================================================================================
NOTES:
# LAST OF SEVERAL OCCURRENCES
COLUMN 17 PEAK WIND IN M.P.H.
PRELIMINARY LOCAL CLIMATOLOGICAL DATA (WS FORM: F-6) , PAGE 2
STATION: MCCOOK NE
MONTH: FEBRUARY
YEAR: 2022
LATITUDE: 40 13 N
LONGITUDE: 100 35 W
[TEMPERATURE DATA] [PRECIPITATION DATA] SYMBOLS USED IN COLUMN 16
AVERAGE MONTHLY: 30.1 TOTAL FOR MONTH: T 1 = FOG OR MIST
DPTR FM NORMAL: -1.4 DPTR FM NORMAL: -0.35 2 = FOG REDUCING VISIBILITY
HIGHEST: 68 ON 28 GRTST 24HR T ON 9- 9 TO 1/4 MILE OR LESS
LOWEST: -6 ON 25 3 = THUNDER
SNOW, ICE PELLETS, HAIL 4 = ICE PELLETS
TOTAL MONTH: M 5 = HAIL
GRTST 24HR M ON M 6 = FREEZING RAIN OR DRIZZLE
GRTST DEPTH: M ON M 7 = DUSTSTORM OR SANDSTORM:
VSBY 1/2 MILE OR LESS
8 = SMOKE OR HAZE
[NO. OF DAYS WITH] [WEATHER - DAYS WITH] 9 = BLOWING SNOW
X = TORNADO
MAX 32 OR BELOW: 5 0.01 INCH OR MORE: 0
MAX 90 OR ABOVE: 0 0.10 INCH OR MORE: 0
MIN 32 OR BELOW: 28 0.50 INCH OR MORE: 0
MIN 0 OR BELOW: 5 1.00 INCH OR MORE: 0
[HDD (BASE 65) ]
TOTAL THIS MO. 971 CLEAR (SCALE 0-3) 22
DPTR FM NORMAL 35 PTCLDY (SCALE 4-7) 4
TOTAL FM JUL 1 3972 CLOUDY (SCALE 8-10) 2
DPTR FM NORMAL -453
[CDD (BASE 65) ]
TOTAL THIS MO. 0
DPTR FM NORMAL 0 [PRESSURE DATA]
TOTAL FM JAN 1 0 HIGHEST SLP M ON M
DPTR FM NORMAL 0 LOWEST SLP 29.55 ON 21
[REMARKS]
#FINAL-02-22#