000
CXUS53 KGLD 010800
CF6MCK
PRELIMINARY LOCAL CLIMATOLOGICAL DATA (WS FORM: F-6)

                                          STATION:   MCCOOK NE
                                          MONTH:     FEBRUARY
                                          YEAR:      2012
                                          LATITUDE:   40 13 N
                                          LONGITUDE: 100 35 W

  TEMPERATURE IN F:       :PCPN:    SNOW:  WIND      :SUNSHINE: SKY     :PK WND
================================================================================
1   2   3   4   5  6A  6B    7    8   9   10  11  12  13   14  15   16   17  18
                                     12Z  AVG MX 2MIN
DY MAX MIN AVG DEP HDD CDD  WTR  SNW DPTH SPD SPD DIR MIN PSBL S-S WX    SPD DR
================================================================================

 1  57  20  39  11  26   0 0.00    M    M  8.6 18 300   M    M   0        25 320
 2  58  19  39  11  26   0 0.07    M    M  7.2 18 150   M    M   2        24 140
 3  39  32  36   8  29   0 0.25    M    M 18.4 26  30   M    M  10 1      33  30
 4  33  18  26  -3  39   0    T    M    M 15.7 29 350   M    M   8 1      35 350
 5  37  13  25  -4  40   0 0.00    M    M  7.6 13 260   M    M   0 1      15 270
 6  38  11  25  -4  40   0    T    M    M  5.3 24  10   M    M   4 1      30  20
 7  32  19  26  -3  39   0    T    M    M 12.6 31  10   M    M  10 18     38  10
 8  27  16  22  -7  43   0 0.00    M    M  6.4 14 160   M    M   8 1      17 190
 9  45  12  29   0  36   0 0.00    M    M  7.8 23 320   M    M   1 18     30 320
10  30  12  21  -9  44   0    T    M    M 12.3 22  30   M    M   7 8      25  30
11  19   3  11 -19  54   0 0.00    M    M  6.7 18  40   M    M   4        22  40
12  32   9  21  -9  44   0 0.00    M    M 14.6 25 160   M    M   4        32 150
13  40  23  32   2  33   0    T    M    M  7.2 16 330   M    M   5 18     21 340
14  54  21  38   8  27   0 0.00    M    M  6.9 13 140   M    M   1        16 140
15  44  21  33   2  32   0 0.00    M    M 12.4 29 360   M    M   2        39 350
16  51  18  35   4  30   0 0.00    M    M  7.0 20 210   M    M   1 1      25 200
17  53  20  37   6  28   0 0.00    M    M  7.3 17  50   M    M   1 1      21  50
18  44  17  31  -1  34   0 0.00    M    M  6.7 15 180   M    M   2        18 180
19  41  26  34   2  31   0 0.00    M    M 12.6 26 150   M    M   8 18     35 150
20  45  26  36   4  29   0    T    M    M 18.1 37 320   M    M   8 18     49 320
21  55  21  38   6  27   0 0.00    M    M 12.0 26 260   M    M   2        36 250
22  59  30  45  12  20   0 0.00    M    M  9.7 25 310   M    M   3        31 320
23  52  27  40   7  25   0 0.00    M    M 22.7 45 330   M    M   1        55 340
24  48  18  33   0  32   0 0.00    M    M 14.1 35 310   M    M   2        49 320
25  62  14  38   4  27   0 0.00    M    M 14.0 43 320   M    M   2 8      53 330
26  50  20  35   1  30   0 0.00    M    M 14.8 33 310   M    M   1        41 320
27  45  12  29  -5  36   0 0.00    M    M 10.3 26 160   M    M   4        32 160
28  66  33  50  16  15   0 0.05    M    M 17.9 44 310   M    M   7 18     52 300
29  55  27  41   6  24   0 0.00    M    M 18.2 40 310   M    M   0        48 320
================================================================================
SM 1311  558       940   0  0.37    M    335.1          M      108
================================================================================
AV 45.2 19.2                              11.6 FASTST   M    M   4    MAX(MPH)
                                 MISC ---->  # 45 330               # 55  340
================================================================================
NOTES:
# LAST OF SEVERAL OCCURRENCES

COLUMN 17 PEAK WIND IN M.P.H.

PRELIMINARY LOCAL CLIMATOLOGICAL DATA (WS FORM: F-6) , PAGE 2

                                          STATION:  MCCOOK NE
                                          MONTH:    FEBRUARY
                                          YEAR:     2012
                                          LATITUDE:   40 13 N
                                          LONGITUDE: 100 35 W

[TEMPERATURE DATA]      [PRECIPITATION DATA]       SYMBOLS USED IN COLUMN 16

AVERAGE MONTHLY: 32.2   TOTAL FOR MONTH:   0.37    1 = FOG OR MIST
DPTR FM NORMAL:   1.3   DPTR FM NORMAL:   -0.25    2 = FOG REDUCING VISIBILITY
HIGHEST:    66 ON 28    GRTST 24HR  0.30 ON  2- 3      TO 1/4 MILE OR LESS
LOWEST:      3 ON 11                               3 = THUNDER
                        SNOW, ICE PELLETS, HAIL    4 = ICE PELLETS
                        TOTAL MONTH:    M          5 = HAIL
                        GRTST 24HR    M  ON   M    6 = FREEZING RAIN OR DRIZZLE
                        GRTST DEPTH:  M  ON   M    7 = DUSTSTORM OR SANDSTORM:
                                                       VSBY 1/2 MILE OR LESS
                                                   8 = SMOKE OR HAZE
[NO. OF DAYS WITH]      [WEATHER - DAYS WITH]      9 = BLOWING SNOW
                                                   X = TORNADO
MAX 32 OR BELOW:   5    0.01 INCH OR MORE:   3
MAX 90 OR ABOVE:   0    0.10 INCH OR MORE:   1
MIN 32 OR BELOW:  28    0.50 INCH OR MORE:   0
MIN  0 OR BELOW:   0    1.00 INCH OR MORE:   0

[HDD (BASE 65) ]
TOTAL THIS MO.   940    CLEAR  (SCALE 0-3)  15
DPTR FM NORMAL   -15    PTCLDY (SCALE 4-7)  12
TOTAL FM JUL 1  4328    CLOUDY (SCALE 8-10)  2
DPTR FM NORMAL  -338

[CDD (BASE 65) ]
TOTAL THIS MO.     0
DPTR FM NORMAL     0    [PRESSURE DATA]
TOTAL FM JAN 1     0    HIGHEST SLP M ON M
DPTR FM NORMAL     0    LOWEST  SLP 29.29 ON M

[REMARKS]
#FINAL-02-12#
