000
CXUS53 KGLD 010800
CF6MCK
PRELIMINARY LOCAL CLIMATOLOGICAL DATA (WS FORM: F-6)

                                          STATION:   MCCOOK NE
                                          MONTH:     APRIL
                                          YEAR:      2012
                                          LATITUDE:   40 13 N
                                          LONGITUDE: 100 35 W

  TEMPERATURE IN F:       :PCPN:    SNOW:  WIND      :SUNSHINE: SKY     :PK WND
================================================================================
1   2   3   4   5  6A  6B    7    8   9   10  11  12  13   14  15   16   17  18
                                     12Z  AVG MX 2MIN
DY MAX MIN AVG DEP HDD CDD  WTR  SNW DPTH SPD SPD DIR MIN PSBL S-S WX    SPD DR
================================================================================

 1  92  49  71  27   0   6 0.00    M    M  9.1 24 180   M    M   1 128    31 170
 2  69  40  55  10  10   0 0.00    M    M 19.8 33 360   M    M   2        39 340
 3  50  42  46   1  19   0 0.20    M    M 16.3 31 360   M    M  10 1      38  10
 4  51  43  47   2  18   0 0.58    M    M 10.2 23  20   M    M  10 1      28  20
 5  66  46  56  10   9   0 0.00    M    M  7.1 17 130   M    M   7 1      22 120
 6  61  49  55   9  10   0 0.00    M    M 15.8 31 170   M    M  10 1      39 170
 7  62  36  49   3  16   0 0.00    M    M 15.1 43 330   M    M   0        52 330
 8  74  31  53   6  12   0 0.00    M    M  8.8 23 210   M    M   0 8      29 210
 9  68  35  52   5  13   0 0.00    M    M 10.3 22  70   M    M   1        26  70
10  64  32  48   1  17   0 0.00    M    M  8.7 17 120   M    M   7        24 140
11  55  44  50   2  15   0 0.00    M    M 14.5 25 130   M    M   9        32 120
12  61  45  53   5  12   0 0.76    M    M 16.2 36 160   M    M  10 13     46 160
13  69  43  56   8   9   0 0.07    M    M 11.6 31 270   M    M   2 1      41 270
14  78  38  58   9   7   0 0.00    M    M 11.6 28 310   M    M   6 12     33 310
15  55  41  48  -1  17   0 0.02    M    M 22.8 47 330   M    M   7 138    56 340
16  59  36  48  -2  17   0 0.00    M    M  7.2 14 360   M    M   3        17 340
17  76  37  57   7   8   0 0.00    M    M 11.3 25 180   M    M   0 1      33 190
18  72  46  59   9   6   0 0.00    M    M 10.2 21 360   M    M   0 8      25 350
19  65  42  54   3  11   0 0.07    M    M 15.1 29 330   M    M   3 1      35 330
20  64  37  51   0  14   0 0.05    M    M  7.6 16 350   M    M   4 1      22 360
21  76  38  57   5   8   0 0.00    M    M 13.8 32 330   M    M   1        38 330
22  68  40  54   2  11   0 0.00    M    M  7.5 17  30   M    M   3        23  40
23  82  35  59   7   6   0 0.00    M    M  6.4 18 210   M    M   0        24 170
24  95  52  74  22   0   9 0.00    M    M  9.1 31 240   M    M   0        40 230
25  90  50  70  17   0   5 0.00    M    M  9.2 21 340   M    M   0        28 360
26  70  55  63  10   2   0 0.05    M    M  9.2 25 120   M    M   5        33 120
27  62  40  51  -3  14   0 0.34    M    M 13.4 25  10   M    M   8 123    32 110
28  67  39  53  -1  12   0 0.00    M    M  6.7 15 320   M    M   1 12     22 300
29  71  46  59   5   6   0 0.00    M    M  6.6 15 100   M    M   4 138    20  90
30  76  46  61   6   4   0 0.04    M    M 10.2 23 170   M    M   4 13     29 190
================================================================================
SM 2068 1253       303  20  2.18    M    341.4          M      118
================================================================================
AV 68.9 41.8                              11.4 FASTST   M    M   4    MAX(MPH)
                                 MISC ---->  # 47 330               # 56  340
================================================================================
NOTES:
# LAST OF SEVERAL OCCURRENCES

COLUMN 17 PEAK WIND IN M.P.H.

PRELIMINARY LOCAL CLIMATOLOGICAL DATA (WS FORM: F-6) , PAGE 2

                                          STATION:  MCCOOK NE
                                          MONTH:    APRIL
                                          YEAR:     2012
                                          LATITUDE:   40 13 N
                                          LONGITUDE: 100 35 W

[TEMPERATURE DATA]      [PRECIPITATION DATA]       SYMBOLS USED IN COLUMN 16

AVERAGE MONTHLY: 55.3   TOTAL FOR MONTH:   2.18    1 = FOG OR MIST
DPTR FM NORMAL:   5.8   DPTR FM NORMAL:   -0.13    2 = FOG REDUCING VISIBILITY
HIGHEST:    95 ON 24    GRTST 24HR  0.76 ON 12-12      TO 1/4 MILE OR LESS
LOWEST:     31 ON  8                               3 = THUNDER
                        SNOW, ICE PELLETS, HAIL    4 = ICE PELLETS
                        TOTAL MONTH:    M          5 = HAIL
                        GRTST 24HR    M  ON   M    6 = FREEZING RAIN OR DRIZZLE
                        GRTST DEPTH:  M  ON   M    7 = DUSTSTORM OR SANDSTORM:
                                                       VSBY 1/2 MILE OR LESS
                                                   8 = SMOKE OR HAZE
[NO. OF DAYS WITH]      [WEATHER - DAYS WITH]      9 = BLOWING SNOW
                                                   X = TORNADO
MAX 32 OR BELOW:   0    0.01 INCH OR MORE:  10
MAX 90 OR ABOVE:   3    0.10 INCH OR MORE:   4
MIN 32 OR BELOW:   2    0.50 INCH OR MORE:   2
MIN  0 OR BELOW:   0    1.00 INCH OR MORE:   0

[HDD (BASE 65) ]
TOTAL THIS MO.   303    CLEAR  (SCALE 0-3)  14
DPTR FM NORMAL  -169    PTCLDY (SCALE 4-7)  10
TOTAL FM JUL 1  5029    CLOUDY (SCALE 8-10)  6
DPTR FM NORMAL  -874

[CDD (BASE 65) ]
TOTAL THIS MO.    20
DPTR FM NORMAL    14    [PRESSURE DATA]
TOTAL FM JAN 1    24    HIGHEST SLP M ON M
DPTR FM NORMAL    18    LOWEST  SLP 29.20 ON  1

[REMARKS]
#FINAL-04-12#
