000
CXUS53 KGLD 310800
CF6MCK
PRELIMINARY LOCAL CLIMATOLOGICAL DATA (WS FORM: F-6)

                                          STATION:   MCCOOK NE
                                          MONTH:     DECEMBER
                                          YEAR:      2011
                                          LATITUDE:   40 13 N
                                          LONGITUDE: 100 35 W

  TEMPERATURE IN F:       :PCPN:    SNOW:  WIND      :SUNSHINE: SKY     :PK WND
================================================================================
1   2   3   4   5  6A  6B    7    8   9   10  11  12  13   14  15   16   17  18
                                     12Z  AVG MX 2MIN
DY MAX MIN AVG DEP HDD CDD  WTR  SNW DPTH SPD SPD DIR MIN PSBL S-S WX    SPD DR
================================================================================

 1  37  10  24  -7  41   0 0.00    M    M 17.7 35  20   M    M   5        47 270
 2  41  10  26  -5  39   0 0.00    M    M 10.5 26 180   M    M   0        33 170
 3  30  20  25  -5  40   0 0.41    M    M 14.3 31 360   M    M   9 12     38 360
 4  27  -1  13 -17  52   0 0.00    M    M  9.5 28 360   M    M   0 12     33 360
 5  19  -7   6 -24  59   0 0.00    M    M  8.5 22 340   M    M   0        26 330
 6  16 -15   1 -28  64   0 0.00    M    M  7.5 13 250   M    M   0 1      15 260
 7  39   5  22  -7  43   0 0.00    M    M  8.1 17 260   M    M   0 18     20 260
 8  30  11  21  -8  44   0    T    M    M  5.8 22  50   M    M   7 18     26  50
 9  34   9  22  -7  43   0 0.00    M    M  5.8 14 250   M    M   6 128    24 220
10  34   5  20  -8  45   0 0.00    M    M  4.8 17 230   M    M   1 128    21 310
11  37   9  23  -5  42   0 0.00    M    M  4.2 15 190   M    M   1 128    18 180
12  31   8  20  -8  45   0 0.00    M    M  4.4 10 320   M    M   5 12     12 320
13  36  26  31   3  34   0 0.02    M    M  6.6 17  70   M    M  10 12     20  70
14  43  32  38  10  27   0 0.02    M    0  8.3 21 300   M    M   6 128    24 290
15  55  21  38  10  27   0 0.00    M    M  5.9 20 310   M    M   0        23 310
16  44  14  29   1  36   0 0.00    M    M  5.6 12 270   M    M   0        14 270
17  47  21  34   7  31   0 0.00    M    M  9.0 15 250   M    M   0        18 240
18  49  22  36   9  29   0 0.00    M    M  6.5 12 260   M    M   0        14 290
19  35  25  30   3  35   0 0.00    M    M 17.0 30  20   M    M   7        36  20
20  36  25  31   4  34   0 0.00    M    M  7.9 16  20   M    M   6        20 260
21  49  21  35   8  30   0    T    M    M 10.1 21  20   M    M   3 1      26  20
22  33  10  22  -5  43   0    T    M    M 13.2 26  10   M    M   4 1      32  10
23  41   7  24  -3  41   0 0.00    M    M  9.5 17 260   M    M   0        20 260
24  49  17  33   6  32   0 0.00    M    M  9.1 14 280   M    M   0        17 280
25  49  20  35   8  30   0 0.00    M    M  6.5 12 290   M    M   0        14 290
26  51  22  37  10  28   0 0.00    M    M 10.8 20 320   M    M   0        24  20
27  46  21  34   7  31   0 0.00    M    M  9.0 15 280   M    M   1        18 280
28  56  24  40  13  25   0 0.00    M    M  8.2 15 270   M    M   0        21 280
29  65  32  49  22  16   0 0.03    M    M 13.2 45 320   M    M   4        55 320
30  53  30  42  15  23   0 0.00    M    M 10.0 21 280   M    M   0        28 290
================================================================================
SM 1212  454      1109   0  0.48    M    267.5          M       75
================================================================================
AV 40.4 15.1                               8.9 FASTST   M    M   3    MAX(MPH)
                                 MISC ---->  # 45 320               # 55  320
================================================================================
NOTES:
# LAST OF SEVERAL OCCURRENCES

COLUMN 17 PEAK WIND IN M.P.H.

PRELIMINARY LOCAL CLIMATOLOGICAL DATA (WS FORM: F-6) , PAGE 2

                                          STATION:  MCCOOK NE
                                          MONTH:    DECEMBER
                                          YEAR:     2011
                                          LATITUDE:   40 13 N
                                          LONGITUDE: 100 35 W

[TEMPERATURE DATA]      [PRECIPITATION DATA]       SYMBOLS USED IN COLUMN 16

AVERAGE MONTHLY: 27.8   TOTAL FOR MONTH:   0.48    1 = FOG OR MIST
DPTR FM NORMAL:  -0.3   DPTR FM NORMAL:   -0.14    2 = FOG REDUCING VISIBILITY
HIGHEST:    65 ON 29    GRTST 24HR  0.41 ON  2- 3      TO 1/4 MILE OR LESS
LOWEST:    -15 ON  6                               3 = THUNDER
                        SNOW, ICE PELLETS, HAIL    4 = ICE PELLETS
                        TOTAL MONTH:    M          5 = HAIL
                        GRTST 24HR    M  ON   M    6 = FREEZING RAIN OR DRIZZLE
                        GRTST DEPTH:   0           7 = DUSTSTORM OR SANDSTORM:
                                                       VSBY 1/2 MILE OR LESS
                                                   8 = SMOKE OR HAZE
[NO. OF DAYS WITH]      [WEATHER - DAYS WITH]      9 = BLOWING SNOW
                                                   X = TORNADO
MAX 32 OR BELOW:   6    0.01 INCH OR MORE:   4
MAX 90 OR ABOVE:   0    0.10 INCH OR MORE:   1
MIN 32 OR BELOW:  30    0.50 INCH OR MORE:   0
MIN  0 OR BELOW:   3    1.00 INCH OR MORE:   0

[HDD (BASE 65) ]
TOTAL THIS MO.  1109    CLEAR  (SCALE 0-3)  18
DPTR FM NORMAL     0    PTCLDY (SCALE 4-7)  10
TOTAL FM JUL 1  2386    CLOUDY (SCALE 8-10)  2
DPTR FM NORMAL   -86

[CDD (BASE 65) ]
TOTAL THIS MO.     0
DPTR FM NORMAL     0    [PRESSURE DATA]
TOTAL FM JAN 1  1220    HIGHEST SLP M ON M
DPTR FM NORMAL   264    LOWEST  SLP 29.57 ON 29

[REMARKS]
