000
CXUS53 KGLD 010800
CF6MCK
PRELIMINARY LOCAL CLIMATOLOGICAL DATA (WS FORM: F-6)

                                          STATION:   MCCOOK NE
                                          MONTH:     JUNE
                                          YEAR:      2014
                                          LATITUDE:   40 13 N
                                          LONGITUDE: 100 35 W

  TEMPERATURE IN F:       :PCPN:    SNOW:  WIND      :SUNSHINE: SKY     :PK WND
================================================================================
1   2   3   4   5  6A  6B    7    8   9   10  11  12  13   14  15   16   17  18
                                     12Z  AVG MX 2MIN
DY MAX MIN AVG DEP HDD CDD  WTR  SNW DPTH SPD SPD DIR MIN PSBL S-S WX    SPD DR
================================================================================

 1  81  57  69   4   0   4 0.06    M    M 10.4 31  30   M    M   2 13     38 180
 2  85  55  70   5   0   5 0.00    M    M  8.1 14 310   M    M   1        17 310
 3  96  63  80  15   0  15 0.00    M    M 21.9 38 180   M    M   2 18     49 180
 4  78  61  70   4   0   5    T    M    M 11.1 20  20   M    M   7 1      23  20
 5  85  63  74   8   0   9 0.01    M    M  7.6 25  10   M    M   4 18     31  20
 6  88  58  73   6   0   8 1.23    M    M 14.1 41  40   M    M   2 123    51  40
 7  73  51  62  -5   3   0 0.00    M    M 11.1 29  10   M    M   6        34 360
 8  68  53  61  -6   4   0 0.49    M    M  9.8 21 120   M    M   8 13     26 120
 9  62  50  56 -12   9   0 2.55    M    M 17.9 38  20   M    M   8 1      47  10
10  78  46  62  -6   3   0 0.00    M    M  6.3 14 160   M    M   2 12     18 160
11  86  58  72   4   0   7 0.00    M    M 11.0 30 340   M    M   0        39 340
12  75  50  63  -6   2   0 0.00    M    M  8.0 23  10   M    M   0        29 360
13  82  52  67  -2   0   2 0.00    M    M 18.4 30 170   M    M   1        40 160
14  86  57  72   2   0   7 0.25    M    M 16.1 47 280   M    M   0 138    70 270
15  79  51  65  -5   0   0 0.00    M    M  8.8 17 180   M    M   0        24 180
16  94  63  79   9   0  14 0.00    M    M 11.9 23 210   M    M   4 1      33 180
17  95  56  76   5   0  11 0.00    M    M  7.2 21 200   M    M   0 18     26 200
18  90  65  78   7   0  13 0.08    M    M 12.2 36 330   M    M   0 3      42 330
19  83  57  70  -1   0   5 0.31    M    M  8.9 37 360   M    M   1 13     45 360
20  94  64  79   7   0  14 0.02    M    M 10.2 22 180   M    M   2 3      30 180
21  89  64  77   5   0  12 0.24    M    M 11.5 45 290   M    M   1 138    63 300
22  85  63  74   2   0   9 0.11    M    M  8.7 20 280   M    M   1 1      26 280
23  81  59  70  -3   0   5 0.40    M    M  7.4 30  80   M    M   1 13     39  70
24  83  64  74   1   0   9    T    M    M  5.0 22 150   M    M   1 3      26 140
25  87  59  73   0   0   8 0.92    M    M  8.5 39 290   M    M   2 123    54 290
26  85  62  74   0   0   9 0.13    M    M 12.4 24 160   M    M   1 13     34 160
27  85  60  73  -1   0   8 1.10    M    M 10.6 33 240   M    M   7 13     45 240
28  84  58  71  -3   0   6 0.00    M    M 10.2 23 220   M    M   0 3      28 210
29  91  67  79   5   0  14 0.15    M    M  6.9 15 330   M    M   0 138    18 200
30  86  64  75   0   0  10 0.00    M    M 11.5 25 330   M    M   1 18     33 320
================================================================================
SM 2514 1750        21 209  8.05    M    323.7          M       65
================================================================================
AV 83.8 58.3                              10.8 FASTST   M    M   2    MAX(MPH)
                                 MISC ---->  # 47 280               # 70  270
================================================================================
NOTES:
# LAST OF SEVERAL OCCURRENCES

COLUMN 17 PEAK WIND IN M.P.H.

PRELIMINARY LOCAL CLIMATOLOGICAL DATA (WS FORM: F-6) , PAGE 2

                                          STATION:  MCCOOK NE
                                          MONTH:    JUNE
                                          YEAR:     2014
                                          LATITUDE:   40 13 N
                                          LONGITUDE: 100 35 W

[TEMPERATURE DATA]      [PRECIPITATION DATA]       SYMBOLS USED IN COLUMN 16

AVERAGE MONTHLY: 71.1   TOTAL FOR MONTH:   8.05    1 = FOG OR MIST
DPTR FM NORMAL:   1.2   DPTR FM NORMAL:    4.67    2 = FOG REDUCING VISIBILITY
HIGHEST:    96 ON  3    GRTST 24HR  3.04 ON  8- 9      TO 1/4 MILE OR LESS
LOWEST:     46 ON 10                               3 = THUNDER
                        SNOW, ICE PELLETS, HAIL    4 = ICE PELLETS
                        TOTAL MONTH:    M          5 = HAIL
                        GRTST 24HR    M  ON   M    6 = FREEZING RAIN OR DRIZZLE
                        GRTST DEPTH:  M  ON   M    7 = DUSTSTORM OR SANDSTORM:
                                                       VSBY 1/2 MILE OR LESS
                                                   8 = SMOKE OR HAZE
[NO. OF DAYS WITH]      [WEATHER - DAYS WITH]      9 = BLOWING SNOW
                                                   X = TORNADO
MAX 32 OR BELOW:   0    0.01 INCH OR MORE:  16
MAX 90 OR ABOVE:   6    0.10 INCH OR MORE:  12
MIN 32 OR BELOW:   0    0.50 INCH OR MORE:   4
MIN  0 OR BELOW:   0    1.00 INCH OR MORE:   3

[HDD (BASE 65) ]
TOTAL THIS MO.    21    CLEAR  (SCALE 0-3)  23
DPTR FM NORMAL   -15    PTCLDY (SCALE 4-7)   6
TOTAL FM JUL 1  5951    CLOUDY (SCALE 8-10)  1
DPTR FM NORMAL  -194

[CDD (BASE 65) ]
TOTAL THIS MO.   209
DPTR FM NORMAL    24    [PRESSURE DATA]
TOTAL FM JAN 1   300    HIGHEST SLP M ON M
DPTR FM NORMAL    70    LOWEST  SLP 29.41 ON 14

[REMARKS]
#FINAL-06-14#
