000
CXUS53 KGLD 030753
CF6MCK
PRELIMINARY LOCAL CLIMATOLOGICAL DATA (WS FORM: F-6)

                                          STATION:   MCCOOK NE
                                          MONTH:     OCTOBER
                                          YEAR:      2016
                                          LATITUDE:   40 13 N
                                          LONGITUDE: 100 35 W

  TEMPERATURE IN F:       :PCPN:    SNOW:  WIND      :SUNSHINE: SKY     :PK WND
================================================================================
1   2   3   4   5  6A  6B    7    8   9   10  11  12  13   14  15   16   17  18
                                     12Z  AVG MX 2MIN
DY MAX MIN AVG DEP HDD CDD  WTR  SNW DPTH SPD SPD DIR MIN PSBL S-S WX    SPD DR
================================================================================

 1  78  47  63   6   2   0 0.00    M    M  7.4 17 140   M    M   0        22 140
 2  82  46  64   7   1   0 0.00    M    M  9.2 18 150   M    M   0        26 130
 3  85  58  72  16   0   7 0.00    M    M 21.5 43 160   M    M   3 8      58 170
 4  74  44  59   3   6   0 0.00    M    M 10.1 26  20   M    M   6        32  20
 5  75  36  56   0   9   0 0.00    M    M  6.5 16 180   M    M   0        25 170
 6  56  33  45 -10  20   0    T    M    M 14.1 28 350   M    M   6        34 360
 7  71  28  50  -5  15   0 0.00    M    M  8.4 17 220   M    M   0        26 220
 8  78  39  59   5   6   0 0.00    M    M  6.2 16 210   M    M   0        23 210
 9  81  38  60   6   5   0    T    M    M 10.1 28 180   M    M   0        34 180
10  82  54  68  14   0   3 0.00    M    M  8.5 17 160   M    M   0 1      22 160
11  68  43  56   3   9   0 0.02    M    M 10.0 28  30   M    M   2        33  30
12  52  35  44  -9  21   0 0.09    M    M  8.8 24 340   M    M   5 1      29 340
13  67  34  51  -1  14   0 0.00    M    M  9.3 24 200   M    M   0        31 170
14  83  34  59   7   6   0 0.00    M    M  9.3 23 180   M    M   0 1      30 180
15  85  50  68  16   0   3 0.00    M    M  6.6 14  20   M    M   2 12     17 180
16  78  48  63  12   2   0 0.00    M    M  4.8 14 340   M    M   3 12     15 340
17  83  42  63  12   2   0 0.00    M    M 11.5 33 320   M    M   0        42 320
18  70  38  54   3  11   0 0.00    M    M  6.8 15 330   M    M   0        18 320
19  66  41  54   4  11   0 0.03    M    M  7.7 21 360   M    M   6        23  10
20  62  38  50   0  15   0 0.00    M    M  6.3 14 300   M    M   3        18 310
21  76  36  56   6   9   0 0.00    M    M  6.1 16 340   M    M   0 8      18 350
22  86  32  59  10   6   0 0.00    M    M  7.7 22 200   M    M   0 8      29 200
23  73  39  56   7   9   0 0.00    M    M  8.0 21  30   M    M   0 8      31 340
24  69  31  50   2  15   0 0.00    M    M  7.0 16 160   M    M   0 8      19 160
25  61  45  53   5  12   0 0.00    M    M  5.4 13 320   M    M   4 12     14 330
26  80  41  61  13   4   0 0.00    M    M  7.1 13 340   M    M   0        17 310
27  86  38  62  15   3   0 0.00    M    M  9.0 24 220   M    M   0        32 190
28  88  46  67  20   0   2 0.00    M    M  6.3 12  10   M    M   0        17 340
29  78  41  60  14   5   0 0.00    M    M 12.2 25 350   M    M   2        30 340
30  64  41  53   7  12   0 0.00    M    M  7.2 15 150   M    M   4        20 150
31  85  43  64  18   1   0 0.00    M    M  8.5 22 340   M    M   0 1      29 350
================================================================================
SM 2322 1259       231  15  0.14    M    267.6          M       46
================================================================================
AV 74.9 40.6                               8.6 FASTST   M    M   1    MAX(MPH)
                                 MISC ---->  # 43 160               # 58  170
================================================================================
NOTES:
# LAST OF SEVERAL OCCURRENCES

COLUMN 17 PEAK WIND IN M.P.H.

PRELIMINARY LOCAL CLIMATOLOGICAL DATA (WS FORM: F-6) , PAGE 2

                                          STATION:  MCCOOK NE
                                          MONTH:    OCTOBER
                                          YEAR:     2016
                                          LATITUDE:   40 13 N
                                          LONGITUDE: 100 35 W

[TEMPERATURE DATA]      [PRECIPITATION DATA]       SYMBOLS USED IN COLUMN 16

AVERAGE MONTHLY: 57.8   TOTAL FOR MONTH:   0.14    1 = FOG OR MIST
DPTR FM NORMAL:   6.5   DPTR FM NORMAL:   -1.65    2 = FOG REDUCING VISIBILITY
HIGHEST:    88 ON 28    GRTST 24HR  0.11 ON 11-12      TO 1/4 MILE OR LESS
LOWEST:     28 ON  7                               3 = THUNDER
                        SNOW, ICE PELLETS, HAIL    4 = ICE PELLETS
                        TOTAL MONTH:    M          5 = HAIL
                        GRTST 24HR    M  ON   M    6 = FREEZING RAIN OR DRIZZLE
                        GRTST DEPTH:  M  ON   M    7 = DUSTSTORM OR SANDSTORM:
                                                       VSBY 1/2 MILE OR LESS
                                                   8 = SMOKE OR HAZE
[NO. OF DAYS WITH]      [WEATHER - DAYS WITH]      9 = BLOWING SNOW
                                                   X = TORNADO
MAX 32 OR BELOW:   0    0.01 INCH OR MORE:   3
MAX 90 OR ABOVE:   0    0.10 INCH OR MORE:   0
MIN 32 OR BELOW:   3    0.50 INCH OR MORE:   0
MIN  0 OR BELOW:   0    1.00 INCH OR MORE:   0

[HDD (BASE 65) ]
TOTAL THIS MO.   231    CLEAR  (SCALE 0-3)  23
DPTR FM NORMAL  -199    PTCLDY (SCALE 4-7)   8
TOTAL FM JUL 1   288    CLOUDY (SCALE 8-10)  0
DPTR FM NORMAL  -271

[CDD (BASE 65) ]
TOTAL THIS MO.    15
DPTR FM NORMAL     8    [PRESSURE DATA]
TOTAL FM JAN 1  1180    HIGHEST SLP 30.49 ON 20
DPTR FM NORMAL   224    LOWEST  SLP 29.37 ON 17

[REMARKS]
#FINAL-10-16#
