000
CXUS53 KGLD 041524
CF6MCK
PRELIMINARY LOCAL CLIMATOLOGICAL DATA (WS FORM: F-6)

                                          STATION:   MCCOOK NE
                                          MONTH:     DECEMBER
                                          YEAR:      2016
                                          LATITUDE:   40 13 N
                                          LONGITUDE: 100 35 W

  TEMPERATURE IN F:       :PCPN:    SNOW:  WIND      :SUNSHINE: SKY     :PK WND
================================================================================
1   2   3   4   5  6A  6B    7    8   9   10  11  12  13   14  15   16   17  18
                                     12Z  AVG MX 2MIN
DY MAX MIN AVG DEP HDD CDD  WTR  SNW DPTH SPD SPD DIR MIN PSBL S-S WX    SPD DR
================================================================================

 1  46  14  30  -1  35   0 0.00    M    M  5.9 14 270   M    M   0        15 270
 2  43  16  30  -1  35   0 0.00    M    M  4.0 13 270   M    M   2        14 270
 3  39  23  31   1  34   0 0.00    M    M  6.8 16 170   M    M   9 1      20 170
 4  53  21  37   7  28   0 0.00    M    M 10.8 20 270   M    M   0 1      24 300
 5  54  25  40  10  25   0 0.00    M    M  9.8 33 340   M    M   3        42 340
 6  36  15  26  -3  39   0 0.00    M    M  9.1 22 330   M    M   3        27 330
 7  23  -1  11 -18  54   0 0.04    M    M 10.4 21  30   M    M   8 18     24  30
 8  19  -6   7 -22  58   0 0.00    M    M  7.1 15 290   M    M   0        18 290
 9  31  -1  15 -14  50   0 0.00    M    M  7.8 20 160   M    M   5        26 170
10  34  15  25  -3  40   0 0.00    M    M  8.0 16 150   M    M   3        20 160
11  36  18  27  -1  38   0    T    M    M  7.5 17 360   M    M   3        23 350
12  45  16  31   3  34   0 0.00    M    M 10.0 23  40   M    M   4        32  30
13  29   6  18 -10  47   0 0.00    M    M  5.8 16 360   M    M   3        19  10
14  27   9  18 -10  47   0 0.00    M    M  5.6 18 350   M    M   5        22 360
15  32  17  25  -3  40   0 0.00    M    M 13.6 31 190   M    M   2 8      39 190
16  24  12  18 -10  47   0    T    M    M 11.9 28 350   M    M   7 12     33 350
17  12 -13   0 -27  65   0 0.05    M    M 15.5 29 360   M    M   7 18     33 360
18  30 -16   7 -20  58   0 0.00    M    M  5.9 13 220   M    M   0        17 240
19  47   0  24  -3  41   0 0.00    M    M  9.4 15 270   M    M   0        19 180
20  53  20  37  10  28   0 0.00    M    M  8.8 20 200   M    M   0        26 200
21  52  25  39  12  26   0 0.00    M    M 11.2 30  10   M    M   1        36  10
22  46  21  34   7  31   0 0.00    M    M 10.0 28 210   M    M   4        33 220
23  50  17  34   7  31   0 0.18    M    M  9.7 26 320   M    M   5 16     31 320
24  53  11  32   5  33   0 0.00    M    M  8.1 18 160   M    M   0        23 160
25  54  23  39  12  26   0 0.16    M    M 20.9 48 200   M    M   7 123    61 270
26  44  18  31   4  34   0 0.00    M    M 11.5 26 310   M    M   0        33 300
27  50  13  32   5  33   0 0.00    M    M  7.6 15 230   M    M   0        21 230
28  49  23  36   9  29   0 0.00    M    M 12.3 25 340   M    M   3        32 350
29  46  22  34   7  31   0 0.00    M    M 11.4 25 320   M    M   0        30 320
30  62  15  39  12  26   0 0.00    M    M  7.0 22  10   M    M   0 1      27  10
31  42  20  31   4  34   0 0.00    M    M  6.3 15 310   M    M   0        19 350
================================================================================
SM 1261  398      1177   0  0.43    M    289.7          M       84
================================================================================
AV 40.7 12.8                               9.3 FASTST   M    M   3    MAX(MPH)
                                 MISC ---->  # 48 200               # 61  270
================================================================================
NOTES:
# LAST OF SEVERAL OCCURRENCES

COLUMN 17 PEAK WIND IN M.P.H.

PRELIMINARY LOCAL CLIMATOLOGICAL DATA (WS FORM: F-6) , PAGE 2

                                          STATION:  MCCOOK NE
                                          MONTH:    DECEMBER
                                          YEAR:     2016
                                          LATITUDE:   40 13 N
                                          LONGITUDE: 100 35 W

[TEMPERATURE DATA]      [PRECIPITATION DATA]       SYMBOLS USED IN COLUMN 16

AVERAGE MONTHLY: 26.8   TOTAL FOR MONTH:   0.43    1 = FOG OR MIST
DPTR FM NORMAL:  -1.2   DPTR FM NORMAL:   -0.21    2 = FOG REDUCING VISIBILITY
HIGHEST:    62 ON 30    GRTST 24HR  0.18 ON 23-23      TO 1/4 MILE OR LESS
LOWEST:    -16 ON 18                               3 = THUNDER
                        SNOW, ICE PELLETS, HAIL    4 = ICE PELLETS
                        TOTAL MONTH:    M          5 = HAIL
                        GRTST 24HR    M  ON   M    6 = FREEZING RAIN OR DRIZZLE
                        GRTST DEPTH:  M  ON   M    7 = DUSTSTORM OR SANDSTORM:
                                                       VSBY 1/2 MILE OR LESS
                                                   8 = SMOKE OR HAZE
[NO. OF DAYS WITH]      [WEATHER - DAYS WITH]      9 = BLOWING SNOW
                                                   X = TORNADO
MAX 32 OR BELOW:   9    0.01 INCH OR MORE:   4
MAX 90 OR ABOVE:   0    0.10 INCH OR MORE:   2
MIN 32 OR BELOW:  31    0.50 INCH OR MORE:   0
MIN  0 OR BELOW:   6    1.00 INCH OR MORE:   0

[HDD (BASE 65) ]
TOTAL THIS MO.  1177    CLEAR  (SCALE 0-3)  19
DPTR FM NORMAL    30    PTCLDY (SCALE 4-7)  11
TOTAL FM JUL 1  2068    CLOUDY (SCALE 8-10)  1
DPTR FM NORMAL  -442

[CDD (BASE 65) ]
TOTAL THIS MO.     0
DPTR FM NORMAL     0    [PRESSURE DATA]
TOTAL FM JAN 1  1180    HIGHEST SLP 30.88 ON  8
DPTR FM NORMAL   224    LOWEST  SLP 29.13 ON 25

[REMARKS]
#FINAL-12-16#
