000
CXUS53 KGLD 011714
CF6MCK
PRELIMINARY LOCAL CLIMATOLOGICAL DATA (WS FORM: F-6)

                                          STATION:   MCCOOK NE
                                          MONTH:     MARCH
                                          YEAR:      2016
                                          LATITUDE:   40 13 N
                                          LONGITUDE: 100 35 W

  TEMPERATURE IN F:       :PCPN:    SNOW:  WIND      :SUNSHINE: SKY     :PK WND
================================================================================
1   2   3   4   5  6A  6B    7    8   9   10  11  12  13   14  15   16   17  18
                                     12Z  AVG MX 2MIN
DY MAX MIN AVG DEP HDD CDD  WTR  SNW DPTH SPD SPD DIR MIN PSBL S-S WX    SPD DR
================================================================================

 1  57  29  43   8  22   0 0.00    M    M 10.3 25 300   M    M   0        33 300
 2  65  30  48  13  17   0 0.00    M    M  9.4 30 360   M    M   3 3      39 360
 3  62  33  48  13  17   0 0.00    M    M 10.2 22 320   M    M   1        28 360
 4  67  29  48  12  17   0 0.00    M    M 10.0 28  10   M    M   0 8      32  20
 5  71  21  46  10  19   0 0.00    M    M 10.2 28 190   M    M   0        34 180
 6  75  38  57  21   8   0 0.00    M    M  4.8 14 180   M    M   0 8      19 180
 7  77  33  55  18  10   0 0.00    M    M 13.5 35 190   M    M   0 18     44 190
 8  62  35  49  12  16   0 0.00    M    M 10.0 21 320   M    M   1 18     25 310
 9  66  24  45   8  20   0    T    M    M  6.5 17 320   M    M   3        25 330
10  68  32  50  12  15   0 0.00    M    M  7.6 15 290   M    M   1        19 290
11  73  34  54  16  11   0 0.00    M    M 11.5 26 180   M    M   0        34 190
12  67  29  48  10  17   0 0.00    M    M 10.4 25 140   M    M   4        32 140
13  75  44  60  22   5   0 0.01    M    M  9.0 20 330   M    M   4 12     32 320
14  76  35  56  17   9   0 0.00    M    M 10.4 38 330   M    M   2 8      46 320
15  53  29  41   2  24   0    T    M    M 19.8 41 300   M    M   2        52 280
16  56  24  40   1  25   0 0.00    M    M 13.7 30 310   M    M   1        41 280
17  51  21  36  -4  29   0 0.00    M    M 10.3 26 330   M    M   6        32 340
18  48  25  37  -3  28   0 0.00    M    M 11.3 26 330   M    M   7        32 360
19  42  16  29 -11  36   0 0.00    M    M 13.2 29 330   M    M   6        37 350
20  56   9  33  -7  32   0 0.00    M    M  8.5 17 200   M    M   0        21 190
21  83  25  54  13  11   0 0.00    M    M  8.1 21 290   M    M   0        25 290
22  75  35  55  14  10   0 0.00    M    M  8.3 25  80   M    M   0        31  90
23  50  29  40  -2  25   0 0.47    M    M 28.6 43 340   M    M   7 128    52 350
24  47  23  35  -7  30   0    T    M    M 11.5 33 340   M    M   1 8      42 340
25  62  29  46   4  19   0 0.00    M    M  6.9 20 310   M    M   2        26 200
26  42  22  32 -10  33   0 0.00    M    M 16.2 28 360   M    M   6        33 360
27  62  16  39  -4  26   0 0.00    M    M  8.1 20 260   M    M   0        24 290
28  69  31  50   7  15   0 0.00    M    M 10.7 21 170   M    M   0        27 160
29  72  43  58  15   7   0 0.00    M    M 20.4 36 140   M    M   1        45 150
30  63  38  51   7  14   0    T    M    M 16.8 26 340   M    M   6 1      32 350
31  52  31  42  -2  23   0    T    M    M 19.6 38 330   M    M   5 1      45 320
================================================================================
SM 1944  892       590   0  0.48    M    365.8          M       69
================================================================================
AV 62.7 28.8                              11.8 FASTST   M    M   2    MAX(MPH)
                                 MISC ---->  # 43 340               # 52  280
================================================================================
NOTES:
# LAST OF SEVERAL OCCURRENCES

COLUMN 17 PEAK WIND IN M.P.H.

PRELIMINARY LOCAL CLIMATOLOGICAL DATA (WS FORM: F-6) , PAGE 2

                                          STATION:  MCCOOK NE
                                          MONTH:    MARCH
                                          YEAR:     2016
                                          LATITUDE:   40 13 N
                                          LONGITUDE: 100 35 W

[TEMPERATURE DATA]      [PRECIPITATION DATA]       SYMBOLS USED IN COLUMN 16

AVERAGE MONTHLY: 45.7   TOTAL FOR MONTH:   0.48    1 = FOG OR MIST
DPTR FM NORMAL:   6.3   DPTR FM NORMAL:   -0.88    2 = FOG REDUCING VISIBILITY
HIGHEST:    83 ON 21    GRTST 24HR  0.47 ON 23-23      TO 1/4 MILE OR LESS
LOWEST:      9 ON 20                               3 = THUNDER
                        SNOW, ICE PELLETS, HAIL    4 = ICE PELLETS
                        TOTAL MONTH:    M          5 = HAIL
                        GRTST 24HR    M  ON   M    6 = FREEZING RAIN OR DRIZZLE
                        GRTST DEPTH:  M  ON   M    7 = DUSTSTORM OR SANDSTORM:
                                                       VSBY 1/2 MILE OR LESS
                                                   8 = SMOKE OR HAZE
[NO. OF DAYS WITH]      [WEATHER - DAYS WITH]      9 = BLOWING SNOW
                                                   X = TORNADO
MAX 32 OR BELOW:   0    0.01 INCH OR MORE:   2
MAX 90 OR ABOVE:   0    0.10 INCH OR MORE:   1
MIN 32 OR BELOW:  21    0.50 INCH OR MORE:   0
MIN  0 OR BELOW:   0    1.00 INCH OR MORE:   0

[HDD (BASE 65) ]
TOTAL THIS MO.   590    CLEAR  (SCALE 0-3)  21
DPTR FM NORMAL  -205    PTCLDY (SCALE 4-7)  10
TOTAL FM JUL 1  4357    CLOUDY (SCALE 8-10)  0
DPTR FM NORMAL -1074

[CDD (BASE 65) ]
TOTAL THIS MO.     0
DPTR FM NORMAL     0    [PRESSURE DATA]
TOTAL FM JAN 1     0    HIGHEST SLP 30.54 ON 20
DPTR FM NORMAL     0    LOWEST  SLP 29.32 ON 23

[REMARKS]
#FINAL-03-16#
