000
CXUS53 KGLD 010800
CF6MCK
PRELIMINARY LOCAL CLIMATOLOGICAL DATA (WS FORM: F-6)

                                          STATION:   MCCOOK NE
                                          MONTH:     OCTOBER
                                          YEAR:      2017
                                          LATITUDE:   40 13 N
                                          LONGITUDE: 100 35 W

  TEMPERATURE IN F:       :PCPN:    SNOW:  WIND      :SUNSHINE: SKY     :PK WND
================================================================================
1   2   3   4   5  6A  6B    7    8   9   10  11  12  13   14  15   16   17  18
                                     12Z  AVG MX 2MIN
DY MAX MIN AVG DEP HDD CDD  WTR  SNW DPTH SPD SPD DIR MIN PSBL S-S WX    SPD DR
================================================================================

 1  83  55  69  12   0   4 0.00    M    M 13.8 39 320   M    M   1 3      54 340
 2  68  47  58   1   7   0 0.56    M    M  9.9 25 330   M    M   8 13     33 330
 3  69  49  59   3   6   0 0.00    M    M  9.2 26 350   M    M   6        32 340
 4  64  52  58   2   7   0 0.02    M    M 10.4 21 120   M    M  10 1      25 120
 5  66  56  61   5   4   0 0.01    M    M  8.1 14 130   M    M  10 1      15 130
 6  62  51  57   2   8   0 0.25    M    M 10.1 23 330   M    M   9 123    30 340
 7  76  43  60   5   5   0 0.00    M    M  9.7 20 280   M    M   0 1      23 270
 8  71  43  57   3   8   0 0.00    M    M 14.8 33  30   M    M   1        42  30
 9  53  37  45  -9  20   0 0.20    M    M 21.1 33  20   M    M  10 1      44  40
10  60  36  48  -6  17   0 0.01    M    M  5.9 15 320   M    M   4 1      19 330
11  72  30  51  -2  14   0 0.00    M    M 10.1 23 170   M    M   0        31 190
12  75  40  58   5   7   0 0.00    M    M  8.4 28  20   M    M   0        38  20
13  68  47  58   6   7   0 0.00    M    M  9.1 22  40   M    M   5        30  30
14  68  41  55   3  10   0 0.00    M    M 13.6 37 340   M    M   7 12     46 340
15  66  32  49  -3  16   0 0.00    M    M  8.6 20 320   M    M   0        26 320
16  81  30  56   5   9   0 0.00    M    M  9.0 26 200   M    M   0 18     37 190
17  80  35  58   7   7   0 0.00    M    M  7.4 13 200   M    M   0        17 190
18  80  41  61  10   4   0    T    M    M 10.2 23 360   M    M   0 8      28  20
19  84  33  59   9   6   0 0.00    M    M  8.8 22 160   M    M   0 1      30 160
20  82  54  68  18   0   3 0.00    M    M 18.0 31 180   M    M   0 8      46 180
21  67  35  51   1  14   0 0.00    M    M 18.6 43 320   M    M   1 8      54 320
22  73  29  51   2  14   0 0.00    M    M 11.4 24 220   M    M   0        33 250
23  65  40  53   4  12   0 0.00    M    M 18.9 41 340   M    M   1        54 330
24  61  36  49   1  16   0 0.00    M    M 15.9 31 340   M    M   0        41 330
25  83  37  60  12   5   0 0.00    M    M 11.7 18 280   M    M   0        25 270
26  59  28  44  -4  21   0 0.00    M    M 21.3 41 350   M    M   1 8      54 350
27  47  20  34 -13  31   0 0.00    M    M 16.7 31 350   M    M   0        40 340
28  58  16  37 -10  28   0 0.00    M    M  6.6 18 340   M    M   1 8      25 340
29  76  31  54   8  11   0 0.00    M    M 14.2 32  10   M    M   1        42 360
30  46  19  33 -13  32   0    T    M    M 12.8 26 350   M    M   6        36 350
31  39  17  28 -18  37   0    T    M    M  8.3 20 150   M    M   5 18     25 170
================================================================================
SM 2102 1160       383   7  1.05    M    372.6          M       87
================================================================================
AV 67.8 37.4                              12.0 FASTST   M    M   3    MAX(MPH)
                                 MISC ---->  # 43 320               # 54  340
================================================================================
NOTES:
# LAST OF SEVERAL OCCURRENCES

COLUMN 17 PEAK WIND IN M.P.H.

PRELIMINARY LOCAL CLIMATOLOGICAL DATA (WS FORM: F-6) , PAGE 2

                                          STATION:  MCCOOK NE
                                          MONTH:    OCTOBER
                                          YEAR:     2017
                                          LATITUDE:   40 13 N
                                          LONGITUDE: 100 35 W

[TEMPERATURE DATA]      [PRECIPITATION DATA]       SYMBOLS USED IN COLUMN 16

AVERAGE MONTHLY: 52.6   TOTAL FOR MONTH:   1.05    1 = FOG OR MIST
DPTR FM NORMAL:   1.3   DPTR FM NORMAL:   -0.74    2 = FOG REDUCING VISIBILITY
HIGHEST:    84 ON 19    GRTST 24HR  0.56 ON  2- 2      TO 1/4 MILE OR LESS
LOWEST:     16 ON 28                               3 = THUNDER
                        SNOW, ICE PELLETS, HAIL    4 = ICE PELLETS
                        TOTAL MONTH:    M          5 = HAIL
                        GRTST 24HR    M  ON   M    6 = FREEZING RAIN OR DRIZZLE
                        GRTST DEPTH:  M  ON   M    7 = DUSTSTORM OR SANDSTORM:
                                                       VSBY 1/2 MILE OR LESS
                                                   8 = SMOKE OR HAZE
[NO. OF DAYS WITH]      [WEATHER - DAYS WITH]      9 = BLOWING SNOW
                                                   X = TORNADO
MAX 32 OR BELOW:   0    0.01 INCH OR MORE:   6
MAX 90 OR ABOVE:   0    0.10 INCH OR MORE:   3
MIN 32 OR BELOW:  10    0.50 INCH OR MORE:   1
MIN  0 OR BELOW:   0    1.00 INCH OR MORE:   0

[HDD (BASE 65) ]
TOTAL THIS MO.   383    CLEAR  (SCALE 0-3)  20
DPTR FM NORMAL   -47    PTCLDY (SCALE 4-7)   7
TOTAL FM JUL 1   458    CLOUDY (SCALE 8-10)  4
DPTR FM NORMAL  -101

[CDD (BASE 65) ]
TOTAL THIS MO.     7
DPTR FM NORMAL     0    [PRESSURE DATA]
TOTAL FM JAN 1  1241    HIGHEST SLP M ON M
DPTR FM NORMAL   285    LOWEST  SLP 29.38 ON 21

[REMARKS]
#FINAL-10-17#
