000
CXUS53 KGLD 010800
CF6MCK
PRELIMINARY LOCAL CLIMATOLOGICAL DATA (WS FORM: F-6)

                                          STATION:   MCCOOK NE
                                          MONTH:     NOVEMBER
                                          YEAR:      2011
                                          LATITUDE:   40 13 N
                                          LONGITUDE: 100 35 W

  TEMPERATURE IN F:       :PCPN:    SNOW:  WIND      :SUNSHINE: SKY     :PK WND
================================================================================
1   2   3   4   5  6A  6B    7    8   9   10  11  12  13   14  15   16   17  18
                                     12Z  AVG MX 2MIN
DY MAX MIN AVG DEP HDD CDD  WTR  SNW DPTH SPD SPD DIR MIN PSBL S-S WX    SPD DR
================================================================================

 1  62  35  49   4  16   0 0.00    M    M 14.5 31  20   M    M   1        38  10
 2  44  23  34 -11  31   0 0.10    M    M 18.9 36  10   M    M   7 1      43  10
 3  49  16  33 -11  32   0 0.00    M    M  8.4 16 210   M    M   0        23 190
 4  59  26  43  -1  22   0 0.00    M    M 11.5 22 180   M    M   0        26 160
 5  61  39  50   7  15   0 0.00    M    M 20.8 38 160   M    M   1        49 170
 6  55  28  42  -1  23   0 0.00    M    M  7.3 35 320   M    M   0        43 320
 7  49  18  34  -8  31   0 0.00    M    M  6.3 16 110   M    M   6        20  70
 8  49  28  39  -3  26   0 0.01    M    M  9.8 20  20   M    M   7 1      24  20
 9  53  23  38  -3  27   0 0.00    M    M 13.4 26 330   M    M   2        33 310
10  57  17  37  -4  28   0 0.00    M    M  7.8 17 240   M    M   0        21 250
11  66  26  46   6  19   0 0.00    M    M  8.9 20 280   M    M   0        23 280
12  69  25  47   7  18   0 0.00    M    M  6.9 18 310   M    M   0        23 300
13  58  29  44   5  21   0    T    M    M  9.7 39 330   M    M   1        62 220
14  64  27  46   7  19   0 0.00    M    M 12.9 25 260   M    M   0        33 290
15  57  24  41   3  24   0 0.00    M    M 10.9 26 340   M    M   1        31 340
16  34  15  25 -13  40   0 0.17    M    M  7.5 16 300   M    M   6 12     21 300
17  53  10  32  -5  33   0 0.00    M    M  9.3 21 200   M    M   0        26 190
18  62  21  42   5  23   0 0.00    M    M  4.9 12  30   M    M   0        15  40
19  33  20  27  -9  38   0 0.00    M    M 10.7 28 350   M    M   7 1      35 350
20  35  16  26 -10  39   0 0.00    M    M  3.2  8 110   M    M   0        10 120
21  45  12  29  -6  36   0 0.00    M    M  2.9 12 150   M    M   0        14 150
22  60  16  38   3  27   0 0.00    M    M  8.8 28 320   M    M   0 1      31 330
23  68  23  46  12  19   0 0.00    M    M  9.5 18 260   M    M   0        21 260
24  66  23  45  11  20   0 0.00    M    M  5.0 10 200   M    M   0        13 200
25  63  27  45  11  20   0 0.00    M    M  9.2 31 310   M    M   2        40 310
26  47  25  36   3  29   0 0.00    M    M 26.3 44 330   M    M   3        55 330
27  49  14  32  -1  33   0 0.00    M    M  5.8 17 290   M    M   0        22 290
28  67  18  43  11  22   0 0.00    M    M 11.1 25  30   M    M   0        32  30
29  48  20  34   2  31   0 0.00    M    M  7.1 14 360   M    M   0        18 190
30  58  19  39   8  26   0 0.00    M    M  6.8 22  20   M    M   0 8      28  10
================================================================================
SM 1640  663       788   0  0.28    M    296.1          M       44
================================================================================
AV 54.7 22.1                               9.9 FASTST   M    M   1    MAX(MPH)
                                 MISC ---->  # 44 330               # 62  220
================================================================================
NOTES:
# LAST OF SEVERAL OCCURRENCES

COLUMN 17 PEAK WIND IN M.P.H.

PRELIMINARY LOCAL CLIMATOLOGICAL DATA (WS FORM: F-6) , PAGE 2

                                          STATION:  MCCOOK NE
                                          MONTH:    NOVEMBER
                                          YEAR:     2011
                                          LATITUDE:   40 13 N
                                          LONGITUDE: 100 35 W

[TEMPERATURE DATA]      [PRECIPITATION DATA]       SYMBOLS USED IN COLUMN 16

AVERAGE MONTHLY: 38.4   TOTAL FOR MONTH:   0.28    1 = FOG OR MIST
DPTR FM NORMAL:   0.2   DPTR FM NORMAL:   -0.67    2 = FOG REDUCING VISIBILITY
HIGHEST:    69 ON 12    GRTST 24HR  0.17 ON 16-16      TO 1/4 MILE OR LESS
LOWEST:     10 ON 17                               3 = THUNDER
                        SNOW, ICE PELLETS, HAIL    4 = ICE PELLETS
                        TOTAL MONTH:    M          5 = HAIL
                        GRTST 24HR    M  ON   M    6 = FREEZING RAIN OR DRIZZLE
                        GRTST DEPTH:  M  ON   M    7 = DUSTSTORM OR SANDSTORM:
                                                       VSBY 1/2 MILE OR LESS
                                                   8 = SMOKE OR HAZE
[NO. OF DAYS WITH]      [WEATHER - DAYS WITH]      9 = BLOWING SNOW
                                                   X = TORNADO
MAX 32 OR BELOW:   0    0.01 INCH OR MORE:   3
MAX 90 OR ABOVE:   0    0.10 INCH OR MORE:   2
MIN 32 OR BELOW:  28    0.50 INCH OR MORE:   0
MIN  0 OR BELOW:   0    1.00 INCH OR MORE:   0

[HDD (BASE 65) ]
TOTAL THIS MO.   788    CLEAR  (SCALE 0-3)  25
DPTR FM NORMAL   -16    PTCLDY (SCALE 4-7)   5
TOTAL FM JUL 1  1277    CLOUDY (SCALE 8-10)  0
DPTR FM NORMAL   -86

[CDD (BASE 65) ]
TOTAL THIS MO.     0
DPTR FM NORMAL     0    [PRESSURE DATA]
TOTAL FM JAN 1  1220    HIGHEST SLP M ON M
DPTR FM NORMAL   264    LOWEST  SLP 29.24 ON  5

[REMARKS]
#FINAL-11-11#
