000
CXUS53 KGLD 010800
CF6MCK
PRELIMINARY LOCAL CLIMATOLOGICAL DATA (WS FORM: F-6)

                                          STATION:   MCCOOK NE
                                          MONTH:     OCTOBER
                                          YEAR:      2011
                                          LATITUDE:   40 13 N
                                          LONGITUDE: 100 35 W

  TEMPERATURE IN F:       :PCPN:    SNOW:  WIND      :SUNSHINE: SKY     :PK WND
================================================================================
1   2   3   4   5  6A  6B    7    8   9   10  11  12  13   14  15   16   17  18
                                     12Z  AVG MX 2MIN
DY MAX MIN AVG DEP HDD CDD  WTR  SNW DPTH SPD SPD DIR MIN PSBL S-S WX    SPD DR
================================================================================

 1  82  40  61   4   4   0 0.00    M    M  9.0 24 170   M    M   0        30 160
 2  83  42  63   6   2   0 0.00    M    M  9.4 22 140   M    M   0        26 150
 3  93  44  69  13   0   4 0.00    M    M  6.4 18 140   M    M   0        23 120
 4  93  64  79  23   0  14 0.00    M    M 17.2 36 180   M    M   0        46 190
 5  83  59  71  15   0   6 0.00    M    M 20.4 37 170   M    M   0        47 160
 6  84  60  72  17   0   7 0.12    M    M 27.6 44 170   M    M   5 138    55 160
 7  80  51  66  11   0   1 0.11    M    M  9.2 25 160   M    M   3 13     40 160
 8  64  48  56   2   9   0 0.91    M    M 14.2 38  90   M    M   7 13     51  80
 9  54  45  50  -4  15   0 0.04    M    M  3.0  9 260   M    M   4 1      12 160
10  70  36  53  -1  12   0 0.00    M    M  5.0 17 180   M    M   1 12     23 200
11  62  45  54   1  11   0 0.00    M    M  3.0 12 240   M    M   5 18     14 240
12  71  40  56   3   9   0 0.00    M    M 16.6 37 320   M    M   2        46 220
13  75  34  55   3  10   0 0.00    M    M  8.8 21 310   M    M   0        25 300
14  66  41  54   2  11   0 0.00    M    M  5.3 12  20   M    M   2 8      22 320
15  86  37  62  10   3   0 0.00    M    M  9.7 23 230   M    M   0 8      29 230
16  68  42  55   4  10   0 0.00    M    M  8.3 24  10   M    M   0        31  10
17  56  37  47  -4  18   0 0.02    M    M  6.8 20  20   M    M   5        24  20
18  59  35  47  -4  18   0 0.00    M    M 15.0 30 360   M    M   0        38  10
19  59  30  45  -5  20   0 0.00    M    M  9.2 20 350   M    M   1        25  10
20  60  23  42  -8  23   0 0.00    M    M  5.8 14 160   M    M   0        17 160
21  75  31  53   3  12   0 0.00    M    M  3.6 13 270   M    M   0        14 270
22  70  42  56   7   9   0 0.00    M    M  5.4 16 290   M    M   2        21 290
23  75  37  56   7   9   0 0.00    M    M  8.9 23 320   M    M   0 8      29 320
24  80  34  57   9   8   0 0.00    M    M  4.0 17 160   M    M   0 18     24 180
25  64  38  51   3  14   0 0.00    M    M 14.4 28 330   M    M   1        32 320
26  47  30  39  -9  26   0 0.17    M    M 11.3 28  10   M    M   9 1      36  10
27  51  23  37 -10  28   0 0.00    M    M  8.3 16 250   M    M   0 1      20 270
28  56  25  41  -6  24   0 0.00    M    M  6.8 14 260   M    M   0        16 260
29  70  22  46   0  19   0 0.00    M    M  8.7 26 360   M    M   0        33 350
30  60  30  45  -1  20   0 0.00    M    M 10.3 26 360   M    M   1        32 350
31  75  26  51   5  14   0 0.00    M    M  4.1 10  30   M    M   0        13  20
================================================================================
SM 2171 1191       358  32  1.37    M    295.7          M       48
================================================================================
AV 70.0 38.4                               9.5 FASTST   M    M   2    MAX(MPH)
                                 MISC ---->  # 44 170               # 55  160
================================================================================
NOTES:
# LAST OF SEVERAL OCCURRENCES

COLUMN 17 PEAK WIND IN M.P.H.

PRELIMINARY LOCAL CLIMATOLOGICAL DATA (WS FORM: F-6) , PAGE 2

                                          STATION:  MCCOOK NE
                                          MONTH:    OCTOBER
                                          YEAR:     2011
                                          LATITUDE:   40 13 N
                                          LONGITUDE: 100 35 W

[TEMPERATURE DATA]      [PRECIPITATION DATA]       SYMBOLS USED IN COLUMN 16

AVERAGE MONTHLY: 54.2   TOTAL FOR MONTH:   1.37    1 = FOG OR MIST
DPTR FM NORMAL:   2.9   DPTR FM NORMAL:   -0.42    2 = FOG REDUCING VISIBILITY
HIGHEST:    93 ON  4, 3 GRTST 24HR  1.02 ON  7- 8      TO 1/4 MILE OR LESS
LOWEST:     22 ON 29                               3 = THUNDER
                        SNOW, ICE PELLETS, HAIL    4 = ICE PELLETS
                        TOTAL MONTH:    M          5 = HAIL
                        GRTST 24HR    M  ON   M    6 = FREEZING RAIN OR DRIZZLE
                        GRTST DEPTH:  M  ON   M    7 = DUSTSTORM OR SANDSTORM:
                                                       VSBY 1/2 MILE OR LESS
                                                   8 = SMOKE OR HAZE
[NO. OF DAYS WITH]      [WEATHER - DAYS WITH]      9 = BLOWING SNOW
                                                   X = TORNADO
MAX 32 OR BELOW:   0    0.01 INCH OR MORE:   6
MAX 90 OR ABOVE:   2    0.10 INCH OR MORE:   4
MIN 32 OR BELOW:   9    0.50 INCH OR MORE:   1
MIN  0 OR BELOW:   0    1.00 INCH OR MORE:   0

[HDD (BASE 65) ]
TOTAL THIS MO.   358    CLEAR  (SCALE 0-3)  25
DPTR FM NORMAL   -72    PTCLDY (SCALE 4-7)   5
TOTAL FM JUL 1   489    CLOUDY (SCALE 8-10)  1
DPTR FM NORMAL   -70

[CDD (BASE 65) ]
TOTAL THIS MO.    32
DPTR FM NORMAL    25    [PRESSURE DATA]
TOTAL FM JAN 1  1220    HIGHEST SLP M ON M
DPTR FM NORMAL   264    LOWEST  SLP 29.41 ON  6

[REMARKS]
#FINAL-10-11#
