000
CXUS53 KGLD 010824
CF6MCK
PRELIMINARY LOCAL CLIMATOLOGICAL DATA (WS FORM: F-6)

                                          STATION:   MCCOOK NE
                                          MONTH:     JANUARY
                                          YEAR:      2012
                                          LATITUDE:   40 13 N
                                          LONGITUDE: 100 35 W

  TEMPERATURE IN F:       :PCPN:    SNOW:  WIND      :SUNSHINE: SKY     :PK WND
================================================================================
1   2   3   4   5  6A  6B    7    8   9   10  11  12  13   14  15   16   17  18
                                     12Z  AVG MX 2MIN
DY MAX MIN AVG DEP HDD CDD  WTR  SNW DPTH SPD SPD DIR MIN PSBL S-S WX    SPD DR
================================================================================

 1  43  20  32   5  33   0 0.00    M    M 12.0 23 320   M    M   0        28 320
 2  42  12  27   0  38   0 0.00    M    M  5.7 10 120   M    M   0        15 110
 3  63  17  40  13  25   0 0.00    M    M  8.6 26 320   M    M   0        31 320
 4  60  22  41  14  24   0 0.00    M    M  9.6 18 240   M    M   0        22 240
 5  71  29  50  23  15   0 0.00    M    M 10.0 16 260   M    M   0        20 260
 6  51  21  36   9  29   0 0.00    M    M 13.9 32  10   M    M   0        38  10
 7  39  17  28   1  37   0 0.00    M    M  6.1 17  90   M    M   5        21  90
 8  43  24  34   7  31   0 0.00    M    M  5.8 15 230   M    M   6        17 220
 9  54  20  37  10  28   0 0.00    M    M  9.0 16 270   M    M   0        20 300
10  59  24  42  15  23   0 0.00    M    M  7.8 16 140   M    M   0        16 140
11  41  14  28   1  37   0    T    M    M 24.2 43 350   M    M   4        60 230
12  36   9  23  -4  42   0 0.00    M    M 15.0 30 330   M    M   2        36 330
13  46  16  31   4  34   0 0.00    M    M 10.0 20 300   M    M   4        26 290
14  51  20  36   9  29   0 0.00    M    M  9.3 17 300   M    M   0        22 290
15  66  20  43  16  22   0 0.00    M    M  5.6 18  10   M    M   0        24  10
16  36  16  26  -1  39   0    T    M    M 12.7 29 360   M    M   2 18     37 340
17  27   0  14 -13  51   0    T    M    M 10.4 26 330   M    M   1 18     31 330
18  52  15  34   7  31   0 0.00    M    M 10.3 21 270   M    M   2        28 280
19  23   6  15 -12  50   0 0.00    M    M 10.1 17 140   M    M   0        22 150
20  39  12  26  -1  39   0 0.00    M    M  8.5 20  10   M    M   1        25  20
21  43   9  26  -1  39   0 0.00    M    M 12.3 25 160   M    M   0        38 120
22  44  20  32   5  33   0    T    M    M 17.1 51 340   M    M   7 1      61 350
23  54  19  37  10  28   0 0.00    M    M 11.0 18 270   M    M   0        24 250
24  44  19  32   4  33   0 0.00    M    M  5.7 22 340   M    M   1        28 330
25  57  16  37   9  28   0 0.00    M    M 10.6 18 290   M    M   0        22 230
26  53  27  40  12  25   0 0.00    M    M  9.9 26 340   M    M   1        32 360
27  45  18  32   4  33   0 0.00    M    M 15.9 33 340   M    M   4        39 330
28  46  11  29   1  36   0 0.00    M    M 10.9 24 310   M    M   2        32 310
29  63  18  41  13  24   0 0.00    M    M  8.8 17 260   M    M   4        23 240
30  70  26  48  20  17   0 0.00    M    M  7.1 15 320   M    M   0        17 310
31  57  25  41  13  24   0 0.00    M    M 11.1 20 340   M    M   0        25 320
================================================================================
SM 1518  542       977   0    T     M    325.0          M       46
================================================================================
AV 49.0 17.5                              10.5 FASTST   M    M   1    MAX(MPH)
                                 MISC ---->  # 51 340               # 61  350
================================================================================
NOTES:
# LAST OF SEVERAL OCCURRENCES

COLUMN 17 PEAK WIND IN M.P.H.

PRELIMINARY LOCAL CLIMATOLOGICAL DATA (WS FORM: F-6) , PAGE 2

                                          STATION:  MCCOOK NE
                                          MONTH:    JANUARY
                                          YEAR:     2012
                                          LATITUDE:   40 13 N
                                          LONGITUDE: 100 35 W

[TEMPERATURE DATA]      [PRECIPITATION DATA]       SYMBOLS USED IN COLUMN 16

AVERAGE MONTHLY: 33.2   TOTAL FOR MONTH:      T    1 = FOG OR MIST
DPTR FM NORMAL:   6.0   DPTR FM NORMAL:   -0.51    2 = FOG REDUCING VISIBILITY
HIGHEST:    71 ON  5    GRTST 24HR  0.05 ON 31- 1      TO 1/4 MILE OR LESS
LOWEST:      0 ON 17                               3 = THUNDER
                        SNOW, ICE PELLETS, HAIL    4 = ICE PELLETS
                        TOTAL MONTH:    M          5 = HAIL
                        GRTST 24HR    M  ON   M    6 = FREEZING RAIN OR DRIZZLE
                        GRTST DEPTH:  M  ON   M    7 = DUSTSTORM OR SANDSTORM:
                                                       VSBY 1/2 MILE OR LESS
                                                   8 = SMOKE OR HAZE
[NO. OF DAYS WITH]      [WEATHER - DAYS WITH]      9 = BLOWING SNOW
                                                   X = TORNADO
MAX 32 OR BELOW:   2    0.01 INCH OR MORE:   0
MAX 90 OR ABOVE:   0    0.10 INCH OR MORE:   0
MIN 32 OR BELOW:  31    0.50 INCH OR MORE:   0
MIN  0 OR BELOW:   1    1.00 INCH OR MORE:   0

[HDD (BASE 65) ]
TOTAL THIS MO.   977    CLEAR  (SCALE 0-3)  24
DPTR FM NORMAL  -194    PTCLDY (SCALE 4-7)   7
TOTAL FM JUL 1  3388    CLOUDY (SCALE 8-10)  0
DPTR FM NORMAL  -293

[CDD (BASE 65) ]
TOTAL THIS MO.     0
DPTR FM NORMAL     0    [PRESSURE DATA]
TOTAL FM JAN 1     0    HIGHEST SLP 30.77 ON  2
DPTR FM NORMAL     0    LOWEST  SLP 29.26 ON 22

[REMARKS]
#FINAL-01-12#
