000
CXUS53 KGLD 011325
CF6MCK
PRELIMINARY LOCAL CLIMATOLOGICAL DATA (WS FORM: F-6)

                                          STATION:   MCCOOK NE
                                          MONTH:     JULY
                                          YEAR:      2011
                                          LATITUDE:   40 13 N
                                          LONGITUDE: 100 35 W

  TEMPERATURE IN F:       :PCPN:    SNOW:  WIND      :SUNSHINE: SKY     :PK WND
================================================================================
1   2   3   4   5  6A  6B    7    8   9   10  11  12  13   14  15   16   17  18
                                     12Z  AVG MX 2MIN
DY MAX MIN AVG DEP HDD CDD  WTR  SNW DPTH SPD SPD DIR MIN PSBL S-S WX    SPD DR
================================================================================

 1  96  62  79   4   0  14 0.00    M    M  8.1 18 340   M    M   0 8      22 280
 2  85  63  74  -2   0   9 0.15    M    M 12.2 35 240   M    M   1 13     44 240
 3  91  62  77   1   0  12    T    M    M  7.4 21 340   M    M   1        26 330
 4  97  63  80   4   0  15 0.00    M    M  8.1 18  30   M    M   1 12     46 200
 5  98  65  82   6   0  17 0.56    M    M  9.4 40 320   M    M   1 1238   47 320
 6  85  64  75  -1   0  10 1.01    M    M  5.8 35 340   M    M   3 13     45 350
 7  88  63  76   0   0  11 0.00    M    M  6.9 15 340   M    M   2 1      20  30
 8  90  64  77   1   0  12 0.01    M    M  7.3 18 160   M    M   1 3      25 160
 9  93  67  80   3   0  15 0.33    M    M  7.1 25 270   M    M   2 13     37 270
10  99  68  84   7   0  19 0.44    M    M  8.0 43 240   M    M   0 13     56 240
11  93  70  82   5   0  17 0.01    M    M  9.8 43 280   M    M   1        68 260
12  77  64  71  -6   0   6 0.02    M    M 11.8 20  20   M    M   7 13     33 200
13  84  64  74  -3   0   9 0.04    M    M  9.1 17  70   M    M   8 1      21  40
14  98  69  84   7   0  19 0.00    M    M  8.8 24 140   M    M   1        33 150
15  94  70  82   5   0  17 0.35    M    M  6.5 17 310   M    M   2 13     23 340
16 103  68  86   9   0  21 0.00    M    M  8.6 22 340   M    M   0        46 150
17 102  76  89  12   0  24 0.00    M    M  8.1 21 180   M    M   0        28 180
18 102  71  87  10   0  22 0.00    M    M  8.3 17 160   M    M   0        21 150
19 102  74  88  11   0  23 0.00    M    M 11.3 22 170   M    M   0 8      61 160
20  99  70  85   8   0  20 0.00    M    M  7.7 22 270   M    M   0        26 170
21  94  72  83   6   0  18    T    M    M  8.6 33 170   M    M   0        44 200
22  97  63  80   3   0  15 0.00    M    M  8.9 33 180   M    M   0        47 170
23 102  72  87  10   0  22 0.00    M    M  5.8 14 180   M    M   0 3      21 170
24  87  70  79   2   0  14    T    M    M  7.2 14 100   M    M   4 138    23 350
25  99  63  81   4   0  16 0.00    M    M  5.0 16 140   M    M   0 1      21 140
26 100  66  83   6   0  18 0.07    M    M 10.9 29 350   M    M   0 13     46 270
27  95  69  82   5   0  17 0.00    M    M  6.9 14 320   M    M   0        18 340
28  94  68  81   4   0  16 0.01    M    M  7.4 18  70   M    M   1 3      24 110
29  91  67  79   2   0  14 0.03    M    M  4.5 14 150   M    M   2 1      18 160
30  99  63  81   4   0  16 0.00    M    M  6.5 16 160   M    M   1 12     22 140
31 103  70  87  10   0  22 0.00    M    M  9.9 25 160   M    M   2 128    32 160
================================================================================
SM 2937 2080         0 500  3.03    M    251.9          M       41
================================================================================
AV 94.7 67.1                               8.1 FASTST   M    M   1    MAX(MPH)
                                 MISC ---->  # 43 240               # 68  260
================================================================================
NOTES:
# LAST OF SEVERAL OCCURRENCES

COLUMN 17 PEAK WIND IN M.P.H.

PRELIMINARY LOCAL CLIMATOLOGICAL DATA (WS FORM: F-6) , PAGE 2

                                          STATION:  MCCOOK NE
                                          MONTH:    JULY
                                          YEAR:     2011
                                          LATITUDE:   40 13 N
                                          LONGITUDE: 100 35 W

[TEMPERATURE DATA]      [PRECIPITATION DATA]       SYMBOLS USED IN COLUMN 16

AVERAGE MONTHLY: 80.9   TOTAL FOR MONTH:   3.03    1 = FOG OR MIST
DPTR FM NORMAL:   4.2   DPTR FM NORMAL:   -0.27    2 = FOG REDUCING VISIBILITY
HIGHEST:   103 ON 31,16 GRTST 24HR  1.30 ON  5- 6      TO 1/4 MILE OR LESS
LOWEST:     62 ON  3, 1                            3 = THUNDER
                        SNOW, ICE PELLETS, HAIL    4 = ICE PELLETS
                        TOTAL MONTH:    M          5 = HAIL
                        GRTST 24HR    M  ON   M    6 = FREEZING RAIN OR DRIZZLE
                        GRTST DEPTH:  M  ON   M    7 = DUSTSTORM OR SANDSTORM:
                                                       VSBY 1/2 MILE OR LESS
                                                   8 = SMOKE OR HAZE
[NO. OF DAYS WITH]      [WEATHER - DAYS WITH]      9 = BLOWING SNOW
                                                   X = TORNADO
MAX 32 OR BELOW:   0    0.01 INCH OR MORE:  13
MAX 90 OR ABOVE:  25    0.10 INCH OR MORE:   6
MIN 32 OR BELOW:   0    0.50 INCH OR MORE:   2
MIN  0 OR BELOW:   0    1.00 INCH OR MORE:   1

[HDD (BASE 65) ]
TOTAL THIS MO.     0    CLEAR  (SCALE 0-3)  27
DPTR FM NORMAL    -1    PTCLDY (SCALE 4-7)   4
TOTAL FM JUL 1     0    CLOUDY (SCALE 8-10)  0
DPTR FM NORMAL    -1

[CDD (BASE 65) ]
TOTAL THIS MO.   500
DPTR FM NORMAL   138    [PRESSURE DATA]
TOTAL FM JAN 1   749    HIGHEST SLP 30.07 ON 29
DPTR FM NORMAL   122    LOWEST  SLP 29.56 ON 26

[REMARKS]
#FINAL-07-11#
