000
CXUS53 KGLD 010800
CF6MCK
PRELIMINARY LOCAL CLIMATOLOGICAL DATA (WS FORM: F-6)

                                          STATION:   MCCOOK NE
                                          MONTH:     JUNE
                                          YEAR:      2011
                                          LATITUDE:   40 13 N
                                          LONGITUDE: 100 35 W

  TEMPERATURE IN F:       :PCPN:    SNOW:  WIND      :SUNSHINE: SKY     :PK WND
================================================================================
1   2   3   4   5  6A  6B    7    8   9   10  11  12  13   14  15   16   17  18
                                     12Z  AVG MX 2MIN
DY MAX MIN AVG DEP HDD CDD  WTR  SNW DPTH SPD SPD DIR MIN PSBL S-S WX    SPD DR
================================================================================

 1  90  53  72   6   0   7 0.00    M    M 14.2 25 100   M    M   3        51 350
 2  93  66  80  13   0  15 0.00    M    M 15.4 28 170   M    M   0        41 160
 3  85  66  76   9   0  11 0.01    M    M 12.7 32 200   M    M   0 3      43 200
 4  84  55  70   2   0   5 0.00    M    M 10.5 21  50   M    M   0        25  50
 5  94  54  74   6   0   9 0.00    M    M  4.2 13 230   M    M   0 1      16 220
 6  97  57  77   9   0  12 0.00    M    M 11.2 23 170   M    M   0        30 170
 7  90  59  75   6   0  10 0.00    M    M 11.2 24 170   M    M   0        32 180
 8  80  56  68  -1   0   3 0.00    M    M 15.8 22  60   M    M   0        32  30
 9  62  52  57 -12   8   0 0.00    M    M 13.0 23  40   M    M   4        29  40
10  80  50  65  -5   0   0 0.00    M    M  9.2 18 350   M    M   3 1      23 360
11  81  47  64  -6   1   0    T    M    M  9.9 28 120   M    M   2        35 130
12  84  58  71   1   0   6 0.10    M    M 11.9 24 160   M    M   3 1      31 150
13  76  64  70  -1   0   5 0.00    M    M  9.2  M   M   M    M   7 18      M  M
14  88  60  74   3   0   9    T    M    M 13.5 29 300   M    M   1 18     35 300
15  90  51  71   0   0   6 0.00    M    M  7.1 20 180   M    M   0        29 180
16  87  62  75   4   0  10 0.03    M    M 14.3 53 300   M    M   1 38     67 300
17  80  58  69  -3   0   4 0.42    M    M 10.4 23 350   M    M   5 13     28 360
18  83  55  69  -3   0   4 0.00    M    M  7.7 20  50   M    M   0        24  40
19  88  59  74   2   0   9 0.01    M    M 11.3 40 330   M    M   4 13     56 330
20  68  61  65  -8   0   0 0.37    M    M 22.1 47  10   M    M   7 13     62 360
21  78  57  68  -5   0   3 0.03    M    M 21.4 39 320   M    M   4 8      48 320
22  85  55  70  -3   0   5 0.00    M    M 13.6 29 330   M    M   0        37 320
23  87  50  69  -4   0   4 0.00    M    M  6.7 15 140   M    M   0        23 140
24  93  60  77   3   0  12    T    M    M 11.6 26  70   M    M   0        35  70
25  92  64  78   4   0  13 0.00    M    M 10.5 32  50   M    M   1 3      39  20
26  87  67  77   3   0  12 0.00    M    M 10.4 30  30   M    M   5 138    41  10
27  82  58  70  -4   0   5 0.10    M    M 11.6 26 350   M    M   0 13     33 350
28  91  53  72  -2   0   7 0.00    M    M  9.4 21 180   M    M   1        53 200
29 100  59  80   5   0  15 0.00    M    M  8.5 18 210   M    M   0        25 180
30 105  63  84   9   0  19 0.00    M    M  9.5 26 180   M    M   0        38 280
================================================================================
SM 2580 1729         9 220  1.07    M    348.0          M       51
================================================================================
AV 86.0 57.6                              11.6 FASTST   M    M   2    MAX(MPH)
                                 MISC ---->  # 53 300               # 67  300
================================================================================
NOTES:
# LAST OF SEVERAL OCCURRENCES

COLUMN 17 PEAK WIND IN M.P.H.

PRELIMINARY LOCAL CLIMATOLOGICAL DATA (WS FORM: F-6) , PAGE 2

                                          STATION:  MCCOOK NE
                                          MONTH:    JUNE
                                          YEAR:     2011
                                          LATITUDE:   40 13 N
                                          LONGITUDE: 100 35 W

[TEMPERATURE DATA]      [PRECIPITATION DATA]       SYMBOLS USED IN COLUMN 16

AVERAGE MONTHLY: 71.8   TOTAL FOR MONTH:   1.07    1 = FOG OR MIST
DPTR FM NORMAL:   0.7   DPTR FM NORMAL:   -2.15    2 = FOG REDUCING VISIBILITY
HIGHEST:   105 ON 30    GRTST 24HR  0.42 ON 17-17      TO 1/4 MILE OR LESS
LOWEST:     47 ON 11                               3 = THUNDER
                        SNOW, ICE PELLETS, HAIL    4 = ICE PELLETS
                        TOTAL MONTH:    M          5 = HAIL
                        GRTST 24HR    M  ON   M    6 = FREEZING RAIN OR DRIZZLE
                        GRTST DEPTH:  M  ON   M    7 = DUSTSTORM OR SANDSTORM:
                                                       VSBY 1/2 MILE OR LESS
                                                   8 = SMOKE OR HAZE
[NO. OF DAYS WITH]      [WEATHER - DAYS WITH]      9 = BLOWING SNOW
                                                   X = TORNADO
MAX 32 OR BELOW:   0    0.01 INCH OR MORE:   8
MAX 90 OR ABOVE:  11    0.10 INCH OR MORE:   4
MIN 32 OR BELOW:   0    0.50 INCH OR MORE:   0
MIN  0 OR BELOW:   0    1.00 INCH OR MORE:   0

[HDD (BASE 65) ]
TOTAL THIS MO.     9    CLEAR  (SCALE 0-3)  23
DPTR FM NORMAL   -21    PTCLDY (SCALE 4-7)   7
TOTAL FM JUL 1  5912    CLOUDY (SCALE 8-10)  0
DPTR FM NORMAL   -55

[CDD (BASE 65) ]
TOTAL THIS MO.   220
DPTR FM NORMAL     6    [PRESSURE DATA]
TOTAL FM JAN 1   249    HIGHEST SLP M ON M
DPTR FM NORMAL   -16    LOWEST  SLP 29.34 ON 19

[REMARKS]
#FINAL-06-11#
