000
CXUS53 KGLD 011917
CF6MCK
PRELIMINARY LOCAL CLIMATOLOGICAL DATA (WS FORM: F-6)

                                          STATION:   MCCOOK NE
                                          MONTH:     AUGUST
                                          YEAR:      2011
                                          LATITUDE:   40 13 N
                                          LONGITUDE: 100 35 W

  TEMPERATURE IN F:       :PCPN:    SNOW:  WIND      :SUNSHINE: SKY     :PK WND
================================================================================
1   2   3   4   5  6A  6B    7    8   9   10  11  12  13   14  15   16   17  18
                                     12Z  AVG MX 2MIN
DY MAX MIN AVG DEP HDD CDD  WTR  SNW DPTH SPD SPD DIR MIN PSBL S-S WX    SPD DR
================================================================================

 1 105  73  89  13   0  24 0.00    M    M 11.8 28 180   M    M   0        37 190
 2  95  71  83   7   0  18 0.00    M    M  9.6 20 350   M    M   0        24 350
 3  86  67  77   2   0  12 0.01    M    M  5.9 16 150   M    M   5 1      29 160
 4  89  68  79   4   0  14 0.19    M    M  5.2 22 210   M    M   6 13     28 200
 5  87  65  76   1   0  11 0.16    M    M  5.9 21 360   M    M   5 13     26 360
 6  98  67  83   8   0  18 0.00    M    M  5.5 15 330   M    M   0         M  M
 7  96  68  82   7   0  17 0.06    M    M 10.0 25 360   M    M   0 13     32 360
 8  90  61  76   1   0  11 0.09    M    M  7.3 39 350   M    M   2 13     46 360
 9  89  57  73  -2   0   8 2.10    M    M  5.6 47 310   M    M   2 138    62 310
10  79  61  70  -5   0   5 0.29    M    M  4.5 13 150   M    M   5 13     24 190
11  87  60  74  -1   0   9 0.19    M    M 10.3 23 180   M    M   2 123    32 180
12  80  64  72  -3   0   7    T    M    M  8.3 22  90   M    M   3 3      28  90
13  86  60  73  -1   0   8 0.00    M    M  5.6 16  50   M    M   2 1      18  70
14  90  63  77   3   0  12 0.29    M    M 12.8 30 230   M    M   1 13     38 230
15  87  66  77   3   0  12 0.00    M    M  8.2 23 130   M    M   2        30 130
16  92  63  78   4   0  13 0.00    M    M  9.4 20 350   M    M   1 12     24 350
17  87  66  77   3   0  12 0.00    M    M  7.7 22 140   M    M   1 1      28 140
18  98  64  81   7   0  16 0.00    M    M  6.1 16 290   M    M   1 128    20 290
19  90  61  76   2   0  11 0.00    M    M  9.3 24  60   M    M   4 123    30  70
20  87  64  76   3   0  11 0.01    M    M  5.2 20  30   M    M   3 13     23  30
21  94  68  81   8   0  16 0.00    M    M  8.1 18 170   M    M   3 1      24 170
22  96  66  81   8   0  16 0.00    M    M  7.0 16 160   M    M   0        25 180
23 103  62  83  10   0  18 0.00    M    M  4.7 14 210   M    M   0 18     17 300
24  94  57  76   3   0  11 0.00    M    M  8.8 17  50   M    M   0        22  40
25  94  59  77   5   0  12    T    M    M  9.8 20 180   M    M   0 3      25 150
26  89  63  76   4   0  11 0.07    M    M  6.0 21 180   M    M   1 3      31 180
27  94  60  77   5   0  12 0.00    M    M  5.2 14 130   M    M   0 1      17  70
28  93  59  76   4   0  11 0.00    M    M  6.7 33  50   M    M   1 12     43  60
29  80  66  73   2   0   8 0.87    M    M  8.0 24 110   M    M   5 138    30 100
30  83  63  73   2   0   8 0.00    M    M  4.5 15 190   M    M   4 1      18 200
31  96  62  79   8   0  14 0.00    M    M  6.9 21 130   M    M   2 128    26 140
================================================================================
SM 2814 1974         0 386  4.33    M    229.9          M       61
================================================================================
AV 90.8 63.7                               7.4 FASTST   M    M   2    MAX(MPH)
                                 MISC ---->  # 47 310               # 62  310
================================================================================
NOTES:
# LAST OF SEVERAL OCCURRENCES

COLUMN 17 PEAK WIND IN M.P.H.

PRELIMINARY LOCAL CLIMATOLOGICAL DATA (WS FORM: F-6) , PAGE 2

                                          STATION:  MCCOOK NE
                                          MONTH:    AUGUST
                                          YEAR:     2011
                                          LATITUDE:   40 13 N
                                          LONGITUDE: 100 35 W

[TEMPERATURE DATA]      [PRECIPITATION DATA]       SYMBOLS USED IN COLUMN 16

AVERAGE MONTHLY: 77.2   TOTAL FOR MONTH:   4.33    1 = FOG OR MIST
DPTR FM NORMAL:   3.4   DPTR FM NORMAL:    1.19    2 = FOG REDUCING VISIBILITY
HIGHEST:   105 ON  1    GRTST 24HR  2.39 ON  9-10      TO 1/4 MILE OR LESS
LOWEST:     57 ON 24, 9                            3 = THUNDER
                        SNOW, ICE PELLETS, HAIL    4 = ICE PELLETS
                        TOTAL MONTH:    M          5 = HAIL
                        GRTST 24HR    M  ON   M    6 = FREEZING RAIN OR DRIZZLE
                        GRTST DEPTH:  M  ON   M    7 = DUSTSTORM OR SANDSTORM:
                                                       VSBY 1/2 MILE OR LESS
                                                   8 = SMOKE OR HAZE
[NO. OF DAYS WITH]      [WEATHER - DAYS WITH]      9 = BLOWING SNOW
                                                   X = TORNADO
MAX 32 OR BELOW:   0    0.01 INCH OR MORE:  12
MAX 90 OR ABOVE:  17    0.10 INCH OR MORE:   7
MIN 32 OR BELOW:   0    0.50 INCH OR MORE:   2
MIN  0 OR BELOW:   0    1.00 INCH OR MORE:   1

[HDD (BASE 65) ]
TOTAL THIS MO.     0    CLEAR  (SCALE 0-3)  22
DPTR FM NORMAL    -9    PTCLDY (SCALE 4-7)   9
TOTAL FM JUL 1     0    CLOUDY (SCALE 8-10)  0
DPTR FM NORMAL   -12

[CDD (BASE 65) ]
TOTAL THIS MO.   386
DPTR FM NORMAL   106    [PRESSURE DATA]
TOTAL FM JAN 1  1135    HIGHEST SLP 30.14 ON 17
DPTR FM NORMAL   284    LOWEST  SLP 29.68 ON  9

[REMARKS]
#FINAL-08-11#
