000
CXUS53 KGLD 022027
CF6MCK
PRELIMINARY LOCAL CLIMATOLOGICAL DATA (WS FORM: F-6)

                                          STATION:   MCCOOK NE
                                          MONTH:     SEPTEMBER
                                          YEAR:      2011
                                          LATITUDE:   40 13 N
                                          LONGITUDE: 100 35 W

  TEMPERATURE IN F:       :PCPN:    SNOW:  WIND      :SUNSHINE: SKY     :PK WND
================================================================================
1   2   3   4   5  6A  6B    7    8   9   10  11  12  13   14  15   16   17  18
                                     12Z  AVG MX 2MIN
DY MAX MIN AVG DEP HDD CDD  WTR  SNW DPTH SPD SPD DIR MIN PSBL S-S WX    SPD DR
================================================================================

 1 100  65  83  13   0  18 0.00    M    M  6.7 20 190   M    M   0 1      25 190
 2  83  64  74   4   0   9 0.07    M    M  9.8 26 310   M    M   3 13     36 310
 3  73  51  62  -8   3   0 0.02    M    M 13.4 31  10   M    M   7 12     41  10
 4  75  45  60  -9   5   0 0.00    M    M  7.3 16  30   M    M   0        22  10
 5  80  42  61  -8   4   0 0.00    M    M  7.9 18 170   M    M   0        30 340
 6  83  44  64  -5   1   0 0.00    M    M  8.1 17 140   M    M   0        24 140
 7  80  57  69   1   0   4 0.00    M    M  7.6 14 260   M    M   1        18 260
 8  79  49  64  -4   1   0 0.00    M    M  7.9 16  50   M    M   0        26 200
 9  79  45  62  -5   3   0 0.00    M    M  4.8 15  30   M    M   1        18  50
10  84  47  66  -1   0   1 0.00    M    M  6.2 16 360   M    M   1        23 140
11  89  48  69   2   0   4 0.00    M    M  5.1 15 190   M    M   0        22 200
12  96  55  76  10   0  11 0.00    M    M  6.1 13  30   M    M   0        16  40
13  73  54  64  -2   1   0 0.02    M    M  7.2 16  10   M    M   2        18  10
14  58  49  54 -11  11   0    T    M    M 10.6 21  50   M    M  10 18     25  50
15  49  41  45 -20  20   0 0.25    M    M 11.0 24 130   M    M  10 1      31 140
16  58  43  51 -13  14   0 0.00    M    M  9.4 15 120   M    M  10        45  80
17  60  51  56  -8   9   0 0.01    M    M  6.6 10 120   M    M  10 12     14 130
18  80  49  65   2   0   0 0.01    M    M  8.8 18 330   M    M   2 12     54 150
19  89  41  65   2   0   0 0.00    M    M  8.0 21 190   M    M   0 1      25 180
20  76  50  63   1   2   0 0.00    M    M 13.1 31 360   M    M   1        41  20
21  68  38  53  -9  12   0 0.00    M    M  5.3 13 240   M    M   3        16 240
22  80  33  57  -4   8   0 0.00    M    M  6.2 13 230   M    M   0        20 290
23  82  35  59  -2   6   0 0.00    M    M  4.2  9 280   M    M   0        13 280
24  86  47  67   7   0   2 0.00    M    M  7.6 18  30   M    M   0        22  10
25  78  39  59  -1   6   0 0.00    M    M  7.0 15 190   M    M   1 12     22 150
26  80  42  61   1   4   0 0.00    M    M  6.9 20 170   M    M   0        24 170
27  87  40  64   5   1   0 0.00    M    M  3.6 12 350   M    M   0        16 320
28  93  44  69  10   0   4 0.00    M    M  2.9 10  30   M    M   0        16  20
29  74  40  57  -1   8   0 0.00    M    M 13.4 26  30   M    M   0        32  10
30  76  29  53  -5  12   0 0.00    M    M  6.3 16 180   M    M   0        32 330
================================================================================
SM 2348 1377       131  53  0.38    M    229.0          M       62
================================================================================
AV 78.3 45.9                               7.6 FASTST   M    M   2    MAX(MPH)
                                 MISC ---->  # 31  10               # 54  150
================================================================================
NOTES:
# LAST OF SEVERAL OCCURRENCES

COLUMN 17 PEAK WIND IN M.P.H.

PRELIMINARY LOCAL CLIMATOLOGICAL DATA (WS FORM: F-6) , PAGE 2

                                          STATION:  MCCOOK NE
                                          MONTH:    SEPTEMBER
                                          YEAR:     2011
                                          LATITUDE:   40 13 N
                                          LONGITUDE: 100 35 W

[TEMPERATURE DATA]      [PRECIPITATION DATA]       SYMBOLS USED IN COLUMN 16

AVERAGE MONTHLY: 62.1   TOTAL FOR MONTH:   0.38    1 = FOG OR MIST
DPTR FM NORMAL:  -2.3   DPTR FM NORMAL:   -1.06    2 = FOG REDUCING VISIBILITY
HIGHEST:   100 ON  1    GRTST 24HR  0.25 ON 15-15      TO 1/4 MILE OR LESS
LOWEST:     29 ON 30                               3 = THUNDER
                        SNOW, ICE PELLETS, HAIL    4 = ICE PELLETS
                        TOTAL MONTH:    M          5 = HAIL
                        GRTST 24HR    M  ON   M    6 = FREEZING RAIN OR DRIZZLE
                        GRTST DEPTH:  M  ON   M    7 = DUSTSTORM OR SANDSTORM:
                                                       VSBY 1/2 MILE OR LESS
                                                   8 = SMOKE OR HAZE
[NO. OF DAYS WITH]      [WEATHER - DAYS WITH]      9 = BLOWING SNOW
                                                   X = TORNADO
MAX 32 OR BELOW:   0    0.01 INCH OR MORE:   6
MAX 90 OR ABOVE:   3    0.10 INCH OR MORE:   1
MIN 32 OR BELOW:   1    0.50 INCH OR MORE:   0
MIN  0 OR BELOW:   0    1.00 INCH OR MORE:   0

[HDD (BASE 65) ]
TOTAL THIS MO.   131    CLEAR  (SCALE 0-3)  24
DPTR FM NORMAL    14    PTCLDY (SCALE 4-7)   2
TOTAL FM JUL 1   131    CLOUDY (SCALE 8-10)  4
DPTR FM NORMAL     2

[CDD (BASE 65) ]
TOTAL THIS MO.    53
DPTR FM NORMAL   -45    [PRESSURE DATA]
TOTAL FM JAN 1  1188    HIGHEST SLP 30.41 ON 30
DPTR FM NORMAL   239    LOWEST  SLP 29.67 ON  1

[REMARKS]
#FINAL-09-11#
