000
CXUS53 KGLD 010800
CF6MCK
PRELIMINARY LOCAL CLIMATOLOGICAL DATA (WS FORM: F-6)

                                          STATION:   MCCOOK NE
                                          MONTH:     APRIL
                                          YEAR:      2011
                                          LATITUDE:   40 13 N
                                          LONGITUDE: 100 35 W

  TEMPERATURE IN F:       :PCPN:    SNOW:  WIND      :SUNSHINE: SKY     :PK WND
================================================================================
1   2   3   4   5  6A  6B    7    8   9   10  11  12  13   14  15   16   17  18
                                     12Z  AVG MX 2MIN
DY MAX MIN AVG DEP HDD CDD  WTR  SNW DPTH SPD SPD DIR MIN PSBL S-S WX    SPD DR
================================================================================

 1  67  41  54   9  11   0 0.01    M    M  9.1 24 340   M    M   5        30 310
 2  87  31  59  13   6   0 0.00    M    M  9.6 23 180   M    M   1        30 180
 3  65  38  52   6  13   0 0.04    M    M 17.8 44 340   M    M   3        51 340
 4  55  30  43  -3  22   0 0.00    M    M 17.3 40 340   M    M   2        51 340
 5  80  26  53   6  12   0 0.00    M    M 10.1 24 240   M    M   0        33 250
 6  66  42  54   7  11   0 0.00    M    M 11.1 28  10   M    M   1        33  10
 7  51  44  48   0  17   0 0.11    M    M 12.7 24 140   M    M   9 12     35 160
 8  72  43  58  10   7   0 0.00    M    M 11.0 23 100   M    M   6 12     30 100
 9  89  49  69  21   0   4 0.00    M    M 14.4 32 200   M    M   4 12     44 210
10  63  43  53   4  12   0    T    M    M 17.8 36 330   M    M   7        43 320
11  68  38  53   4  12   0 0.00    M    M 12.0 25 330   M    M   1        36 340
12  81  32  57   8   8   0 0.00    M    M 10.7 29 170   M    M   0        39 170
13  66  38  52   2  13   0 0.00    M    M 18.4 31  40   M    M   0 8      38  40
14  41  33  37 -13  28   0 1.30    M    M 25.8 49 340   M    M   8 13     61 340
15  48  31  40 -10  25   0 0.03    M    M 29.8 48 340   M    M   6 1      59 320
16  69  28  49  -2  16   0 0.00    M    M  8.9 18 300   M    M   3        23 300
17  72  32  52   1  13   0    T    M    M  6.3 24  10   M    M   2 18     30 360
18  54  39  47  -4  18   0 0.04    M    M 12.7 23  50   M    M   8 13     29  70
19  56  35  46  -6  19   0 0.04    M    M  9.2 22 360   M    M   6 13     26 360
20  57  34  46  -6  19   0    T    M    M  8.0 22 140   M    M   6        26 130
21  64  43  54   2  11   0 0.00    M    M 12.8 22 140   M    M   6        29 140
22  68  41  55   2  10   0 0.13    M    M 14.5 33 300   M    M   4 13     41 300
23  48  32  40 -13  25   0 0.01    M    M  7.9 25 340   M    M   6        30 340
24  53  32  43 -10  22   0 0.04    M    M  5.1 13 120   M    M   8 1      17  90
25  51  35  43 -11  22   0 0.03    M    M  7.0 14 350   M    M   8 1      17  30
26  62  31  47  -7  18   0 0.00    M    M  6.9 25  60   M    M   7 12     31  60
27  60  37  49  -5  16   0    T    M    M 11.9 25 320   M    M   7        33 300
28  71  34  53  -1  12   0 0.00    M    M 10.2 21 260   M    M   0 8      26 280
29  84  46  65  10   0   0 0.00    M    M 16.5 51 350   M    M   0 8      61 350
30  60  39  50  -5  15   0 0.00    M    M 19.2 39 320   M    M   2        46 310
================================================================================
SM 1928 1097       433   4  1.78    M    384.7          M      126
================================================================================
AV 64.3 36.6                              12.8 FASTST   M    M   4    MAX(MPH)
                                 MISC ---->  # 51 350               # 61  340
================================================================================
NOTES:
# LAST OF SEVERAL OCCURRENCES

COLUMN 17 PEAK WIND IN M.P.H.

PRELIMINARY LOCAL CLIMATOLOGICAL DATA (WS FORM: F-6) , PAGE 2

                                          STATION:  MCCOOK NE
                                          MONTH:    APRIL
                                          YEAR:     2011
                                          LATITUDE:   40 13 N
                                          LONGITUDE: 100 35 W

[TEMPERATURE DATA]      [PRECIPITATION DATA]       SYMBOLS USED IN COLUMN 16

AVERAGE MONTHLY: 50.4   TOTAL FOR MONTH:   1.78    1 = FOG OR MIST
DPTR FM NORMAL:   0.0   DPTR FM NORMAL:   -0.44    2 = FOG REDUCING VISIBILITY
HIGHEST:    89 ON  9    GRTST 24HR  1.33 ON 14-15      TO 1/4 MILE OR LESS
LOWEST:     26 ON  5                               3 = THUNDER
                        SNOW, ICE PELLETS, HAIL    4 = ICE PELLETS
                        TOTAL MONTH:    M          5 = HAIL
                        GRTST 24HR    M  ON   M    6 = FREEZING RAIN OR DRIZZLE
                        GRTST DEPTH:  M  ON   M    7 = DUSTSTORM OR SANDSTORM:
                                                       VSBY 1/2 MILE OR LESS
                                                   8 = SMOKE OR HAZE
[NO. OF DAYS WITH]      [WEATHER - DAYS WITH]      9 = BLOWING SNOW
                                                   X = TORNADO
MAX 32 OR BELOW:   0    0.01 INCH OR MORE:  11
MAX 90 OR ABOVE:   0    0.10 INCH OR MORE:   3
MIN 32 OR BELOW:  10    0.50 INCH OR MORE:   1
MIN  0 OR BELOW:   0    1.00 INCH OR MORE:   1

[HDD (BASE 65) ]
TOTAL THIS MO.   433    CLEAR  (SCALE 0-3)  12
DPTR FM NORMAL    -9    PTCLDY (SCALE 4-7)  16
TOTAL FM JUL 1  5675    CLOUDY (SCALE 8-10)  2
DPTR FM NORMAL   -74

[CDD (BASE 65) ]
TOTAL THIS MO.     4
DPTR FM NORMAL     0    [PRESSURE DATA]
TOTAL FM JAN 1     4    HIGHEST SLP M ON M
DPTR FM NORMAL     0    LOWEST  SLP 29.25 ON 29

[REMARKS]
#FINAL-04-11#
