000
CXUS53 KGLD 010820
CF6MCK
PRELIMINARY LOCAL CLIMATOLOGICAL DATA (WS FORM: F-6)

                                          STATION:   MCCOOK NE
                                          MONTH:     MARCH
                                          YEAR:      2011
                                          LATITUDE:   40 13 N
                                          LONGITUDE: 100 35 W

  TEMPERATURE IN F:       :PCPN:    SNOW:  WIND      :SUNSHINE: SKY     :PK WND
================================================================================
1   2   3   4   5  6A  6B    7    8   9   10  11  12  13   14  15   16   17  18
                                     12Z  AVG MX 2MIN
DY MAX MIN AVG DEP HDD CDD  WTR  SNW DPTH SPD SPD DIR MIN PSBL S-S WX    SPD DR
================================================================================

 1  67  20  44   8  21   0 0.00    M    M  6.9 22  50   M    M   0        25  50
 2  35  12  24 -12  41   0 0.00    M    M  7.6 17  50   M    M   4 18     22  50
 3  68  17  43   7  22   0 0.06    M    M  4.2 25 330   M    M   2        31 330
 4  42  20  31  -5  34   0 0.04    M    M 13.4 23 360   M    M   7        29 360
 5  50  14  32  -5  33   0 0.00    M    M  6.9 18 170   M    M   1        24  40
 6  53  23  38   1  27   0 0.00    M    M  9.4 24  50   M    M   4        30  50
 7  27  17  22 -15  43   0 0.03    M    M 12.7 25  40   M    M  10 18     31  40
 8  30  19  25 -12  40   0 0.07    M    M 11.0 16 330   M    M  10 16     20 330
 9  46  10  28 -10  37   0 0.00    M    M 10.6 25 330   M    M   0 1      31 320
10  66  20  43   5  22   0 0.00    M    M  6.9 15 210   M    M   0        21 210
11  70  30  50  12  15   0 0.00    M    M 11.4 41 330   M    M   0        54 330
12  60  28  44   5  21   0 0.00    M    M  5.9 14 120   M    M   3        18  90
13  42  32  37  -2  28   0    T    M    M  8.4 16  60   M    M   9 1      18 100
14  58  28  43   4  22   0 0.00    M    M  9.8 20 180   M    M   4 12     25 180
15  63  32  48   8  17   0 0.00    M    M  7.4 20  10   M    M   0        25 280
16  79  31  55  15  10   0 0.00    M    M  6.8 16 200   M    M   0        23 200
17  65  40  53  13  12   0 0.00    M    M 11.2 26 330   M    M   0        37 310
18  62  32  47   7  18   0 0.00    M    M  7.4 15 170   M    M   4        22 190
19  68  36  52  11  13   0    T    M    M 15.1 29 160   M    M   3        37 160
20  76  42  59  18   6   0 0.00    M    M  8.8 25 360   M    M   0 1      31  10
21  78  42  60  19   5   0 0.00    M    M 15.5 30 180   M    M   3 1      38 160
22  66  42  54  12  11   0    T    M    M 14.3 30 320   M    M   1        38 330
23  58  23  41  -1  24   0 0.00    M    M 20.7 44 320   M    M   0        54 320
24  46  15  31 -11  34   0 0.01    M    M 11.4 29 120   M    M   2 138    36 140
25  42  31  37  -6  28   0 0.00    M    M 10.7 23  90   M    M  10 18     30  80
26  38  31  35  -8  30   0    T    M    M  7.7 15 100   M    M  10 1      18 110
27  33  28  31 -13  34   0 0.01    M    M 11.3 15 110   M    M  10 1      18 110
28  33  29  31 -13  34   0 0.02    M    M  9.7 18 150   M    M  10 1      22 150
29  40  31  36  -8  29   0 0.10    M    M  2.9  9 180   M    M   9 12     13 150
30  52  32  42  -3  23   0 0.08    M    M  8.8 21 130   M    M   7 13     25 130
31  62  37  50   5  15   0 0.00    M    M 13.5 31 330   M    M   5        39 330
================================================================================
SM 1675  844       749   0  0.42    M    308.3          M      128
================================================================================
AV 54.0 27.2                               9.9 FASTST   M    M   4    MAX(MPH)
                                 MISC ---->  # 44 320               # 54  330
================================================================================
NOTES:
# LAST OF SEVERAL OCCURRENCES

COLUMN 17 PEAK WIND IN M.P.H.

PRELIMINARY LOCAL CLIMATOLOGICAL DATA (WS FORM: F-6) , PAGE 2

                                          STATION:  MCCOOK NE
                                          MONTH:    MARCH
                                          YEAR:     2011
                                          LATITUDE:   40 13 N
                                          LONGITUDE: 100 35 W

[TEMPERATURE DATA]      [PRECIPITATION DATA]       SYMBOLS USED IN COLUMN 16

AVERAGE MONTHLY: 40.6   TOTAL FOR MONTH:   0.42    1 = FOG OR MIST
DPTR FM NORMAL:   0.6   DPTR FM NORMAL:   -0.99    2 = FOG REDUCING VISIBILITY
HIGHEST:    79 ON 16    GRTST 24HR  0.10 ON 29-29      TO 1/4 MILE OR LESS
LOWEST:     10 ON  9                               3 = THUNDER
                        SNOW, ICE PELLETS, HAIL    4 = ICE PELLETS
                        TOTAL MONTH:    M          5 = HAIL
                        GRTST 24HR    M  ON   M    6 = FREEZING RAIN OR DRIZZLE
                        GRTST DEPTH:  M  ON   M    7 = DUSTSTORM OR SANDSTORM:
                                                       VSBY 1/2 MILE OR LESS
                                                   8 = SMOKE OR HAZE
[NO. OF DAYS WITH]      [WEATHER - DAYS WITH]      9 = BLOWING SNOW
                                                   X = TORNADO
MAX 32 OR BELOW:   2    0.01 INCH OR MORE:   9
MAX 90 OR ABOVE:   0    0.10 INCH OR MORE:   1
MIN 32 OR BELOW:  25    0.50 INCH OR MORE:   0
MIN  0 OR BELOW:   0    1.00 INCH OR MORE:   0

[HDD (BASE 65) ]
TOTAL THIS MO.   749    CLEAR  (SCALE 0-3)  16
DPTR FM NORMAL   -26    PTCLDY (SCALE 4-7)   7
TOTAL FM JUL 1  5242    CLOUDY (SCALE 8-10)  8
DPTR FM NORMAL   -65

[CDD (BASE 65) ]
TOTAL THIS MO.     0
DPTR FM NORMAL     0    [PRESSURE DATA]
TOTAL FM JAN 1     0    HIGHEST SLP 30.48 ON  5
DPTR FM NORMAL     0    LOWEST  SLP 29.39 ON 22

[REMARKS]
#FINAL-03-11#
