000
CXUS53 KGLD 021608
CF6MCK
PRELIMINARY LOCAL CLIMATOLOGICAL DATA (WS FORM: F-6)

                                          STATION:   MCCOOK NE
                                          MONTH:     FEBRUARY
                                          YEAR:      2011
                                          LATITUDE:   40 13 N
                                          LONGITUDE: 100 35 W

  TEMPERATURE IN F:       :PCPN:    SNOW:  WIND      :SUNSHINE: SKY     :PK WND
================================================================================
1   2   3   4   5  6A  6B    7    8   9   10  11  12  13   14  15   16   17  18
                                     12Z  AVG MX 2MIN
DY MAX MIN AVG DEP HDD CDD  WTR  SNW DPTH SPD SPD DIR MIN PSBL S-S WX    SPD DR
================================================================================

 1   5  -8  -1 -29  66   0    T    M    M 22.1 32 340   M    M   7 8      43 350
 2  16  -9   4 -25  61   0 0.00    M    M  9.7 22 330   M    M   0        26 330
 3  35  -6  15 -14  50   0 0.00    M    M  8.0 15 250   M    M   1        20 260
 4  50  15  33   4  32   0 0.00    M    M  7.7 15 330   M    M   4        18 320
 5  51  27  39  10  26   0    T    M    M 13.7 32 320   M    M   6         M  M
 6  40  20  30   0  35   0    T    M    M 14.1 32 340   M    M   6        38 340
 7  35  11  23  -7  42   0    T    M    M 13.0 31  70   M    M   7 1      39  70
 8  11   0   6 -24  59   0 0.20    M    M 13.8 30  50   M    M  10 1      38  60
 9  18  -6   6 -24  59   0 0.00    M    M  8.8 15 240   M    M   2        18 240
10  35  -4  16 -15  49   0 0.00    M    M  9.6 17 280   M    M   0        21 280
11  44  12  28  -3  37   0 0.00    M    M 11.3 23 300   M    M   1        29 300
12  57  22  40   9  25   0 0.00    M    M  9.8 20 300   M    M   0        25 300
13  73  27  50  19  15   0 0.00    M    M 12.7 39 320   M    M   0        48 320
14  54  21  38   6  27   0 0.00    M    M  8.8 21 180   M    M   0        24 180
15  69  23  46  14  19   0 0.00    M    M  7.3 12 340   M    M   0        15 310
16  74  34  54  22  11   0 0.00    M    M  6.9 17 220   M    M   0        22 220
17  61  28  45  13  20   0 0.00    M    M 14.9 31 320   M    M   0        37 320
18  52  18  35   2  30   0 0.00    M    M  7.3 17 170   M    M   0        23 190
19  61  20  41   8  24   0 0.00    M    M  8.5 22  90   M    M   2 1      29  90
20  43  14  29  -4  36   0 0.09    M    M 16.5 28 330   M    M  10 123    33 340
21  32   9  21 -12  44   0 0.00    M    M 11.0 21 330   M    M   0        29 330
22  50  10  30  -4  35   0 0.00    M    M  9.9 26 190   M    M   0        32 190
23  56  18  37   3  28   0 0.00    M    M 10.0 22 360   M    M   0        28 360
24  27  16  22 -12  43   0    T    M    M 12.8 18  40   M    M   9 128    21  40
25  16   8  12 -23  53   0 0.01    M    M  8.6 16  10   M    M  10 18     18 360
26  26  10  18 -17  47   0    T    M    M  8.2 13 110   M    M  10 12     16 140
27  42  22  32  -3  33   0 0.00    M    M  8.5 22  50   M    M   5 12     25  30
28  62  13  38   3  27   0 0.00    M    M  8.6 24 210   M    M   0        28 200
================================================================================
SM 1195  365      1033   0  0.30    M    302.1          M       90
================================================================================
AV 42.7 13.0                              10.8 FASTST   M    M   3    MAX(MPH)
                                 MISC ---->  # 39 320               # 48  320
================================================================================
NOTES:
# LAST OF SEVERAL OCCURRENCES

COLUMN 17 PEAK WIND IN M.P.H.

PRELIMINARY LOCAL CLIMATOLOGICAL DATA (WS FORM: F-6) , PAGE 2

                                          STATION:  MCCOOK NE
                                          MONTH:    FEBRUARY
                                          YEAR:     2011
                                          LATITUDE:   40 13 N
                                          LONGITUDE: 100 35 W

[TEMPERATURE DATA]      [PRECIPITATION DATA]       SYMBOLS USED IN COLUMN 16

AVERAGE MONTHLY: 27.9   TOTAL FOR MONTH:   0.30    1 = FOG OR MIST
DPTR FM NORMAL:  -3.9   DPTR FM NORMAL:   -0.34    2 = FOG REDUCING VISIBILITY
HIGHEST:    74 ON 16    GRTST 24HR  0.20 ON  8- 8      TO 1/4 MILE OR LESS
LOWEST:     -9 ON  2                               3 = THUNDER
                        SNOW, ICE PELLETS, HAIL    4 = ICE PELLETS
                        TOTAL MONTH:    M          5 = HAIL
                        GRTST 24HR    M  ON   M    6 = FREEZING RAIN OR DRIZZLE
                        GRTST DEPTH:  M  ON   M    7 = DUSTSTORM OR SANDSTORM:
                                                       VSBY 1/2 MILE OR LESS
                                                   8 = SMOKE OR HAZE
[NO. OF DAYS WITH]      [WEATHER - DAYS WITH]      9 = BLOWING SNOW
                                                   X = TORNADO
MAX 32 OR BELOW:   8    0.01 INCH OR MORE:   3
MAX 90 OR ABOVE:   0    0.10 INCH OR MORE:   1
MIN 32 OR BELOW:  27    0.50 INCH OR MORE:   0
MIN  0 OR BELOW:   6    1.00 INCH OR MORE:   0

[HDD (BASE 65) ]
TOTAL THIS MO.  1033    CLEAR  (SCALE 0-3)  17
DPTR FM NORMAL   103    PTCLDY (SCALE 4-7)   6
TOTAL FM JUL 1  4493    CLOUDY (SCALE 8-10)  5
DPTR FM NORMAL   -39

[CDD (BASE 65) ]
TOTAL THIS MO.     0
DPTR FM NORMAL     0    [PRESSURE DATA]
TOTAL FM JAN 1     0    HIGHEST SLP 30.86 ON  2
DPTR FM NORMAL     0    LOWEST  SLP 29.39 ON 17

[REMARKS]
#FINAL-02-11#
