000
CXUS53 KGLD 010800
CF6MCK
PRELIMINARY LOCAL CLIMATOLOGICAL DATA (WS FORM: F-6)

                                          STATION:   MCCOOK NE
                                          MONTH:     NOVEMBER
                                          YEAR:      2015
                                          LATITUDE:   40 13 N
                                          LONGITUDE: 100 35 W

  TEMPERATURE IN F:       :PCPN:    SNOW:  WIND      :SUNSHINE: SKY     :PK WND
================================================================================
1   2   3   4   5  6A  6B    7    8   9   10  11  12  13   14  15   16   17  18
                                     12Z  AVG MX 2MIN
DY MAX MIN AVG DEP HDD CDD  WTR  SNW DPTH SPD SPD DIR MIN PSBL S-S WX    SPD DR
================================================================================

 1  79  39  59  14   6   0 0.00    M    M  9.8 20 220   M    M   0        25 210
 2  77  38  58  13   7   0 0.00    M    M  7.4 18 160   M    M   0        22 140
 3  79  39  59  15   6   0 0.00    M    M  9.3 24 200   M    M   1 12     32 190
 4  80  49  65  21   0   0 0.16    M    M 16.3 30 160   M    M   0 13     38 210
 5  51  34  43   0  22   0    T    M    M  9.9 22 330   M    M   7 1      27 320
 6  49  31  40  -3  25   0    T    M    M  8.9 18 340   M    M   5 1      22 350
 7  57  26  42   0  23   0 0.00    M    M  8.9 17 210   M    M   0        22 210
 8  64  35  50   8  15   0 0.00    M    M 14.0 30 190   M    M   0        37 190
 9  62  31  47   6  18   0 0.00    M    M  9.5 22 180   M    M   0        26 180
10  52  31  42   1  23   0 0.00    M    M  5.2 16  30   M    M   7 12     20  30
11  45  32  39  -1  26   0 0.33    M    M 19.3 35 320   M    M   7 12     43 330
12  53  28  41   1  24   0 0.00    M    M 11.5 21 330   M    M   0        24 300
13  59  25  42   3  23   0 0.00    M    M  5.1 12 230   M    M   0        12 230
14  64  26  45   6  20   0 0.00    M    M  6.4 13 170   M    M   0        19 180
15  61  30  46   8  19   0 0.00    M    M  7.7 20 160   M    M   2 1      24 160
16  71  44  58  20   7   0 0.63    M    M 10.8 36 240   M    M   5 138    47 260
17  49  31  40   3  25   0 1.57    M    M 27.3 45 350   M    M   9 12     56 350
18  48  21  35  -2  30   0 0.07    M    M 14.2 32 310   M    M   4 1      41 310
19  40  22  31  -5  34   0 0.00    M    M  7.1 13 290   M    M   4        15 290
20  46  28  37   1  28   0 0.00    M    M 16.7 37  10   M    M   6        45  10
21  33  20  27  -8  38   0 0.00    M    M 11.3 21 320   M    M   2        24 320
22  57  21  39   4  26   0 0.00    M    M  9.5 15 270   M    M   0        19 250
23  61  26  44  10  21   0 0.00    M    M  5.7 15 260   M    M   0        18 260
24  51  23  37   3  28   0 0.00    M    M  2.8 12 180   M    M   0        13 180
25  43  23  33  -1  32   0 0.00    M    M 10.8 23  20   M    M   6 12     28  20
26  33  22  28  -5  37   0 0.01    M    M 16.1 24  10   M    M  10 168    30 360
27  26  19  23 -10  42   0    T    M    M 10.6 18 360   M    M  10 18     22 360
28  29  25  27  -5  38   0    T    M    M  3.7  9  30   M    M  10        10  30
29  32  26  29  -3  36   0 0.00    M    M  1.3  8 230   M    M  10         9 230
30  35  24  30  -1  35   0 0.02    M    M  8.6 23 290   M    M   7 18     26 280
================================================================================
SM 1586  869       714   0  2.79    M    305.7          M      112
================================================================================
AV 52.9 29.0                              10.2 FASTST   M    M   4    MAX(MPH)
                                 MISC ---->  # 45 350               # 56  350
================================================================================
NOTES:
# LAST OF SEVERAL OCCURRENCES

COLUMN 17 PEAK WIND IN M.P.H.

PRELIMINARY LOCAL CLIMATOLOGICAL DATA (WS FORM: F-6) , PAGE 2

                                          STATION:  MCCOOK NE
                                          MONTH:    NOVEMBER
                                          YEAR:     2015
                                          LATITUDE:   40 13 N
                                          LONGITUDE: 100 35 W

[TEMPERATURE DATA]      [PRECIPITATION DATA]       SYMBOLS USED IN COLUMN 16

AVERAGE MONTHLY: 40.9   TOTAL FOR MONTH:   2.79    1 = FOG OR MIST
DPTR FM NORMAL:   2.7   DPTR FM NORMAL:    1.84    2 = FOG REDUCING VISIBILITY
HIGHEST:    80 ON  4    GRTST 24HR  1.67 ON 16-17      TO 1/4 MILE OR LESS
LOWEST:     19 ON 27                               3 = THUNDER
                        SNOW, ICE PELLETS, HAIL    4 = ICE PELLETS
                        TOTAL MONTH:    M          5 = HAIL
                        GRTST 24HR    M  ON   M    6 = FREEZING RAIN OR DRIZZLE
                        GRTST DEPTH:  M  ON   M    7 = DUSTSTORM OR SANDSTORM:
                                                       VSBY 1/2 MILE OR LESS
                                                   8 = SMOKE OR HAZE
[NO. OF DAYS WITH]      [WEATHER - DAYS WITH]      9 = BLOWING SNOW
                                                   X = TORNADO
MAX 32 OR BELOW:   3    0.01 INCH OR MORE:   7
MAX 90 OR ABOVE:   0    0.10 INCH OR MORE:   4
MIN 32 OR BELOW:  23    0.50 INCH OR MORE:   2
MIN  0 OR BELOW:   0    1.00 INCH OR MORE:   1

[HDD (BASE 65) ]
TOTAL THIS MO.   714    CLEAR  (SCALE 0-3)  15
DPTR FM NORMAL   -90    PTCLDY (SCALE 4-7)  10
TOTAL FM JUL 1   976    CLOUDY (SCALE 8-10)  5
DPTR FM NORMAL  -387

[CDD (BASE 65) ]
TOTAL THIS MO.     0
DPTR FM NORMAL     0    [PRESSURE DATA]
TOTAL FM JAN 1  1255    HIGHEST SLP M ON M
DPTR FM NORMAL   299    LOWEST  SLP 29.29 ON 16

[REMARKS]
#FINAL-11-15#
