000
CXUS53 KGLD 010800
CF6MCK
PRELIMINARY LOCAL CLIMATOLOGICAL DATA (WS FORM: F-6)

                                          STATION:   MCCOOK NE
                                          MONTH:     JANUARY
                                          YEAR:      2016
                                          LATITUDE:   40 13 N
                                          LONGITUDE: 100 35 W

  TEMPERATURE IN F:       :PCPN:    SNOW:  WIND      :SUNSHINE: SKY     :PK WND
================================================================================
1   2   3   4   5  6A  6B    7    8   9   10  11  12  13   14  15   16   17  18
                                     12Z  AVG MX 2MIN
DY MAX MIN AVG DEP HDD CDD  WTR  SNW DPTH SPD SPD DIR MIN PSBL S-S WX    SPD DR
================================================================================

 1  43  11  27   0  38   0 0.00    M    M 12.7 22 270   M    M   0        27 270
 2  49  13  31   4  34   0 0.00    M    M 11.4 20 320   M    M   0        23 330
 3  47  15  31   4  34   0 0.00    M    M  5.6 13 280   M    M   0        14 280
 4  44  13  29   2  36   0 0.00    M    M  9.0 22 140   M    M   0        27 140
 5  50  19  35   8  30   0 0.00    M    M 11.1 28 180   M    M   1 1      33 190
 6  38  34  36   9  29   0 0.00    M    M  4.9 13 160   M    M  10 128    16 160
 7  36  31  34   7  31   0    T    M    M  6.7 13 360   M    M  10 12     14  10
 8  31  18  25  -2  40   0    T    M    M 11.9 21 340   M    M  10 18     23 340
 9  26   8  17 -10  48   0    T    M    M  9.8 20 350   M    M   6 1      23 350
10  43   2  23  -4  42   0 0.00    M    M  6.9 20 310   M    M   2 8      26 320
11  47  19  33   6  32   0 0.00    M    M 14.3 31 310   M    M   2 8      38 310
12  48  15  32   5  33   0 0.00    M    M  7.0 13 280   M    M   0        16 290
13  60  21  41  14  24   0 0.00    M    M 10.8 20 250   M    M   1        24 260
14  57  21  39  12  26   0 0.00    M    M 15.0 40 310   M    M   0        49 310
15  45  22  34   7  31   0 0.00    M    M  7.2 14 320   M    M   7        18 320
16  42  20  31   4  34   0 0.00    M    M  8.4 23 320   M    M   5 1      27 320
17  20   9  15 -12  50   0    T    M    M  6.4 18  40   M    M  10 18     21  40
18  31   9  20  -7  45   0 0.00    M    M  7.9 16 140   M    M   7 1      21 140
19  38  20  29   2  36   0 0.02    M    M  6.7 16 120   M    M   7 18     19 120
20  36  21  29   2  36   0 0.00    M    M  7.6 17 150   M    M   7 128    22 150
21  35  17  26  -1  39   0    T    M    M 13.1 24 340   M    M   8 18     29 350
22  32  21  27   0  38   0 0.00    M    M  5.4 16 180   M    M   9 1      20 190
23  51  26  39  12  26   0 0.00    M    M  6.9 17 190   M    M   5 18     21 180
24  50  23  37   9  28   0 0.00    M    M  4.7 14 350   M    M   0 18     16 350
25  43  24  34   6  31   0    T    M    M 17.0 35 330   M    M   7 18     44 330
26  48  17  33   5  32   0 0.00    M    M  8.6 18 280   M    M   0        24 280
27  59  18  39  11  26   0 0.00    M    M 11.6 25 340   M    M   0        32 330
28  65  28  47  19  18   0 0.00    M    M 12.2 24 310   M    M   0        29 310
29  61  25  43  15  22   0 0.00    M    M 13.3 38 320   M    M   0        47 320
30  56  29  43  15  22   0    T    M    M  9.8 22 350   M    M   1        28 190
31  49  31  40  12  25   0 0.00    M    M 10.6 22 330   M    M   5        26 320
================================================================================
SM 1380  600      1016   0  0.02    M    294.5          M      120
================================================================================
AV 44.5 19.4                               9.5 FASTST   M    M   4    MAX(MPH)
                                 MISC ---->  # 40 310               # 49  310
================================================================================
NOTES:
# LAST OF SEVERAL OCCURRENCES

COLUMN 17 PEAK WIND IN M.P.H.

PRELIMINARY LOCAL CLIMATOLOGICAL DATA (WS FORM: F-6) , PAGE 2

                                          STATION:  MCCOOK NE
                                          MONTH:    JANUARY
                                          YEAR:     2016
                                          LATITUDE:   40 13 N
                                          LONGITUDE: 100 35 W

[TEMPERATURE DATA]      [PRECIPITATION DATA]       SYMBOLS USED IN COLUMN 16

AVERAGE MONTHLY: 31.9   TOTAL FOR MONTH:   0.02    1 = FOG OR MIST
DPTR FM NORMAL:   4.7   DPTR FM NORMAL:   -0.49    2 = FOG REDUCING VISIBILITY
HIGHEST:    65 ON 28    GRTST 24HR  0.02 ON 19-19      TO 1/4 MILE OR LESS
LOWEST:      2 ON 10                               3 = THUNDER
                        SNOW, ICE PELLETS, HAIL    4 = ICE PELLETS
                        TOTAL MONTH:    M          5 = HAIL
                        GRTST 24HR    M  ON   M    6 = FREEZING RAIN OR DRIZZLE
                        GRTST DEPTH:  M  ON   M    7 = DUSTSTORM OR SANDSTORM:
                                                       VSBY 1/2 MILE OR LESS
                                                   8 = SMOKE OR HAZE
[NO. OF DAYS WITH]      [WEATHER - DAYS WITH]      9 = BLOWING SNOW
                                                   X = TORNADO
MAX 32 OR BELOW:   5    0.01 INCH OR MORE:   1
MAX 90 OR ABOVE:   0    0.10 INCH OR MORE:   0
MIN 32 OR BELOW:  30    0.50 INCH OR MORE:   0
MIN  0 OR BELOW:   0    1.00 INCH OR MORE:   0

[HDD (BASE 65) ]
TOTAL THIS MO.  1016    CLEAR  (SCALE 0-3)  16
DPTR FM NORMAL  -155    PTCLDY (SCALE 4-7)  10
TOTAL FM JUL 1  2975    CLOUDY (SCALE 8-10)  5
DPTR FM NORMAL  -706

[CDD (BASE 65) ]
TOTAL THIS MO.     0
DPTR FM NORMAL     0    [PRESSURE DATA]
TOTAL FM JAN 1     0    HIGHEST SLP M ON M
DPTR FM NORMAL     0    LOWEST  SLP 29.40 ON 30

[REMARKS]
#FINAL-01-16#
