000
CXUS53 KGLD 010800
CF6MCK
PRELIMINARY LOCAL CLIMATOLOGICAL DATA (WS FORM: F-6)

                                          STATION:   MCCOOK NE
                                          MONTH:     JANUARY
                                          YEAR:      2014
                                          LATITUDE:   40 13 N
                                          LONGITUDE: 100 35 W

  TEMPERATURE IN F:       :PCPN:    SNOW:  WIND      :SUNSHINE: SKY     :PK WND
================================================================================
1   2   3   4   5  6A  6B    7    8   9   10  11  12  13   14  15   16   17  18
                                     12Z  AVG MX 2MIN
DY MAX MIN AVG DEP HDD CDD  WTR  SNW DPTH SPD SPD DIR MIN PSBL S-S WX    SPD DR
================================================================================

 1  25  18  22  -5  43   0 0.01    M    M  9.3 23  20   M    M   9 128    27  20
 2  41  15  28   1  37   0 0.00    M    M  7.6 17 140   M    M   2        22 140
 3  66  11  39  12  26   0 0.00    M    M  8.3 23 360   M    M   2 1      29 360
 4  46  14  30   3  35   0    T    M    M 14.7 32 360   M    M   6 8      39  10
 5  17  -8   5 -22  60   0    T    M    M 11.2 22 350   M    M   6 8      30 360
 6  20 -12   4 -23  61   0 0.00    M    M  7.8 14 280   M    M   1        19 270
 7  50  14  32   5  33   0 0.00    M    M  9.5 18 270   M    M   1 8      24  70
 8  31  20  26  -1  39   0 0.00    M    M  9.0 18  70   M    M  10 1      23  70
 9  39  11  25  -2  40   0 0.00    M    M  9.3 21 160   M    M   2 18     26 160
10  41  24  33   6  32   0    T    M    M 10.4 31 330   M    M   8 18     36 330
11  56  27  42  15  23   0 0.00    M    M 12.7 21 210   M    M   1        25 220
12  54  31  43  16  22   0 0.00    M    M 11.7 26 290   M    M   2        34 320
13  56  22  39  12  26   0 0.00    M    M 13.9 26 290   M    M   3        32 290
14  47  23  35   8  30   0    T    M    M 19.2 43 340   M    M   3 8      51 340
15  60  22  41  14  24   0 0.00    M    M 12.4 28 280   M    M   5        36 290
16  47  25  36   9  29   0 0.00    M    M 26.7 48 320   M    M   2 8      59 320
17  48  17  33   6  32   0 0.00    M    M  9.8 16 280   M    M   1        21 260
18  50  23  37  10  28   0 0.00    M    M 18.6 41 330   M    M   0        54 330
19  68  21  45  18  20   0 0.00    M    M 11.4 26 310   M    M   0        31 300
20  52  17  35   8  30   0 0.00    M    M 15.5 40 320   M    M   1        48 320
21  60   6  33   6  32   0 0.00    M    M  9.9 37 320   M    M   1        43 310
22  39   9  24  -3  41   0 0.00    M    M 12.7 29  30   M    M   5        33  40
23  23  -2  11 -16  54   0 0.00    M    M  9.8 18  50   M    M   1        22 250
24  59   5  32   4  33   0 0.00    M    M 15.8 39 320   M    M   2        46 320
25  58  37  48  20  17   0 0.00    M    M 12.9 23 340   M    M   0        28 340
26  60  16  38  10  27   0 0.00    M    M 19.1 47  10   M    M   3 8      61 360
27  20   7  14 -14  51   0 0.00    M    M  7.2 25 350   M    M   7        31 350
28  29  -2  14 -14  51   0 0.00    M    M 10.2 22 310   M    M   1        27 300
29  58   2  30   2  35   0 0.00    M    M 11.6 23 210   M    M   1        28 220
30  52  22  37   9  28   0 0.06    M    M 14.0 31 360   M    M   4 1      37 320
31  22  16  19  -9  46   0 0.13    M    M  6.7 17  60   M    M  10 1      20  50
================================================================================
SM 1394  451      1085   0  0.20    M    378.9          M      100
================================================================================
AV 45.0 14.5                              12.2 FASTST   M    M   3    MAX(MPH)
                                 MISC ---->  # 48 320               # 61  360
================================================================================
NOTES:
# LAST OF SEVERAL OCCURRENCES

COLUMN 17 PEAK WIND IN M.P.H.

PRELIMINARY LOCAL CLIMATOLOGICAL DATA (WS FORM: F-6) , PAGE 2

                                          STATION:  MCCOOK NE
                                          MONTH:    JANUARY
                                          YEAR:     2014
                                          LATITUDE:   40 13 N
                                          LONGITUDE: 100 35 W

[TEMPERATURE DATA]      [PRECIPITATION DATA]       SYMBOLS USED IN COLUMN 16

AVERAGE MONTHLY: 29.8   TOTAL FOR MONTH:   0.20    1 = FOG OR MIST
DPTR FM NORMAL:   2.6   DPTR FM NORMAL:   -0.31    2 = FOG REDUCING VISIBILITY
HIGHEST:    68 ON 19    GRTST 24HR  0.19 ON 30-31      TO 1/4 MILE OR LESS
LOWEST:    -12 ON  6                               3 = THUNDER
                        SNOW, ICE PELLETS, HAIL    4 = ICE PELLETS
                        TOTAL MONTH:    M          5 = HAIL
                        GRTST 24HR    M  ON   M    6 = FREEZING RAIN OR DRIZZLE
                        GRTST DEPTH:  M  ON   M    7 = DUSTSTORM OR SANDSTORM:
                                                       VSBY 1/2 MILE OR LESS
                                                   8 = SMOKE OR HAZE
[NO. OF DAYS WITH]      [WEATHER - DAYS WITH]      9 = BLOWING SNOW
                                                   X = TORNADO
MAX 32 OR BELOW:   8    0.01 INCH OR MORE:   3
MAX 90 OR ABOVE:   0    0.10 INCH OR MORE:   1
MIN 32 OR BELOW:  30    0.50 INCH OR MORE:   0
MIN  0 OR BELOW:   4    1.00 INCH OR MORE:   0

[HDD (BASE 65) ]
TOTAL THIS MO.  1085    CLEAR  (SCALE 0-3)  19
DPTR FM NORMAL   -86    PTCLDY (SCALE 4-7)   9
TOTAL FM JUL 1  3413    CLOUDY (SCALE 8-10)  3
DPTR FM NORMAL  -268

[CDD (BASE 65) ]
TOTAL THIS MO.     0
DPTR FM NORMAL     0    [PRESSURE DATA]
TOTAL FM JAN 1     0    HIGHEST SLP M ON M
DPTR FM NORMAL     0    LOWEST  SLP 29.39 ON 30

[REMARKS]
#FINAL-01-14#
