000
CXUS53 KGLD 020553
CF6MCK
PRELIMINARY LOCAL CLIMATOLOGICAL DATA (WS FORM: F-6)

                                          STATION:   MCCOOK NE
                                          MONTH:     MAY
                                          YEAR:      2011
                                          LATITUDE:   40 13 N
                                          LONGITUDE: 100 35 W

  TEMPERATURE IN F:       :PCPN:    SNOW:  WIND      :SUNSHINE: SKY     :PK WND
================================================================================
1   2   3   4   5  6A  6B    7    8   9   10  11  12  13   14  15   16   17  18
                                     12Z  AVG MX 2MIN
DY MAX MIN AVG DEP HDD CDD  WTR  SNW DPTH SPD SPD DIR MIN PSBL S-S WX    SPD DR
================================================================================

 1  63  29  46  -9  19   0 0.00    M    M  6.8 20  50   M    M   1        24 340
 2  58  36  47  -9  18   0    T    M    M  7.1 25 350   M    M   3        30 350
 3  72  28  50  -6  15   0 0.00    M    M  7.7 22 140   M    M   1        26 130
 4  73  44  59   3   6   0 0.01    M    M 11.0 28 310   M    M   2        35 320
 5  69  37  53  -4  12   0    T    M    M 10.2 24 330   M    M   2        32 350
 6  84  45  65   8   0   0 0.00    M    M 11.9 30 330   M    M   0        36 350
 7  83  47  65   8   0   0 0.00    M    M  9.5 20 140   M    M   0        25 140
 8  93  52  73  15   0   8 0.00    M    M  8.4 22  90   M    M   1 8      28  90
 9  94  41  68  10   0   3 0.00    M    M  9.2 24 210   M    M   0        35 220
10  85  46  66   8   0   1 0.00    M    M  9.0 26 300   M    M   0        35 300
11  71  53  62   3   3   0 0.55    M    M 17.2 31  40   M    M   6 13     39  50
12  62  44  53  -6  12   0 2.59    M    M 19.8 33 350   M    M  10 13     45 350
13  62  36  49 -10  16   0 0.00    M    M 16.1 28 340   M    M   6        35 360
14  56  37  47 -13  18   0 0.00    M    M 15.5 33 330   M    M   7        38 360
15  55  36  46 -14  19   0 0.00    M    M 10.8 22 340   M    M   7        26 340
16  69  31  50 -10  15   0 0.00    M    M  9.0 21 120   M    M   0 1      29 120
17  69  45  57  -4   8   0 0.27    M    M 16.2 31  10   M    M   2 38     68  60
18  50  47  49 -12  16   0 0.50    M    M 13.7 23 100   M    M  10 13     30 110
19  63  49  56  -5   9   0 0.29    M    M 14.2 35  70   M    M  10 12     41  70
20  73  47  60  -2   5   0 0.01    M    M  6.8 14 260   M    M   5 12     17 290
21  76  47  62   0   3   0 0.00    M    M  8.9 26 320   M    M   2        31 310
22  79  56  68   5   0   3 0.00    M    M 13.8 25 310   M    M   1        33 300
23  81  50  66   3   0   1 0.24    M    M  7.6 32 310   M    M   2 138    43 300
24  74  54  64   1   1   0 1.03    M    M 14.5 28  50   M    M   6 13     33  40
25  63  43  53 -11  12   0 0.60    M    M 21.0 36 360   M    M   7 1      45 360
26  69  37  53 -11  12   0 0.00    M    M 10.2 23 150   M    M   0 3      31 170
27  76  49  63  -1   2   0 0.00    M    M  9.4 23 320   M    M   1        29 320
28  73  51  62  -3   3   0    T    M    M  5.9 21 330   M    M   7 3      24 330
29  75  58  67   2   0   2 0.00    M    M 12.4 25  50   M    M   8 18     31  60
30  95  48  72   6   0   7 0.00    M    M 22.7 43 320   M    M   0 8      53 310
31  80  42  61  -5   4   0 0.00    M    M  9.3 24 280   M    M   0        35 290
================================================================================
SM 2245 1365       228  25  6.09    M    365.8          M      107
================================================================================
AV 72.4 44.0                              11.8 FASTST   M    M   3    MAX(MPH)
                                 MISC ---->  # 43 320               # 68   60
================================================================================
NOTES:
# LAST OF SEVERAL OCCURRENCES

COLUMN 17 PEAK WIND IN M.P.H.

PRELIMINARY LOCAL CLIMATOLOGICAL DATA (WS FORM: F-6) , PAGE 2

                                          STATION:  MCCOOK NE
                                          MONTH:    MAY
                                          YEAR:     2011
                                          LATITUDE:   40 13 N
                                          LONGITUDE: 100 35 W

[TEMPERATURE DATA]      [PRECIPITATION DATA]       SYMBOLS USED IN COLUMN 16

AVERAGE MONTHLY: 58.2   TOTAL FOR MONTH:   6.09    1 = FOG OR MIST
DPTR FM NORMAL:  -2.3   DPTR FM NORMAL:    2.83    2 = FOG REDUCING VISIBILITY
HIGHEST:    95 ON 30    GRTST 24HR  3.02 ON 11-12      TO 1/4 MILE OR LESS
LOWEST:     28 ON  3                               3 = THUNDER
                        SNOW, ICE PELLETS, HAIL    4 = ICE PELLETS
                        TOTAL MONTH:    M          5 = HAIL
                        GRTST 24HR    M  ON   M    6 = FREEZING RAIN OR DRIZZLE
                        GRTST DEPTH:  M  ON   M    7 = DUSTSTORM OR SANDSTORM:
                                                       VSBY 1/2 MILE OR LESS
                                                   8 = SMOKE OR HAZE
[NO. OF DAYS WITH]      [WEATHER - DAYS WITH]      9 = BLOWING SNOW
                                                   X = TORNADO
MAX 32 OR BELOW:   0    0.01 INCH OR MORE:  10
MAX 90 OR ABOVE:   3    0.10 INCH OR MORE:   8
MIN 32 OR BELOW:   3    0.50 INCH OR MORE:   5
MIN  0 OR BELOW:   0    1.00 INCH OR MORE:   2

[HDD (BASE 65) ]
TOTAL THIS MO.   228    CLEAR  (SCALE 0-3)  18
DPTR FM NORMAL    40    PTCLDY (SCALE 4-7)  10
TOTAL FM JUL 1  5903    CLOUDY (SCALE 8-10)  3
DPTR FM NORMAL   -34

[CDD (BASE 65) ]
TOTAL THIS MO.    25
DPTR FM NORMAL   -22    [PRESSURE DATA]
TOTAL FM JAN 1    29    HIGHEST SLP M ON M
DPTR FM NORMAL   -22    LOWEST  SLP 29.30 ON  9

[REMARKS]
#FINAL-05-11#
