000
CXUS53 KGLD 020852
CF6MCK
PRELIMINARY LOCAL CLIMATOLOGICAL DATA (WS FORM: F-6)

                                          STATION:   MCCOOK NE
                                          MONTH:     JANUARY
                                          YEAR:      2011
                                          LATITUDE:   40 13 N
                                          LONGITUDE: 100 35 W

  TEMPERATURE IN F:       :PCPN:    SNOW:  WIND      :SUNSHINE: SKY     :PK WND
================================================================================
1   2   3   4   5  6A  6B    7    8   9   10  11  12  13   14  15   16   17  18
                                     12Z  AVG MX 2MIN
DY MAX MIN AVG DEP HDD CDD  WTR  SNW DPTH SPD SPD DIR MIN PSBL S-S WX    SPD DR
================================================================================

 1  22   0  11 -15  54   0 0.00    M    M 10.5 25 310   M    M   0        31 300
 2  36  -3  17  -9  48   0 0.00    M    M  7.9 16 270   M    M   0        21 270
 3  38   2  20  -6  45   0 0.00    M    M  7.7 16 340   M    M   3        21 350
 4  40   5  23  -3  42   0 0.00    M    M  6.2 12 260   M    M   0        14 260
 5  43  12  28   2  37   0 0.00    M    M 11.7 26 320   M    M   1        32 320
 6  51  22  37  11  28   0 0.00    M    M 14.6 26 310   M    M   2        32 310
 7  46  18  32   6  33   0 0.00    M    M 16.9 35 330   M    M   4        44 340
 8  31  12  22  -4  43   0 0.00    M    M 10.4 20 130   M    M   6        23 120
 9  22  15  19  -7  46   0 0.13    M    M  8.2 16 340   M    M  10 128    20 340
10  15  -5   5 -21  60   0 0.01    M    M 15.7 28 340   M    M   6 18     35 340
11  15 -12   2 -24  63   0 0.00    M    M 10.6 22 310   M    M   0        26 310
12  14 -13   1 -25  64   0 0.00    M    M  6.8 13 180   M    M   0        18 180
13  48   5  27   1  38   0 0.00    M    M  6.3 15 270   M    M   0        30 160
14  54  20  37  11  28   0 0.00    M    M  6.2 16 290   M    M   4 1      21 290
15  34  18  26   0  39   0 0.00    M    M  7.4 15  70   M    M   6 1      17  70
16  40  18  29   3  36   0 0.00    M    M  6.9 13 220   M    M   7 18     17 230
17  59  27  43  17  22   0 0.01    M    M 11.6 24 110   M    M   5         M  M
18  41  23  32   6  33   0    T    M    M  5.9  M   M   M    M   8 1       M  M
19  23   8  16 -10  49   0    T    M    M 11.2 20  60   M    M  10 1      24 110
20  31   2  17  -9  48   0 0.00    M    M  6.4 14 200   M    M   1        17 210
21  45  24  35   9  30   0 0.00    M    M 11.8 30 340   M    M   6        39 320
22  51  17  34   8  31   0    T    M    M 13.6 39 330   M    M   5        48 340
23  42  15  29   2  36   0 0.00    M    M 10.2 24 350   M    M   3        29 340
24  44  16  30   3  35   0    T    M    M  9.4 24 330   M    M   4        35 330
25  51  14  33   6  32   0 0.00    M    M 10.8 20 330   M    M   1        23 330
26  51  21  36   9  29   0 0.00    M    M  8.9 17 350   M    M   1        22 290
27  60  29  45  18  20   0 0.00    M    M 13.9 31 320   M    M   2        37 320
28  67  27  47  20  18   0 0.00    M    M  9.9 20 320   M    M   0        23 330
29  58  19  39  11  26   0 0.00    M    M  6.8 26  20   M    M   2        35  10
30  29  18  24  -4  41   0 0.00    M    M  9.6 15  80   M    M   7 1      18  90
31  18   1  10 -18  55   0    T    M    M 17.6 29 330   M    M  10 18     38 350
================================================================================
SM 1219  375      1209   0  0.15    M    311.6          M      114
================================================================================
AV 39.3 12.1                              10.1 FASTST   M    M   4    MAX(MPH)
                                 MISC ---->  # 39 330               # 48  340
================================================================================
NOTES:
# LAST OF SEVERAL OCCURRENCES

COLUMN 17 PEAK WIND IN M.P.H.

PRELIMINARY LOCAL CLIMATOLOGICAL DATA (WS FORM: F-6) , PAGE 2

                                          STATION:  MCCOOK NE
                                          MONTH:    JANUARY
                                          YEAR:     2011
                                          LATITUDE:   40 13 N
                                          LONGITUDE: 100 35 W

[TEMPERATURE DATA]      [PRECIPITATION DATA]       SYMBOLS USED IN COLUMN 16

AVERAGE MONTHLY: 25.7   TOTAL FOR MONTH:   0.15    1 = FOG OR MIST
DPTR FM NORMAL:  -0.7   DPTR FM NORMAL:   -0.35    2 = FOG REDUCING VISIBILITY
HIGHEST:    67 ON 28    GRTST 24HR  0.14 ON  9-10      TO 1/4 MILE OR LESS
LOWEST:    -13 ON 12                               3 = THUNDER
                        SNOW, ICE PELLETS, HAIL    4 = ICE PELLETS
                        TOTAL MONTH:    M          5 = HAIL
                        GRTST 24HR    M  ON   M    6 = FREEZING RAIN OR DRIZZLE
                        GRTST DEPTH:  M  ON   M    7 = DUSTSTORM OR SANDSTORM:
                                                       VSBY 1/2 MILE OR LESS
                                                   8 = SMOKE OR HAZE
[NO. OF DAYS WITH]      [WEATHER - DAYS WITH]      9 = BLOWING SNOW
                                                   X = TORNADO
MAX 32 OR BELOW:  10    0.01 INCH OR MORE:   3
MAX 90 OR ABOVE:   0    0.10 INCH OR MORE:   1
MIN 32 OR BELOW:  31    0.50 INCH OR MORE:   0
MIN  0 OR BELOW:   5    1.00 INCH OR MORE:   0

[HDD (BASE 65) ]
TOTAL THIS MO.  1209    CLEAR  (SCALE 0-3)  16
DPTR FM NORMAL    10    PTCLDY (SCALE 4-7)  12
TOTAL FM JUL 1  3460    CLOUDY (SCALE 8-10)  3
DPTR FM NORMAL  -142

[CDD (BASE 65) ]
TOTAL THIS MO.     0
DPTR FM NORMAL     0    [PRESSURE DATA]
TOTAL FM JAN 1     0    HIGHEST SLP 30.89 ON 12
DPTR FM NORMAL     0    LOWEST  SLP 29.56 ON 17

[REMARKS]
#FINAL-01-11#
