439
CXUS53 KGLD 010900
CF6MCK
PRELIMINARY LOCAL CLIMATOLOGICAL DATA (WS FORM: F-6)
STATION: MCCOOK NE
MONTH: OCTOBER
YEAR: 2020
LATITUDE: 40 13 N
LONGITUDE: 100 35 W
TEMPERATURE IN F: :PCPN: SNOW: WIND :SUNSHINE: SKY :PK WND
================================================================================
1 2 3 4 5 6A 6B 7 8 9 10 11 12 13 14 15 16 17 18
12Z AVG MX 2MIN
DY MAX MIN AVG DEP HDD CDD WTR SNW DPTH SPD SPD DIR MIN PSBL S-S WX SPD DR
================================================================================
1 66 38 52 -5 13 0 0.00 M M 8.7 23 330 M M 2 8 31 340
2 74 33 54 -3 11 0 0.00 M M 5.8 37 360 M M 1 8 46 360
3 70 46 58 2 7 0 0.00 M M 11.7 23 340 M M 0 8 32 340
4 84 33 59 3 6 0 0.00 M M 6.8 20 190 M M 0 8 28 190
5 92 46 69 13 0 4 0.00 M M 10.9 21 360 M M 0 8 28 360
6 91 41 66 11 0 1 0.00 M M 8.3 18 220 M M 0 8 25 220
7 87 41 64 9 1 0 0.00 M M 8.1 17 60 M M 0 8 21 60
8 88 46 67 13 0 2 0.00 M M 8.5 20 180 M M 0 18 26 160
9 95 42 69 15 0 4 0.00 M M 7.0 16 10 M M 0 8 23 340
10 83 41 62 8 3 0 0.00 M M 7.1 18 90 M M 0 8 25 80
11 88 47 68 15 0 3 0.00 M M 15.1 52 330 M M 2 18 69 330
12 79 33 56 3 9 0 0.00 M M 11.5 26 240 M M 0 35 220
13 73 45 59 7 6 0 0.00 M M 9.8 22 40 M M 0 8 28 50
14 69 47 58 6 7 0 0.00 M M 13.9 30 360 M M 1 39 350
15 58 36 47 -5 18 0 0.00 M M 12.3 25 350 M M 3 32 340
16 66 35 51 0 14 0 0.00 M M 9.4 26 210 M M 4 35 210
17 72 38 55 4 10 0 0.01 M M 9.8 25 30 M M 1 33 60
18 43 34 39 -12 26 0 0.00 M M 10.5 23 30 M M 8 29 30
19 54 32 43 -7 22 0 0.00 M M 9.0 15 110 M M 5 20 120
20 66 33 50 0 15 0 0.00 M M 7.6 17 210 M M 1 22 220
21 51 39 45 -5 20 0 0.00 M M 10.4 20 110 M M 7 18 26 120
22 46 31 39 -10 26 0 T M M 16.0 28 350 M M 10 1 37 350
23 33 21 27 -22 38 0 0.00 M M 13.1 28 360 M M 8 38 360
24 36 21 29 -19 36 0 0.00 M M 11.2 18 110 M M 6 23 160
25 31 18 25 -23 40 0 T M M 14.8 24 20 M M 10 168 30 30
26 21 11 16 -32 49 0 0.09 M M 8.3 20 360 M M 8 18 27 360
27 33 2 18 -29 47 0 0.00 M M 8.4 15 240 M M 0 19 240
28 56 18 37 -10 28 0 0.00 M M 9.5 21 350 M M 0 26 10
29 59 29 44 -2 21 0 0.00 M M 8.1 21 340 M M 2 12 29 340
30 71 30 51 5 14 0 0.00 M M 7.4 15 160 M M 0 21 160
31 67 31 49 3 16 0 0.00 M M 13.5 29 340 M M 0 1 38 340
================================================================================
SM 2002 1038 503 14 0.10 M 312.5 M 79
================================================================================
AV 64.6 33.5 10.1 FASTST M M 3 MAX(MPH)
MISC ----> 52 330 69 330
================================================================================
NOTES:
# LAST OF SEVERAL OCCURRENCES
COLUMN 17 PEAK WIND IN M.P.H.
PRELIMINARY LOCAL CLIMATOLOGICAL DATA (WS FORM: F-6) , PAGE 2
STATION: MCCOOK NE
MONTH: OCTOBER
YEAR: 2020
LATITUDE: 40 13 N
LONGITUDE: 100 35 W
[TEMPERATURE DATA] [PRECIPITATION DATA] SYMBOLS USED IN COLUMN 16
AVERAGE MONTHLY: 49.0 TOTAL FOR MONTH: 0.10 1 = FOG OR MIST
DPTR FM NORMAL: -2.3 DPTR FM NORMAL: -1.69 2 = FOG REDUCING VISIBILITY
HIGHEST: 95 ON 9 GRTST 24HR 0.09 ON 25-26 TO 1/4 MILE OR LESS
LOWEST: 2 ON 27 3 = THUNDER
SNOW, ICE PELLETS, HAIL 4 = ICE PELLETS
TOTAL MONTH: M 5 = HAIL
GRTST 24HR M ON M 6 = FREEZING RAIN OR DRIZZLE
GRTST DEPTH: M ON M 7 = DUSTSTORM OR SANDSTORM:
VSBY 1/2 MILE OR LESS
8 = SMOKE OR HAZE
[NO. OF DAYS WITH] [WEATHER - DAYS WITH] 9 = BLOWING SNOW
X = TORNADO
MAX 32 OR BELOW: 2 0.01 INCH OR MORE: 2
MAX 90 OR ABOVE: 3 0.10 INCH OR MORE: 0
MIN 32 OR BELOW: 11 0.50 INCH OR MORE: 0
MIN 0 OR BELOW: 0 1.00 INCH OR MORE: 0
[HDD (BASE 65) ]
TOTAL THIS MO. 503 CLEAR (SCALE 0-3) 22
DPTR FM NORMAL 73 PTCLDY (SCALE 4-7) 6
TOTAL FM JUL 1 604 CLOUDY (SCALE 8-10) 3
DPTR FM NORMAL 46
[CDD (BASE 65) ]
TOTAL THIS MO. 14
DPTR FM NORMAL 7 [PRESSURE DATA]
TOTAL FM JAN 1 1285 HIGHEST SLP 30.59 ON 26
DPTR FM NORMAL 329 LOWEST SLP 29.44 ON 11
[REMARKS]
#FINAL-10-20#