000
CXUS53 KGLD 012135
CF6MCK
PRELIMINARY LOCAL CLIMATOLOGICAL DATA (WS FORM: F-6)

                                          STATION:   MCCOOK NE
                                          MONTH:     NOVEMBER
                                          YEAR:      2010
                                          LATITUDE:   40 13 N
                                          LONGITUDE: 100 35 W

  TEMPERATURE IN F:       :PCPN:    SNOW:  WIND      :SUNSHINE: SKY     :PK WND
================================================================================
1   2   3   4   5  6A  6B    7    8   9   10  11  12  13   14  15   16   17  18
                                     12Z  AVG MX 2MIN
DY MAX MIN AVG DEP HDD CDD  WTR  SNW DPTH SPD SPD DIR MIN PSBL S-S WX    SPD DR
================================================================================

 1  65  27  46   1  19   0 0.00    M    M  3.1 13  20   M    M   1 8      39 330
 2  72  29  51   7  14   0 0.00    M    M  5.5 12 230   M    M   0        18 330
 3  64  37  51   7  14   0 0.00    M    M 15.7 30 340   M    M   2        40 330
 4  57  22  40  -3  25   0 0.00    M    M 12.1 23 340   M    M   0        30 340
 5  63  16  40  -3  25   0 0.00    M    M  7.0 17 180   M    M   0        23 210
 6  84  28  56  14   9   0 0.00    M    M  6.7 18 180   M    M   0        23 180
 7  76  34  55  14  10   0 0.00    M    M  8.3 23 190   M    M   0        28 190
 8  79  36  58  17   7   0 0.00    M    M  8.8 15 250   M    M   0        22  10
 9  69  35  52  11  13   0 0.00    M    M 10.0 29 320   M    M   0        36 320
10  54  26  40   0  25   0 0.00    M    M  7.8 18 330   M    M   4        23 320
11  46  20  33  -7  32   0 0.31    M    M  5.8 21 250   M    M   7 1      30 220
12  42  32  37  -2  28   0 0.00    M    M  7.7 14 310   M    M  10        23  80
13  51  23  37  -2  28   0 0.00    M    M  9.7 23 330   M    M   4        30 330
14  49  25  37  -1  28   0 0.00    M    M  8.8 20 290   M    M   2        26 280
15  53  22  38   0  27   0 0.00    M    M  6.9 20 320   M    M   3        25 320
16  55  25  40   3  25   0    T    M    M  7.8 17 240   M    M   6         M 200
17  43  23  33  -4  32   0 0.03    M    M 11.4 24  30   M    M   8 1      30  20
18  58  25  42   5  23   0 0.00    M    M 10.1 38 300   M    M   0        58 320
19  49  27  38   2  27   0 0.00    M    M 10.4 21  50   M    M   2        25  50
20  31  27  29  -7  36   0 0.00    M    M  9.4 16  70   M    M  10 1      20  70
21  32  27  30  -5  35   0 0.00    M    M  8.3 16  50   M    M  10 1      18  70
22  44  17  31  -4  34   0    T    M    M  5.7 16  70   M    M   6 16     20 350
23  34  10  22 -13  43   0 0.00    M    M 11.4 22 120   M    M   7 12     30 120
24  36  15  26  -8  39   0 0.00    M    M 10.7 32 340   M    M   5 12     40 320
25  37   9  23 -11  42   0 0.00    M    M 11.5 33 310   M    M   1        39 310
26  52  13  33  -1  32   0 0.00    M    M 11.7 23 310   M    M   0        29 320
27  62  13  38   5  27   0 0.00    M    M  7.9 23 180   M    M   0        28 180
28  56  22  39   6  26   0 0.00    M    M  8.4 20 350   M    M   0        24 350
29  33  24  29  -4  36   0    T    M    M 23.8 38 340   M    M   7 1      48 320
30  39  14  27  -6  38   0 0.00    M    M 14.1 30 320   M    M   0        37 320
================================================================================
SM 1585  703       799   0  0.34    M    286.5          M       95
================================================================================
AV 52.8 23.4                               9.5 FASTST   M    M   3    MAX(MPH)
                                 MISC ---->  # 38 300               # 58  320
================================================================================
NOTES:
# LAST OF SEVERAL OCCURRENCES

COLUMN 17 PEAK WIND IN M.P.H.

PRELIMINARY LOCAL CLIMATOLOGICAL DATA (WS FORM: F-6) , PAGE 2

                                          STATION:  MCCOOK NE
                                          MONTH:    NOVEMBER
                                          YEAR:     2010
                                          LATITUDE:   40 13 N
                                          LONGITUDE: 100 35 W

[TEMPERATURE DATA]      [PRECIPITATION DATA]       SYMBOLS USED IN COLUMN 16

AVERAGE MONTHLY: 38.1   TOTAL FOR MONTH:   0.34    1 = FOG OR MIST
DPTR FM NORMAL:   0.1   DPTR FM NORMAL:   -0.75    2 = FOG REDUCING VISIBILITY
HIGHEST:    84 ON  6    GRTST 24HR  0.31 ON 11-11      TO 1/4 MILE OR LESS
LOWEST:      9 ON 25                               3 = THUNDER
                        SNOW, ICE PELLETS, HAIL    4 = ICE PELLETS
                        TOTAL MONTH:    M          5 = HAIL
                        GRTST 24HR    M  ON   M    6 = FREEZING RAIN OR DRIZZLE
                        GRTST DEPTH:  M  ON   M    7 = DUSTSTORM OR SANDSTORM:
                                                       VSBY 1/2 MILE OR LESS
                                                   8 = SMOKE OR HAZE
[NO. OF DAYS WITH]      [WEATHER - DAYS WITH]      9 = BLOWING SNOW
                                                   X = TORNADO
MAX 32 OR BELOW:   2    0.01 INCH OR MORE:   2
MAX 90 OR ABOVE:   0    0.10 INCH OR MORE:   1
MIN 32 OR BELOW:  26    0.50 INCH OR MORE:   0
MIN  0 OR BELOW:   0    1.00 INCH OR MORE:   0

[HDD (BASE 65) ]
TOTAL THIS MO.   799    CLEAR  (SCALE 0-3)  17
DPTR FM NORMAL   -11    PTCLDY (SCALE 4-7)  10
TOTAL FM JUL 1  1131    CLOUDY (SCALE 8-10)  3
DPTR FM NORMAL  -157

[CDD (BASE 65) ]
TOTAL THIS MO.     0
DPTR FM NORMAL     0    [PRESSURE DATA]
TOTAL FM JAN 1  1219    HIGHEST SLP 30.50 ON  4
DPTR FM NORMAL   182    LOWEST  SLP 29.30 ON 28

[REMARKS]
#FINAL-11-10#
