000
CXUS53 KGLD 010800
CF6MCK
PRELIMINARY LOCAL CLIMATOLOGICAL DATA (WS FORM: F-6)

                                          STATION:   MCCOOK NE
                                          MONTH:     OCTOBER
                                          YEAR:      2010
                                          LATITUDE:   40 13 N
                                          LONGITUDE: 100 35 W

  TEMPERATURE IN F:       :PCPN:    SNOW:  WIND      :SUNSHINE: SKY     :PK WND
================================================================================
1   2   3   4   5  6A  6B    7    8   9   10  11  12  13   14  15   16   17  18
                                     12Z  AVG MX 2MIN
DY MAX MIN AVG DEP HDD CDD  WTR  SNW DPTH SPD SPD DIR MIN PSBL S-S WX    SPD DR
================================================================================

 1  83  40  62   2   3   0 0.00    M    M  5.5 18  20   M    M   0        23 200
 2  65  40  53  -6  12   0 0.00    M    M  7.8 18  30   M    M   0        23  30
 3  70  40  55  -4  10   0 0.00    M    M 11.2 22 150   M    M   1 8      30 160
 4  78  44  61   3   4   0 0.00    M    M 12.8 26 170   M    M   0 8      38 170
 5  83  48  66   8   0   1 0.00    M    M  9.4 22 170   M    M   0 8      32 160
 6  82  46  64   6   1   0 0.00    M    M  8.4 20  30   M    M   0        24  30
 7  84  43  64   7   1   0 0.00    M    M  5.8 18 150   M    M   0 8       M  M
 8  92  49  71  14   0   6 0.17    M    M 10.1 29 320   M    M   0 13     39 280
 9  74  45  60   4   5   0 0.00    M    M 10.6 18 300   M    M   0        30 310
10  68  44  56   0   9   0 0.08    M    M  9.6 23 290   M    M  10 1      28 290
11  66  47  57   2   8   0    T    M    M  7.8 15  50   M    M   7        18  50
12  70  37  54  -1  11   0 0.00    M    M 12.1 24 360   M    M   2        30 360
13  70  30  50  -4  15   0 0.00    M    M  4.6 12 290   M    M   0        15 270
14  81  39  60   6   5   0 0.00    M    M  6.1 14 330   M    M   0        23 320
15  87  34  61   7   4   0 0.00    M    M  7.1 22 180   M    M   0         0 330
16  71  42  57   4   8   0 0.00    M    M 10.2 26  30   M    M   0         M  M
17  72  29  51  -2  14   0 0.00    M    M  3.8 13 140   M    M   0        16 140
18  68  42  55   3  10   0    T    M    M  9.7 20  10   M    M   3        26  10
19  75  36  56   4   9   0 0.00    M    M  7.7 18 250   M    M   2 1      25 230
20  81  32  57   6   8   0 0.00    M    M  6.5 17 320   M    M   0        21 330
21  75  30  53   2  12   0 0.00    M    M  7.2 17 120   M    M   0        22 130
22  68  42  55   5  10   0 0.26    M    M  5.3 22 240   M    M   6 13     35 220
23  64  47  56   6   9   0 0.01    M    M  6.3 14 280   M    M   6 12     20 290
24  72  42  57   8   8   0 0.00    M    M  8.9 21 320   M    M   2        26 290
25  65  44  55   6  10   0 0.01    M    M 13.1 41 330   M    M   4        51 330
26  62  38  50   2  15   0 0.00    M    M 18.3 30 290   M    M   1        40 290
27  57  34  46  -2  19   0 0.00    M    M 21.0 44 300   M    M   2        55 320
28  62  29  46  -1  19   0 0.00    M    M  8.6 15 260   M    M   0        22 270
29  76  28  52   6  13   0 0.00    M    M  4.6 13 180   M    M   0        16 160
30  75  33  54   8  11   0 0.00    M    M  7.7 16  40   M    M   0        21  60
31  61  32  47   2  18   0 0.00    M    M  8.7 20  60   M    M   1        28  60
================================================================================
SM 2257 1206       281   7  0.53    M    276.5          M       47
================================================================================
AV 72.8 38.9                               8.9 FASTST   M    M   2    MAX(MPH)
                                 MISC ---->  # 44 300               # 55  320
================================================================================
NOTES:
# LAST OF SEVERAL OCCURRENCES

COLUMN 17 PEAK WIND IN M.P.H.

PRELIMINARY LOCAL CLIMATOLOGICAL DATA (WS FORM: F-6) , PAGE 2

                                          STATION:  MCCOOK NE
                                          MONTH:    OCTOBER
                                          YEAR:     2010
                                          LATITUDE:   40 13 N
                                          LONGITUDE: 100 35 W

[TEMPERATURE DATA]      [PRECIPITATION DATA]       SYMBOLS USED IN COLUMN 16

AVERAGE MONTHLY: 55.9   TOTAL FOR MONTH:   0.53    1 = FOG OR MIST
DPTR FM NORMAL:   3.0   DPTR FM NORMAL:   -0.75    2 = FOG REDUCING VISIBILITY
HIGHEST:    92 ON  8    GRTST 24HR  0.27 ON 22-23      TO 1/4 MILE OR LESS
LOWEST:     28 ON 29                               3 = THUNDER
                        SNOW, ICE PELLETS, HAIL    4 = ICE PELLETS
                        TOTAL MONTH:    M          5 = HAIL
                        GRTST 24HR    M  ON   M    6 = FREEZING RAIN OR DRIZZLE
                        GRTST DEPTH:  M  ON   M    7 = DUSTSTORM OR SANDSTORM:
                                                       VSBY 1/2 MILE OR LESS
                                                   8 = SMOKE OR HAZE
[NO. OF DAYS WITH]      [WEATHER - DAYS WITH]      9 = BLOWING SNOW
                                                   X = TORNADO
MAX 32 OR BELOW:   0    0.01 INCH OR MORE:   5
MAX 90 OR ABOVE:   1    0.10 INCH OR MORE:   2
MIN 32 OR BELOW:   7    0.50 INCH OR MORE:   0
MIN  0 OR BELOW:   0    1.00 INCH OR MORE:   0

[HDD (BASE 65) ]
TOTAL THIS MO.   281    CLEAR  (SCALE 0-3)  26
DPTR FM NORMAL   -95    PTCLDY (SCALE 4-7)   4
TOTAL FM JUL 1   332    CLOUDY (SCALE 8-10)  1
DPTR FM NORMAL  -146

[CDD (BASE 65) ]
TOTAL THIS MO.     7
DPTR FM NORMAL     6    [PRESSURE DATA]
TOTAL FM JAN 1  1219    HIGHEST SLP M ON M
DPTR FM NORMAL   182    LOWEST  SLP 29.06 ON 25

[REMARKS]
#FINAL-10-10#
