000
CXUS53 KGLD 010800
CF6MCK
PRELIMINARY LOCAL CLIMATOLOGICAL DATA (WS FORM: F-6)

                                          STATION:   MCCOOK NE
                                          MONTH:     DECEMBER
                                          YEAR:      2010
                                          LATITUDE:   40 13 N
                                          LONGITUDE: 100 35 W

  TEMPERATURE IN F:       :PCPN:    SNOW:  WIND      :SUNSHINE: SKY     :PK WND
================================================================================
1   2   3   4   5  6A  6B    7    8   9   10  11  12  13   14  15   16   17  18
                                     12Z  AVG MX 2MIN
DY MAX MIN AVG DEP HDD CDD  WTR  SNW DPTH SPD SPD DIR MIN PSBL S-S WX    SPD DR
================================================================================

 1  52   9  31  -1  34   0 0.00    M    M  4.4 13 180   M    M   1        17 200
 2  55  21  38   6  27   0 0.00    M    M  5.9 13 270   M    M   0        18 220
 3  56  24  40   8  25   0 0.00    M    M  8.8 28 350   M    M   1        35 350
 4  35  22  29  -3  36   0 0.00    M    M 11.7 25 360   M    M   5        29  10
 5  33  12  23  -8  42   0 0.02    M    M  2.2  8  70   M    M   6 1      10 240
 6  42   7  25  -6  40   0 0.00    M    M  3.9  9 260   M    M   0 1      10 270
 7  36  20  28  -3  37   0 0.04    M    M  2.6 12 260   M    M   7 126    14 260
 8  48  21  35   4  30   0 0.00    M    M  7.0 14 260   M    M   1 12     16 270
 9  61  29  45  15  20   0 0.00    M    M  9.0 21 310   M    M   0        24 310
10  60  23  42  12  23   0    T    M    M  8.9 40 300   M    M   2        52 300
11  39  14  27  -3  38   0 0.00    M    M 20.9 44 330   M    M   2        53 320
12  36   7  22  -8  43   0 0.00    M    M  7.7 17 120   M    M   1        22 110
13  37  10  24  -6  41   0 0.00    M    M  7.9 16 130   M    M   1        20 130
14  48  17  33   4  32   0 0.00    M    M  6.6 15 120   M    M   0        20 130
15  44  23  34   5  31   0 0.00    M    M  7.2 21 360   M    M   3        25 360
16  46  16  31   2  34   0 0.00    M    M  9.7 15 310   M    M   1        18 320
17  39  12  26  -3  39   0 0.00    M    M  5.3 12 190   M    M   5        15 180
18  34  22  28  -1  37   0 0.00    M    M  6.8 12  60   M    M   9 12     15  70
19  35  25  30   2  35   0 0.00    M    M  7.7 14  60   M    M   9 12     17  80
20  51  20  36   8  29   0 0.00    M    M  7.3 21 320   M    M   7 12     24 330
21  44  18  31   3  34   0 0.00    M    M  3.5 13 250   M    M   2        29 210
22  34  15  25  -3  40   0 0.00    M    M  5.9 14 130   M    M   3        16 120
23  25  17  21  -7  44   0 0.00    M    M  7.5 18 130   M    M  10 18     26 190
24  39  20  30   3  35   0 0.00    M    M 12.1 25 360   M    M   8 1      30 350
25  32  10  21  -6  44   0 0.00    M    M  3.7 12 330   M    M   6        14 330
26  32   3  18  -9  47   0 0.00    M    M  8.6 22 120   M    M   0 1      26 120
27  50   6  28   1  37   0 0.00    M    M  3.7 12 270   M    M   1        14 270
28  51  15  33   6  32   0 0.00    M    M  7.8 20 190   M    M   0        24 190
29  44  15  30   3  35   0 0.00    M    M  6.5 18 160   M    M   0 1      22 150
30  38  12  25  -2  40   0    T    M    M 15.9 25 340   M    M  10 12     36 340
31  10   1   6 -20  59   0 0.08    M    M 15.9 26 290   M    M   8 128    32 300
================================================================================
SM 1286  486      1120   0  0.14    M    242.6          M      109
================================================================================
AV 41.5 15.7                               7.8 FASTST   M    M   4    MAX(MPH)
                                 MISC ---->  # 44 330               # 53  320
================================================================================
NOTES:
# LAST OF SEVERAL OCCURRENCES

COLUMN 17 PEAK WIND IN M.P.H.

PRELIMINARY LOCAL CLIMATOLOGICAL DATA (WS FORM: F-6) , PAGE 2

                                          STATION:  MCCOOK NE
                                          MONTH:    DECEMBER
                                          YEAR:     2010
                                          LATITUDE:   40 13 N
                                          LONGITUDE: 100 35 W

[TEMPERATURE DATA]      [PRECIPITATION DATA]       SYMBOLS USED IN COLUMN 16

AVERAGE MONTHLY: 28.6   TOTAL FOR MONTH:   0.14    1 = FOG OR MIST
DPTR FM NORMAL:  -0.5   DPTR FM NORMAL:   -0.39    2 = FOG REDUCING VISIBILITY
HIGHEST:    61 ON  9    GRTST 24HR  0.09 ON 30-31      TO 1/4 MILE OR LESS
LOWEST:      1 ON 31                               3 = THUNDER
                        SNOW, ICE PELLETS, HAIL    4 = ICE PELLETS
                        TOTAL MONTH:    M          5 = HAIL
                        GRTST 24HR    M  ON   M    6 = FREEZING RAIN OR DRIZZLE
                        GRTST DEPTH:  M  ON   M    7 = DUSTSTORM OR SANDSTORM:
                                                       VSBY 1/2 MILE OR LESS
                                                   8 = SMOKE OR HAZE
[NO. OF DAYS WITH]      [WEATHER - DAYS WITH]      9 = BLOWING SNOW
                                                   X = TORNADO
MAX 32 OR BELOW:   4    0.01 INCH OR MORE:   3
MAX 90 OR ABOVE:   0    0.10 INCH OR MORE:   0
MIN 32 OR BELOW:  31    0.50 INCH OR MORE:   0
MIN  0 OR BELOW:   0    1.00 INCH OR MORE:   0

[HDD (BASE 65) ]
TOTAL THIS MO.  1120    CLEAR  (SCALE 0-3)  19
DPTR FM NORMAL     5    PTCLDY (SCALE 4-7)   6
TOTAL FM JUL 1  2251    CLOUDY (SCALE 8-10)  6
DPTR FM NORMAL  -152

[CDD (BASE 65) ]
TOTAL THIS MO.     0
DPTR FM NORMAL     0    [PRESSURE DATA]
TOTAL FM JAN 1  1219    HIGHEST SLP M ON M
DPTR FM NORMAL   182    LOWEST  SLP 29.10 ON M

[REMARKS]
#FINAL-12-10#
