000
CXUS53 KGLD 010800
CF6MCK
PRELIMINARY LOCAL CLIMATOLOGICAL DATA (WS FORM: F-6)

                                          STATION:   MCCOOK NE
                                          MONTH:     AUGUST
                                          YEAR:      2010
                                          LATITUDE:   40 13 N
                                          LONGITUDE: 100 35 W

  TEMPERATURE IN F:       :PCPN:    SNOW:  WIND      :SUNSHINE: SKY     :PK WND
================================================================================
1   2   3   4   5  6A  6B    7    8   9   10  11  12  13   14  15   16   17  18
                                     12Z  AVG MX 2MIN
DY MAX MIN AVG DEP HDD CDD  WTR  SNW DPTH SPD SPD DIR MIN PSBL S-S WX    SPD DR
================================================================================

 1  96  68  82   5   0  17 0.00    M    M  8.9 18 180   M    M   2 8      24 180
 2  93  68  81   4   0  16 0.00    M    M  8.0 17 320   M    M   0 18     24 320
 3  91  65  78   1   0  13 2.22    M    M  8.6 58 320   M    M   2 123    70 320
 4  86  66  76  -1   0  11 0.10    M    M  5.9 16 100   M    M   3 3      18 310
 5  87  65  76  -1   0  11 0.01    M    M  5.5 30  50   M    M   2 123    39  40
 6  88  66  77   0   0  12    T    M    M  6.1 21 190   M    M   2        26 190
 7  95  67  81   5   0  16 0.00    M    M  4.4 13 220   M    M   0        24 150
 8  95  68  82   6   0  17 0.00    M    M  4.5 14 250   M    M   0 3      15 250
 9  92  70  81   5   0  16 0.01    M    M  9.1 35 310   M    M   1 3      47 290
10  94  67  81   5   0  16 0.00    M    M  5.0 21 320   M    M   1        25 320
11  99  60  80   4   0  15 0.00    M    M  5.4 16 110   M    M   0        22 120
12  98  65  82   6   0  17 0.00    M    M  4.8 23 270   M    M   0 3      40 250
13  92  63  78   2   0  13 0.00    M    M  8.2 20 330   M    M   0        24 330
14  86  57  72  -3   0   7 0.01    M    M  6.9 20  30   M    M   0        24  30
15  82  58  70  -5   0   5 0.06    M    M  4.3 17 270   M    M   4 13     22 270
16  86  58  72  -3   0   7 1.02    M    M  8.6 49 360   M    M   7 13     64  10
17  78  62  70  -5   0   5 0.17    M    M  6.4 12 120   M    M   7 1      15 110
18  96  63  80   5   0  15 0.00    M    M 10.1 20 200   M    M   3 1      25 180
19 100  64  82   8   0  17 0.22    M    M  8.6 49 210   M    M   1 13     67 210
20  92  65  79   5   0  14 0.00    M    M  5.4 18  10   M    M   0        45 220
21  97  59  78   4   0  13 0.00    M    M  6.0 14 120   M    M   0        23 140
22  96  61  79   5   0  14 0.00    M    M 11.1 23 160   M    M   0        30 160
23  88  61  75   2   0  10 0.00    M    M 10.3 30 350   M    M   0        37  20
24  81  57  69  -4   0   4 0.00    M    M  7.5 15  50   M    M   0        21  50
25  87  49  68  -5   0   3 0.00    M    M  7.8 16 180   M    M   0        22 210
26  89  53  71  -1   0   6 0.00    M    M 11.7 22 190   M    M   0        28 160
27  95  55  75   3   0  10 0.00    M    M 11.6 23 160   M    M   0        31 160
28  96  64  80   8   0  15 0.00    M    M 17.6 32 160   M    M   0        41 170
29  97  71  84  13   0  19 0.00    M    M 18.1 28 170   M    M   0        36 180
30  93  70  82  11   0  17 0.08    M    M 16.3 44 210   M    M   0 138    59 210
31  85  59  72   1   0   7 0.00    M    M 11.2 21  30   M    M   0        25  30
================================================================================
SM 2830 1944         0 378  3.90    M    263.9          M       35
================================================================================
AV 91.3 62.7                               8.5 FASTST   M    M   1    MAX(MPH)
                                 MISC ---->  # 58 320               # 70  320
================================================================================
NOTES:
# LAST OF SEVERAL OCCURRENCES

COLUMN 17 PEAK WIND IN M.P.H.

PRELIMINARY LOCAL CLIMATOLOGICAL DATA (WS FORM: F-6) , PAGE 2

                                          STATION:  MCCOOK NE
                                          MONTH:    AUGUST
                                          YEAR:     2010
                                          LATITUDE:   40 13 N
                                          LONGITUDE: 100 35 W

[TEMPERATURE DATA]      [PRECIPITATION DATA]       SYMBOLS USED IN COLUMN 16

AVERAGE MONTHLY: 77.0   TOTAL FOR MONTH:   3.90    1 = FOG OR MIST
DPTR FM NORMAL:   2.4   DPTR FM NORMAL:    1.10    2 = FOG REDUCING VISIBILITY
HIGHEST:   100 ON 19    GRTST 24HR  2.24 ON  3- 4      TO 1/4 MILE OR LESS
LOWEST:     49 ON 25                               3 = THUNDER
                        SNOW, ICE PELLETS, HAIL    4 = ICE PELLETS
                        TOTAL MONTH:    M          5 = HAIL
                        GRTST 24HR    M  ON   M    6 = FREEZING RAIN OR DRIZZLE
                        GRTST DEPTH:  M  ON   M    7 = DUSTSTORM OR SANDSTORM:
                                                       VSBY 1/2 MILE OR LESS
                                                   8 = SMOKE OR HAZE
[NO. OF DAYS WITH]      [WEATHER - DAYS WITH]      9 = BLOWING SNOW
                                                   X = TORNADO
MAX 32 OR BELOW:   0    0.01 INCH OR MORE:  10
MAX 90 OR ABOVE:  19    0.10 INCH OR MORE:   5
MIN 32 OR BELOW:   0    0.50 INCH OR MORE:   2
MIN  0 OR BELOW:   0    1.00 INCH OR MORE:   2

[HDD (BASE 65) ]
TOTAL THIS MO.     0    CLEAR  (SCALE 0-3)  27
DPTR FM NORMAL    -9    PTCLDY (SCALE 4-7)   4
TOTAL FM JUL 1     0    CLOUDY (SCALE 8-10)  0
DPTR FM NORMAL   -10

[CDD (BASE 65) ]
TOTAL THIS MO.   378
DPTR FM NORMAL    70    [PRESSURE DATA]
TOTAL FM JAN 1  1088    HIGHEST SLP M ON M
DPTR FM NORMAL   153    LOWEST  SLP 29.56 ON 28

[REMARKS]
#FINAL-08-10#
